{"id":50427,"date":"2021-11-12T10:50:42","date_gmt":"2021-11-12T09:50:42","guid":{"rendered":"https:\/\/semmelweis.hu\/egeszsegfejlesztes\/?page_id=50427"},"modified":"2025-07-20T16:10:00","modified_gmt":"2025-07-20T14:10:00","slug":"konferenciak-es-szakmai-forumok","status":"publish","type":"page","link":"https:\/\/semmelweis.hu\/egeszsegfejlesztes\/rendezvenyek\/konferenciak-es-szakmai-forumok\/","title":{"rendered":"Konferenci\u00e1k \u00e9s szakmai f\u00f3rumok"},"content":{"rendered":"<p><a href=\"https:\/\/semmelweis.hu\/egeszsegfejlesztes\/files\/2020\/03\/RS106587_C19A0987-scr.jpg\"><img loading=\"lazy\" decoding=\"async\" class=\"alignleft wp-image-397\" src=\"https:\/\/semmelweis.hu\/egeszsegfejlesztes\/files\/2020\/03\/RS106587_C19A0987-scr-400x267.jpg\" alt=\"\" width=\"433\" height=\"289\" srcset=\"https:\/\/semmelweis.hu\/egeszsegfejlesztes\/files\/2020\/03\/RS106587_C19A0987-scr-400x267.jpg 400w, https:\/\/semmelweis.hu\/egeszsegfejlesztes\/files\/2020\/03\/RS106587_C19A0987-scr-1024x683.jpg 1024w, https:\/\/semmelweis.hu\/egeszsegfejlesztes\/files\/2020\/03\/RS106587_C19A0987-scr-768x512.jpg 768w, https:\/\/semmelweis.hu\/egeszsegfejlesztes\/files\/2020\/03\/RS106587_C19A0987-scr-753x502.jpg 753w, https:\/\/semmelweis.hu\/egeszsegfejlesztes\/files\/2020\/03\/RS106587_C19A0987-scr-203x135.jpg 203w, https:\/\/semmelweis.hu\/egeszsegfejlesztes\/files\/2020\/03\/RS106587_C19A0987-scr.jpg 1200w\" sizes=\"auto, (max-width: 433px) 100vw, 433px\" \/><\/a>Az Eg\u00e9szs\u00e9gfejleszt\u00e9si K\u00f6zpont c\u00e9lja az egyetemi polg\u00e1rok eg\u00e9szs\u00e9gi \u00e1llapot\u00e1nak \u00e9s eg\u00e9szs\u00e9gm\u0171velts\u00e9g\u00e9nek form\u00e1l\u00e1sa, az egy\u00e9ni \u00e9s k\u00f6z\u00f6ss\u00e9gi \u00e9letm\u00f3d-, illetve attit\u0171dv\u00e1lt\u00e1s el\u0151mozd\u00edt\u00e1sa. Meghat\u00e1roz\u00f3 feladatunk tov\u00e1bb\u00e1, hogy a Semmelweis Egyetem szakmai v\u00e9lem\u00e9nyvez\u00e9r szerep\u00e9t er\u0151s\u00edtve, az eg\u00e9szs\u00e9gfejleszt\u00e9s ter\u00fclet\u00e9n korszer\u0171 szakmai ir\u00e1nymutat\u00e1st ny\u00fajtsunk, lakoss\u00e1gi kommunik\u00e1ci\u00f3t \u00e9s sz\u00ednt\u00e9rprogramokat val\u00f3s\u00edtsunk meg, mindemellett pedig olyan szakmai f\u00f3rumokat, konferenci\u00e1kat szervezz\u00fcnk, melyek sor\u00e1n az eg\u00e9szs\u00e9gfejleszt\u00e9s, az eg\u00e9szs\u00e9gnevel\u00e9s \u00e9s a hat\u00e9kony intervenci\u00f3 k\u00e9rd\u00e9sk\u00f6r\u00e9t, hazai \u00e9s nemzetk\u00f6zi gyakorlatait mind szakm\u00e1n bel\u00fcl, mind a laikus k\u00f6z\u00f6ns\u00e9g bevon\u00e1s\u00e1val j\u00e1rtuk k\u00f6rbe.<\/p>\n","protected":false},"excerpt":{"rendered":"<p><a href=\"https:\/\/semmelweis.hu\/egeszsegfejlesztes\/files\/2020\/03\/RS106587_C19A0987-scr.jpg\"><\/a> Az Eg\u00e9szs\u00e9gfejleszt\u00e9si K\u00f6zpont c\u00e9lja az egyetemi polg\u00e1rok eg\u00e9szs\u00e9gi \u00e1llapot\u00e1nak \u00e9s eg\u00e9szs\u00e9gm\u0171velts\u00e9g\u00e9nek form\u00e1l\u00e1sa, az egy\u00e9ni \u00e9s k\u00f6z\u00f6ss\u00e9gi \u00e9letm\u00f3d-, illetve attit\u0171dv\u00e1lt\u00e1s el\u0151mozd\u00edt\u00e1sa. Meghat\u00e1roz\u00f3 feladatunk tov\u00e1bb\u00e1, hogy a Semmelweis Egyetem szakmai v\u00e9lem\u00e9nyvez\u00e9r szerep\u00e9t er\u0151s\u00edtve, az eg\u00e9szs\u00e9gfejleszt\u00e9s ter\u00fclet\u00e9n korszer\u0171 szakmai ir\u00e1nymutat\u00e1st ny\u00fajtsunk, lakoss\u00e1gi kommunik\u00e1ci\u00f3t \u00e9s sz\u00ednt\u00e9rprogramokat val\u00f3s\u00edtsunk meg, mindemellett pedig olyan szakmai f\u00f3rumokat, konferenci\u00e1kat szervezz\u00fcnk, melyek sor\u00e1n az eg\u00e9szs\u00e9gfejleszt\u00e9s, &hellip;<\/p>\n","protected":false},"author":101613,"featured_media":0,"parent":296,"menu_order":0,"comment_status":"closed","ping_status":"closed","template":"","meta":{"_acf_changed":false,"footnotes":""},"categories":[],"tags":[],"class_list":["post-50427","page","type-page","status-publish","hentry"],"acf":[],"_links":{"self":[{"href":"https:\/\/semmelweis.hu\/egeszsegfejlesztes\/wp-json\/wp\/v2\/pages\/50427","targetHints":{"allow":["GET"]}}],"collection":[{"href":"https:\/\/semmelweis.hu\/egeszsegfejlesztes\/wp-json\/wp\/v2\/pages"}],"about":[{"href":"https:\/\/semmelweis.hu\/egeszsegfejlesztes\/wp-json\/wp\/v2\/types\/page"}],"author":[{"embeddable":true,"href":"https:\/\/semmelweis.hu\/egeszsegfejlesztes\/wp-json\/wp\/v2\/users\/101613"}],"replies":[{"embeddable":true,"href":"https:\/\/semmelweis.hu\/egeszsegfejlesztes\/wp-json\/wp\/v2\/comments?post=50427"}],"version-history":[{"count":10,"href":"https:\/\/semmelweis.hu\/egeszsegfejlesztes\/wp-json\/wp\/v2\/pages\/50427\/revisions"}],"predecessor-version":[{"id":53033,"href":"https:\/\/semmelweis.hu\/egeszsegfejlesztes\/wp-json\/wp\/v2\/pages\/50427\/revisions\/53033"}],"up":[{"embeddable":true,"href":"https:\/\/semmelweis.hu\/egeszsegfejlesztes\/wp-json\/wp\/v2\/pages\/296"}],"wp:attachment":[{"href":"https:\/\/semmelweis.hu\/egeszsegfejlesztes\/wp-json\/wp\/v2\/media?parent=50427"}],"wp:term":[{"taxonomy":"category","embeddable":true,"href":"https:\/\/semmelweis.hu\/egeszsegfejlesztes\/wp-json\/wp\/v2\/categories?post=50427"},{"taxonomy":"post_tag","embeddable":true,"href":"https:\/\/semmelweis.hu\/egeszsegfejlesztes\/wp-json\/wp\/v2\/tags?post=50427"}],"curies":[{"name":"wp","href":"https:\/\/api.w.org\/{rel}","templated":true}]}}