{"id":49667,"date":"2021-02-01T14:25:13","date_gmt":"2021-02-01T13:25:13","guid":{"rendered":"https:\/\/semmelweis.hu\/egeszsegfejlesztes\/?page_id=49667"},"modified":"2021-11-17T16:47:26","modified_gmt":"2021-11-17T15:47:26","slug":"ertekeles","status":"publish","type":"page","link":"https:\/\/semmelweis.hu\/egeszsegfejlesztes\/szolgaltatasok-semmelweis-polgaroknak\/ertekeles\/","title":{"rendered":"Sz\u00e1m\u00edtunk az \u00d6n v\u00e9lem\u00e9ny\u00e9re"},"content":{"rendered":"<p><img loading=\"lazy\" decoding=\"async\" class=\" wp-image-49679 aligncenter\" src=\"https:\/\/semmelweis.hu\/egeszsegfejlesztes\/files\/2021\/02\/Rate-us-1-400x300.jpg\" alt=\"\" width=\"523\" height=\"392\" srcset=\"https:\/\/semmelweis.hu\/egeszsegfejlesztes\/files\/2021\/02\/Rate-us-1-400x300.jpg 400w, https:\/\/semmelweis.hu\/egeszsegfejlesztes\/files\/2021\/02\/Rate-us-1-1024x768.jpg 1024w, https:\/\/semmelweis.hu\/egeszsegfejlesztes\/files\/2021\/02\/Rate-us-1-768x576.jpg 768w, https:\/\/semmelweis.hu\/egeszsegfejlesztes\/files\/2021\/02\/Rate-us-1-1536x1152.jpg 1536w, https:\/\/semmelweis.hu\/egeszsegfejlesztes\/files\/2021\/02\/Rate-us-1-753x565.jpg 753w, https:\/\/semmelweis.hu\/egeszsegfejlesztes\/files\/2021\/02\/Rate-us-1.jpg 1600w\" sizes=\"auto, (max-width: 523px) 100vw, 523px\" \/><\/p>\n<p>[poll id=&#8221;1&#8243;]<\/p>\n","protected":false},"excerpt":{"rendered":"<p>[poll id=&#8221;1&#8243;]<\/p>\n","protected":false},"author":101613,"featured_media":0,"parent":347,"menu_order":6,"comment_status":"closed","ping_status":"closed","template":"","meta":{"_acf_changed":false,"footnotes":""},"categories":[],"tags":[],"class_list":["post-49667","page","type-page","status-publish","hentry"],"acf":[],"_links":{"self":[{"href":"https:\/\/semmelweis.hu\/egeszsegfejlesztes\/wp-json\/wp\/v2\/pages\/49667","targetHints":{"allow":["GET"]}}],"collection":[{"href":"https:\/\/semmelweis.hu\/egeszsegfejlesztes\/wp-json\/wp\/v2\/pages"}],"about":[{"href":"https:\/\/semmelweis.hu\/egeszsegfejlesztes\/wp-json\/wp\/v2\/types\/page"}],"author":[{"embeddable":true,"href":"https:\/\/semmelweis.hu\/egeszsegfejlesztes\/wp-json\/wp\/v2\/users\/101613"}],"replies":[{"embeddable":true,"href":"https:\/\/semmelweis.hu\/egeszsegfejlesztes\/wp-json\/wp\/v2\/comments?post=49667"}],"version-history":[{"count":4,"href":"https:\/\/semmelweis.hu\/egeszsegfejlesztes\/wp-json\/wp\/v2\/pages\/49667\/revisions"}],"predecessor-version":[{"id":49680,"href":"https:\/\/semmelweis.hu\/egeszsegfejlesztes\/wp-json\/wp\/v2\/pages\/49667\/revisions\/49680"}],"up":[{"embeddable":true,"href":"https:\/\/semmelweis.hu\/egeszsegfejlesztes\/wp-json\/wp\/v2\/pages\/347"}],"wp:attachment":[{"href":"https:\/\/semmelweis.hu\/egeszsegfejlesztes\/wp-json\/wp\/v2\/media?parent=49667"}],"wp:term":[{"taxonomy":"category","embeddable":true,"href":"https:\/\/semmelweis.hu\/egeszsegfejlesztes\/wp-json\/wp\/v2\/categories?post=49667"},{"taxonomy":"post_tag","embeddable":true,"href":"https:\/\/semmelweis.hu\/egeszsegfejlesztes\/wp-json\/wp\/v2\/tags?post=49667"}],"curies":[{"name":"wp","href":"https:\/\/api.w.org\/{rel}","templated":true}]}}