{"id":49353,"date":"2021-01-04T14:10:38","date_gmt":"2021-01-04T13:10:38","guid":{"rendered":"https:\/\/semmelweis.hu\/egeszsegfejlesztes\/?page_id=49353"},"modified":"2024-12-12T12:36:58","modified_gmt":"2024-12-12T11:36:58","slug":"letoltendo-dokumentumok-dolgozoi-tanacsadasra","status":"publish","type":"page","link":"https:\/\/semmelweis.hu\/egeszsegfejlesztes\/szolgaltatasok-semmelweis-polgaroknak\/dolgozoi-mentalis-egeszsegtanacsado\/letoltendo-dokumentumok-dolgozoi-tanacsadasra\/","title":{"rendered":"Let\u00f6ltend\u0151 dokumentumok Dolgoz\u00f3i Tan\u00e1csad\u00e1shoz"},"content":{"rendered":"<h1><span style=\"font-size: 12pt\">Beleegyez\u0151 nyilatkozat &#8211; online tan\u00e1csad\u00e1s<\/span><\/h1>\n<p>K\u00e9rj\u00fck, hogy az els\u0151 tan\u00e1csad\u00e1s el\u0151tt t\u00f6ltse le a nyilatkozatot\u00a0\u00e9s digit\u00e1lis form\u00e1ban (word\/excel\/pdf), prec\u00edzen kit\u00f6ltve k\u00fcldje meg a visszaigazol\u00f3 email-re v\u00e1lasz \u00fczenetben legk\u00e9s\u0151bb a tan\u00e1csad\u00e1s el\u0151tti napon.<\/p>\n<p><em>Let\u00f6lt\u00e9s innen:<\/em> <a href=\"https:\/\/semmelweis.hu\/egeszsegfejlesztes\/files\/2024\/12\/Nyilatkozat-online-dolgozoi-tanacsadashoz-vegleges-jav_2024.09.04.docx\">Nyilatkozat online dolgoz\u00f3i tan\u00e1csad\u00e1shoz<\/a><\/p>\n<div class=\"fontos_div\">\n<p style=\"text-align: left\"><em>K\u00e9rj\u00fck, hogy a kit\u00f6lt\u00f6tt munkalapokat visszak\u00fcld\u00e9s el\u0151tt nevezze \u00e1t saj\u00e1t nev\u00e9nek megjel\u00f6l\u00e9s\u00e9vel az al\u00e1bbiak szerint: <\/em><\/p>\n<p style=\"text-align: left\"><strong>Nyilatkozat_Minta_P\u00e9ter_\u00c9\u00c9\u00c9\u00c9.HH.NN<\/strong><\/p>\n<\/div>\n","protected":false},"excerpt":{"rendered":"<p>Beleegyez\u0151 nyilatkozat &#8211; online tan\u00e1csad\u00e1s<br \/>\nK\u00e9rj\u00fck, hogy az els\u0151 tan\u00e1csad\u00e1s el\u0151tt t\u00f6ltse le a nyilatkozatot\u00a0\u00e9s digit\u00e1lis form\u00e1ban (word\/excel\/pdf), prec\u00edzen kit\u00f6ltve k\u00fcldje meg a visszaigazol\u00f3 email-re v\u00e1lasz \u00fczenetben legk\u00e9s\u0151bb a tan\u00e1csad\u00e1s el\u0151tti napon.<br \/>\nLet\u00f6lt\u00e9s innen: <a href=\"https:\/\/semmelweis.hu\/egeszsegfejlesztes\/files\/2024\/12\/Nyilatkozat-online-dolgozoi-tanacsadashoz-vegleges-jav_2024.09.04.docx\">Nyilatkozat online dolgoz\u00f3i tan\u00e1csad\u00e1shoz<\/a><\/p>\n<p>K\u00e9rj\u00fck, hogy a kit\u00f6lt\u00f6tt munkalapokat visszak\u00fcld\u00e9s el\u0151tt nevezze \u00e1t saj\u00e1t nev\u00e9nek megjel\u00f6l\u00e9s\u00e9vel az al\u00e1bbiak szerint:<br \/>\nNyilatkozat_Minta_P\u00e9ter_\u00c9\u00c9\u00c9\u00c9.HH.NN<\/p>\n","protected":false},"author":101613,"featured_media":0,"parent":929,"menu_order":4,"comment_status":"closed","ping_status":"closed","template":"","meta":{"_acf_changed":false,"footnotes":""},"categories":[],"tags":[],"class_list":["post-49353","page","type-page","status-publish","hentry"],"acf":[],"_links":{"self":[{"href":"https:\/\/semmelweis.hu\/egeszsegfejlesztes\/wp-json\/wp\/v2\/pages\/49353","targetHints":{"allow":["GET"]}}],"collection":[{"href":"https:\/\/semmelweis.hu\/egeszsegfejlesztes\/wp-json\/wp\/v2\/pages"}],"about":[{"href":"https:\/\/semmelweis.hu\/egeszsegfejlesztes\/wp-json\/wp\/v2\/types\/page"}],"author":[{"embeddable":true,"href":"https:\/\/semmelweis.hu\/egeszsegfejlesztes\/wp-json\/wp\/v2\/users\/101613"}],"replies":[{"embeddable":true,"href":"https:\/\/semmelweis.hu\/egeszsegfejlesztes\/wp-json\/wp\/v2\/comments?post=49353"}],"version-history":[{"count":8,"href":"https:\/\/semmelweis.hu\/egeszsegfejlesztes\/wp-json\/wp\/v2\/pages\/49353\/revisions"}],"predecessor-version":[{"id":52340,"href":"https:\/\/semmelweis.hu\/egeszsegfejlesztes\/wp-json\/wp\/v2\/pages\/49353\/revisions\/52340"}],"up":[{"embeddable":true,"href":"https:\/\/semmelweis.hu\/egeszsegfejlesztes\/wp-json\/wp\/v2\/pages\/929"}],"wp:attachment":[{"href":"https:\/\/semmelweis.hu\/egeszsegfejlesztes\/wp-json\/wp\/v2\/media?parent=49353"}],"wp:term":[{"taxonomy":"category","embeddable":true,"href":"https:\/\/semmelweis.hu\/egeszsegfejlesztes\/wp-json\/wp\/v2\/categories?post=49353"},{"taxonomy":"post_tag","embeddable":true,"href":"https:\/\/semmelweis.hu\/egeszsegfejlesztes\/wp-json\/wp\/v2\/tags?post=49353"}],"curies":[{"name":"wp","href":"https:\/\/api.w.org\/{rel}","templated":true}]}}

Letöltendő dokumentumok Dolgozói Tanácsadáshoz

<h1><span style="font-size: 12pt">Beleegyező nyilatkozat &#8211; online tanácsadás</span></h1>
<p>Kérjük, hogy az első tanácsadás előtt töltse le a nyilatkozatot és digitális formában (word/excel/pdf), precízen kitöltve küldje meg a visszaigazoló email-re válasz üzenetben legkésőbb a tanácsadás előtti napon.</p>
<p><em>Letöltés innen:</em> <a href="https://semmelweis.hu/egeszsegfejlesztes/files/2024/12/Nyilatkozat-online-dolgozoi-tanacsadashoz-vegleges-jav_2024.09.04.docx">Nyilatkozat online dolgozói tanácsadáshoz</a></p>
<div class="fontos_div">
<p style="text-align: left"><em>Kérjük, hogy a kitöltött munkalapokat visszaküldés előtt nevezze át saját nevének megjelölésével az alábbiak szerint: </em></p>
<p style="text-align: left"><strong>Nyilatkozat_Minta_Péter_ÉÉÉÉ.HH.NN</strong></p>
</div>

<p>Beleegyező nyilatkozat &#8211; online tanácsadás<br />
Kérjük, hogy az első tanácsadás előtt töltse le a nyilatkozatot és digitális formában (word/excel/pdf), precízen kitöltve küldje meg a visszaigazoló email-re válasz üzenetben legkésőbb a tanácsadás előtti napon.<br />
Letöltés innen: <a href="https://semmelweis.hu/egeszsegfejlesztes/files/2024/12/Nyilatkozat-online-dolgozoi-tanacsadashoz-vegleges-jav_2024.09.04.docx">Nyilatkozat online dolgozói tanácsadáshoz</a></p>
<p>Kérjük, hogy a kitöltött munkalapokat visszaküldés előtt nevezze át saját nevének megjelölésével az alábbiak szerint:<br />
Nyilatkozat_Minta_Péter_ÉÉÉÉ.HH.NN</p>
