{"id":347,"date":"2020-03-26T10:37:47","date_gmt":"2020-03-26T09:37:47","guid":{"rendered":"http:\/\/semmelweis.hu\/egeszsegfejlesztes\/?page_id=347"},"modified":"2025-12-03T15:05:43","modified_gmt":"2025-12-03T14:05:43","slug":"szolgaltatasok-semmelweis-polgaroknak","status":"publish","type":"page","link":"https:\/\/semmelweis.hu\/egeszsegfejlesztes\/szolgaltatasok-semmelweis-polgaroknak\/","title":{"rendered":"Semmelweis polg\u00e1roknak"},"content":{"rendered":"<p>&nbsp;<\/p>\n<p style=\"text-align: justify\"><span style=\"font-weight: 400\">A Semmelweis Egyetem egyik f\u0151 c\u00e9lja az egyetemi polg\u00e1rok eg\u00e9szs\u00e9gi \u00e1llapot\u00e1nak \u00e9s eg\u00e9szs\u00e9gmagatart\u00e1s\u00e1nak a jav\u00edt\u00e1sa, <\/span><span style=\"font-weight: 400\">\u00edgy a <\/span><span style=\"font-size: 1rem\">Semmelweis Eg\u00e9szs\u00e9gfejleszt\u00e9si K\u00f6zpont szakemberei seg\u00edts\u00e9g\u00e9vel <strong><em>ingyenes, online \u00e9s szem\u00e9lyes <\/em><\/strong><\/span><span style=\"font-size: 1rem\"><strong><em>prevenci\u00f3s szolg\u00e1ltat\u00e1s okat biztos\u00edt az egyetemi hallgat\u00f3k \u00e9s dolgoz\u00f3k sz\u00e1m\u00e1ra!<\/em><\/strong><\/span><\/p>\n<p><a href=\"https:\/\/semmelweis.hu\/egeszsegfejlesztes\/files\/2020\/03\/IMG_20190621_114425_337-scaled.jpg\"><img loading=\"lazy\" decoding=\"async\" class=\"wp-image-348 aligncenter\" src=\"https:\/\/semmelweis.hu\/egeszsegfejlesztes\/files\/2020\/03\/IMG_20190621_114425_337-347x400.jpg\" alt=\"\" width=\"300\" height=\"346\" data-wp-editing=\"1\" srcset=\"https:\/\/semmelweis.hu\/egeszsegfejlesztes\/files\/2020\/03\/IMG_20190621_114425_337-347x400.jpg 347w, https:\/\/semmelweis.hu\/egeszsegfejlesztes\/files\/2020\/03\/IMG_20190621_114425_337-887x1024.jpg 887w, https:\/\/semmelweis.hu\/egeszsegfejlesztes\/files\/2020\/03\/IMG_20190621_114425_337-768x886.jpg 768w, https:\/\/semmelweis.hu\/egeszsegfejlesztes\/files\/2020\/03\/IMG_20190621_114425_337-1331x1536.jpg 1331w, https:\/\/semmelweis.hu\/egeszsegfejlesztes\/files\/2020\/03\/IMG_20190621_114425_337-1775x2048.jpg 1775w, https:\/\/semmelweis.hu\/egeszsegfejlesztes\/files\/2020\/03\/IMG_20190621_114425_337-753x869.jpg 753w, https:\/\/semmelweis.hu\/egeszsegfejlesztes\/files\/2020\/03\/IMG_20190621_114425_337-scaled.jpg 1040w\" sizes=\"auto, (max-width: 300px) 100vw, 300px\" \/><\/a><\/p>\n<p style=\"text-align: justify\">\u00a0<\/p>\n<div class=\"keretes w-100\">\n<p>C\u00e9lunk, hogy mindenki, aki hozz\u00e1nk fordul \u00faj \u00e9lm\u00e9nyeket szerezzen, r\u00e1l\u00e1t\u00e1st \u00e9s adott esetben seg\u00edts\u00e9get kapjon ahhoz, hogy saj\u00e1t eg\u00e9szs\u00e9g\u00e9nek a szakember\u00e9v\u00e9 v\u00e1ljon.<\/p>\n<\/div>\n<h2><span style=\"color: #000080;font-size: 18pt\">Ismerd meg szolg\u00e1ltat\u00e1sainkat \u00e9s jelentkezz:<\/span><\/h2>\n<div class=\"w-100\">\n<div class=\"fontos_div\">\n<p><strong>Tudtad? Online <a id=\"button\" href=\"https:\/\/www.youtube.com\/@semmelweisegeszsegfejleszt236\/videos\" target=\"_blank\" rel=\"noopener\">edz\u00e9svide\u00f3ink<\/a> el\u00e9rhet\u0151ek ingyenesen.\u00a0<\/strong><\/p>\n<\/div>\n<p>&nbsp;<\/p>\n<\/div>\n<p>&nbsp;<\/p>\n<p style=\"text-align: center\"><a class=\"btn btn-secondary\" href=\"https:\/\/semmelweis.hu\/egeszsegfejlesztes\/egyeni-tanacsadas\/\">Egy\u00e9ni \u00e9letm\u00f3d tan\u00e1csad\u00e1s \u2192<\/a><\/p>\n<p style=\"text-align: center\"><a class=\"btn btn-secondary\" href=\"https:\/\/semmelweis.hu\/egeszsegfejlesztes\/online-egeszsegszolgaltatasok\/dolgozoi-tanacsado-szolgalat\/\">Dolgoz\u00f3i tan\u00e1csad\u00f3 szolg\u00e1lat\u2192<\/a><\/p>\n<p style=\"text-align: center\"><a class=\"btn btn-secondary\" href=\"https:\/\/semmelweis.hu\/egeszsegfejlesztes\/csoportos-orak\/\">Csoportos edz\u00e9sek \u2192<\/a><\/p>\n<p style=\"text-align: center\"><a class=\"btn btn-secondary\" href=\"https:\/\/semmelweis.hu\/egeszsegfejlesztes\/online-egeszsegszolgaltatasok\/szenior-torna\/\">Szenior torna \u2192<\/a><\/p>\n<h2><span style=\"font-size: 18pt;color: #000080\">Tov\u00e1bbi lehet\u0151s\u00e9gek:<\/span><\/h2>\n<p>A Semmelweis Egyetemen el\u00e9rhet\u0151 tov\u00e1bbi \u00e9letm\u00f3d- \u00e9s eg\u00e9szs\u00e9g szolg\u00e1ltat\u00e1sok megismer\u00e9s\u00e9hez, illetve m\u00e1s, Semmelweis polg\u00e1roknak sz\u00f3l\u00f3 programokhoz, kedvezm\u00e9nyekhez \u00e9s jogosults\u00e1gokhoz kattintson a\u00a0<strong><a href=\"https:\/\/semmelweis.hu\/csaladbarat\/\">Csal\u00e1dbar\u00e1t Egyetem Program<\/a><\/strong>\u00a0honlapj\u00e1ra.<\/p>\n","protected":false},"excerpt":{"rendered":"<p>&nbsp; A Semmelweis Egyetem egyik f\u0151 c\u00e9lja az egyetemi polg\u00e1rok eg\u00e9szs\u00e9gi \u00e1llapot\u00e1nak \u00e9s eg\u00e9szs\u00e9gmagatart\u00e1s\u00e1nak a jav\u00edt\u00e1sa, \u00edgy a Semmelweis Eg\u00e9szs\u00e9gfejleszt\u00e9si K\u00f6zpont szakemberei seg\u00edts\u00e9g\u00e9vel ingyenes, online \u00e9s szem\u00e9lyes prevenci\u00f3s szolg\u00e1ltat\u00e1s okat biztos\u00edt az egyetemi hallgat\u00f3k \u00e9s dolgoz\u00f3k sz\u00e1m\u00e1ra! <a href=\"https:\/\/semmelweis.hu\/egeszsegfejlesztes\/files\/2020\/03\/IMG_20190621_114425_337-scaled.jpg\"><\/a> \u00a0 C\u00e9lunk, hogy mindenki, aki hozz\u00e1nk fordul \u00faj \u00e9lm\u00e9nyeket szerezzen, r\u00e1l\u00e1t\u00e1st \u00e9s adott esetben seg\u00edts\u00e9get kapjon ahhoz, hogy &hellip;<\/p>\n","protected":false},"author":101613,"featured_media":0,"parent":0,"menu_order":0,"comment_status":"closed","ping_status":"closed","template":"","meta":{"_acf_changed":false,"footnotes":""},"categories":[],"tags":[],"class_list":["post-347","page","type-page","status-publish","hentry"],"acf":[],"_links":{"self":[{"href":"https:\/\/semmelweis.hu\/egeszsegfejlesztes\/wp-json\/wp\/v2\/pages\/347","targetHints":{"allow":["GET"]}}],"collection":[{"href":"https:\/\/semmelweis.hu\/egeszsegfejlesztes\/wp-json\/wp\/v2\/pages"}],"about":[{"href":"https:\/\/semmelweis.hu\/egeszsegfejlesztes\/wp-json\/wp\/v2\/types\/page"}],"author":[{"embeddable":true,"href":"https:\/\/semmelweis.hu\/egeszsegfejlesztes\/wp-json\/wp\/v2\/users\/101613"}],"replies":[{"embeddable":true,"href":"https:\/\/semmelweis.hu\/egeszsegfejlesztes\/wp-json\/wp\/v2\/comments?post=347"}],"version-history":[{"count":12,"href":"https:\/\/semmelweis.hu\/egeszsegfejlesztes\/wp-json\/wp\/v2\/pages\/347\/revisions"}],"predecessor-version":[{"id":53534,"href":"https:\/\/semmelweis.hu\/egeszsegfejlesztes\/wp-json\/wp\/v2\/pages\/347\/revisions\/53534"}],"wp:attachment":[{"href":"https:\/\/semmelweis.hu\/egeszsegfejlesztes\/wp-json\/wp\/v2\/media?parent=347"}],"wp:term":[{"taxonomy":"category","embeddable":true,"href":"https:\/\/semmelweis.hu\/egeszsegfejlesztes\/wp-json\/wp\/v2\/categories?post=347"},{"taxonomy":"post_tag","embeddable":true,"href":"https:\/\/semmelweis.hu\/egeszsegfejlesztes\/wp-json\/wp\/v2\/tags?post=347"}],"curies":[{"name":"wp","href":"https:\/\/api.w.org\/{rel}","templated":true}]}}