{"id":12,"date":"2019-07-03T10:16:39","date_gmt":"2019-07-03T08:16:39","guid":{"rendered":"http:\/\/semmelweis.hu\/egeszsegfejlesztes\/?page_id=12"},"modified":"2025-09-13T15:32:52","modified_gmt":"2025-09-13T13:32:52","slug":"elerhetoseg","status":"publish","type":"page","link":"https:\/\/semmelweis.hu\/egeszsegfejlesztes\/elerhetoseg\/","title":{"rendered":"Kapcsolat"},"content":{"rendered":"<h1><span style=\"font-size: 14pt\"><img loading=\"lazy\" decoding=\"async\" class=\"alignnone  wp-image-51999\" src=\"https:\/\/semmelweis.hu\/egeszsegfejlesztes\/files\/2024\/11\/2-400x292.jpg\" alt=\"\" width=\"89\" height=\"65\" srcset=\"https:\/\/semmelweis.hu\/egeszsegfejlesztes\/files\/2024\/11\/2-400x292.jpg 400w, https:\/\/semmelweis.hu\/egeszsegfejlesztes\/files\/2024\/11\/2-1024x748.jpg 1024w, https:\/\/semmelweis.hu\/egeszsegfejlesztes\/files\/2024\/11\/2-768x561.jpg 768w, https:\/\/semmelweis.hu\/egeszsegfejlesztes\/files\/2024\/11\/2-753x550.jpg 753w, https:\/\/semmelweis.hu\/egeszsegfejlesztes\/files\/2024\/11\/2.jpg 1300w\" sizes=\"auto, (max-width: 89px) 100vw, 89px\" \/><img loading=\"lazy\" decoding=\"async\" class=\"alignnone  wp-image-51998\" src=\"https:\/\/semmelweis.hu\/egeszsegfejlesztes\/files\/2024\/11\/1-e1731594775465-400x155.jpg\" alt=\"\" width=\"273\" height=\"106\" srcset=\"https:\/\/semmelweis.hu\/egeszsegfejlesztes\/files\/2024\/11\/1-e1731594775465-400x155.jpg 400w, https:\/\/semmelweis.hu\/egeszsegfejlesztes\/files\/2024\/11\/1-e1731594775465-1024x397.jpg 1024w, https:\/\/semmelweis.hu\/egeszsegfejlesztes\/files\/2024\/11\/1-e1731594775465-768x298.jpg 768w, https:\/\/semmelweis.hu\/egeszsegfejlesztes\/files\/2024\/11\/1-e1731594775465-753x292.jpg 753w, https:\/\/semmelweis.hu\/egeszsegfejlesztes\/files\/2024\/11\/1-e1731594775465.jpg 1300w\" sizes=\"auto, (max-width: 273px) 100vw, 273px\" \/><\/span><\/h1>\n<h5><span style=\"color: #333399\">Vedd fel vel\u00fcnk a kapcsolatot<\/span><\/h5>\n<p><strong><img loading=\"lazy\" decoding=\"async\" class=\"alignnone  wp-image-52001\" src=\"https:\/\/semmelweis.hu\/egeszsegfejlesztes\/files\/2024\/11\/2-400x400.png\" alt=\"\" width=\"39\" height=\"39\" srcset=\"https:\/\/semmelweis.hu\/egeszsegfejlesztes\/files\/2024\/11\/2-400x400.png 400w, https:\/\/semmelweis.hu\/egeszsegfejlesztes\/files\/2024\/11\/2-150x150.png 150w, https:\/\/semmelweis.hu\/egeszsegfejlesztes\/files\/2024\/11\/2.png 500w\" sizes=\"auto, (max-width: 39px) 100vw, 39px\" \/>C\u00edm:<\/strong> 1085 Budapest, \u00dcll\u0151i \u00fat 26.<\/p>\n<p><strong><img loading=\"lazy\" decoding=\"async\" class=\"alignnone  wp-image-52001\" src=\"https:\/\/semmelweis.hu\/egeszsegfejlesztes\/files\/2024\/11\/2-400x400.png\" alt=\"\" width=\"39\" height=\"39\" srcset=\"https:\/\/semmelweis.hu\/egeszsegfejlesztes\/files\/2024\/11\/2-400x400.png 400w, https:\/\/semmelweis.hu\/egeszsegfejlesztes\/files\/2024\/11\/2-150x150.png 150w, https:\/\/semmelweis.hu\/egeszsegfejlesztes\/files\/2024\/11\/2.png 500w\" sizes=\"auto, (max-width: 39px) 100vw, 39px\" \/><span class=\"OYPEnA font-feature-liga-off font-feature-clig-off font-feature-calt-off text-decoration-none text-strikethrough-none\">Iroda \u00e9s postac\u00edm: <\/span><\/strong><span class=\"OYPEnA font-feature-liga-off font-feature-clig-off font-feature-calt-off text-decoration-none text-strikethrough-none\">1082 Budapest, Vajdahunyad u. 50-54.<\/span><\/p>\n<p><strong><img loading=\"lazy\" decoding=\"async\" class=\"alignnone  wp-image-52001\" src=\"https:\/\/semmelweis.hu\/egeszsegfejlesztes\/files\/2024\/11\/2-400x400.png\" alt=\"\" width=\"39\" height=\"39\" srcset=\"https:\/\/semmelweis.hu\/egeszsegfejlesztes\/files\/2024\/11\/2-400x400.png 400w, https:\/\/semmelweis.hu\/egeszsegfejlesztes\/files\/2024\/11\/2-150x150.png 150w, https:\/\/semmelweis.hu\/egeszsegfejlesztes\/files\/2024\/11\/2.png 500w\" sizes=\"auto, (max-width: 39px) 100vw, 39px\" \/>Tan\u00e1csad\u00e1sok helysz\u00edne:<\/strong> Elm\u00e9leti Orvostudom\u00e1nyi K\u00f6zpont (EOK) <em>1094. Budapest, T\u0171zolt\u00f3 u. 37-47., fsz. 0.808., Eg\u00e9szs\u00e9gfejleszt\u00e9si K\u00f6zpont Tan\u00e1csad\u00f3 szoba (r\u00e9gi Els\u0151seg\u00e9ly szoba)<\/em><\/p>\n<p>&nbsp;<\/p>\n<p><strong><img loading=\"lazy\" decoding=\"async\" class=\"alignnone  wp-image-52000\" src=\"https:\/\/semmelweis.hu\/egeszsegfejlesztes\/files\/2024\/11\/1-400x400.png\" alt=\"\" width=\"33\" height=\"33\" srcset=\"https:\/\/semmelweis.hu\/egeszsegfejlesztes\/files\/2024\/11\/1-400x400.png 400w, https:\/\/semmelweis.hu\/egeszsegfejlesztes\/files\/2024\/11\/1-150x150.png 150w, https:\/\/semmelweis.hu\/egeszsegfejlesztes\/files\/2024\/11\/1.png 500w\" sizes=\"auto, (max-width: 33px) 100vw, 33px\" \/>Eg\u00e9szs\u00e9gfejleszt\u00e9si K\u00f6zpont hivatalos: <\/strong><a href=\"mailto:sek@semmelweis.hu\">sek@semmelweis.hu<\/a>\u00a0<\/p>\n<p><strong><img loading=\"lazy\" decoding=\"async\" class=\"alignnone  wp-image-52000\" src=\"https:\/\/semmelweis.hu\/egeszsegfejlesztes\/files\/2024\/11\/1-400x400.png\" alt=\"\" width=\"33\" height=\"33\" srcset=\"https:\/\/semmelweis.hu\/egeszsegfejlesztes\/files\/2024\/11\/1-400x400.png 400w, https:\/\/semmelweis.hu\/egeszsegfejlesztes\/files\/2024\/11\/1-150x150.png 150w, https:\/\/semmelweis.hu\/egeszsegfejlesztes\/files\/2024\/11\/1.png 500w\" sizes=\"auto, (max-width: 33px) 100vw, 33px\" \/>Prevenci\u00f3s szolg\u00e1ltat\u00e1sok<\/strong>: <a href=\"mailto:egeszsegfejlesztesikp@semmelweis.hu\">egeszsegfejlesztesikp@semmelweis.hu<\/a>\u00a0<\/p>\n<p><strong><img loading=\"lazy\" decoding=\"async\" class=\"alignnone  wp-image-52000\" src=\"https:\/\/semmelweis.hu\/egeszsegfejlesztes\/files\/2024\/11\/1-400x400.png\" alt=\"\" width=\"33\" height=\"33\" srcset=\"https:\/\/semmelweis.hu\/egeszsegfejlesztes\/files\/2024\/11\/1-400x400.png 400w, https:\/\/semmelweis.hu\/egeszsegfejlesztes\/files\/2024\/11\/1-150x150.png 150w, https:\/\/semmelweis.hu\/egeszsegfejlesztes\/files\/2024\/11\/1.png 500w\" sizes=\"auto, (max-width: 33px) 100vw, 33px\" \/>Dolgoz\u00f3i Tan\u00e1csad\u00f3 Szolg\u00e1lat:<\/strong> <a href=\"mailto:dolgozoi.tanacsado@semmelweis.hu\">dolgozoi.tanacsado@semmelweis.hu<\/a>\u00a0<\/p>\n<div class=\"keretes w-100\">\n<h6>Munkat\u00e1rsaink el\u00e9rhet\u0151s\u00e9ge megtal\u00e1lhat\u00f3 a <strong><a href=\"https:\/\/semmelweis.hu\/egeszsegfejlesztes\/munkatarsak\/\">Munkat\u00e1rsak<\/a><\/strong> men\u00fcpont alatt.<\/h6>\n<\/div>\n\n<!-- iframe plugin v.4.9 wordpress.org\/plugins\/iframe\/ -->\n<iframe loading=\"lazy\" src=\"https:\/\/www.google.com\/maps\/embed?pb=!1m18!1m12!1m3!1d2696.2376020178967!2d19.07187797587855!3d47.48528449634773!2m3!1f0!2f0!3f0!3m2!1i1024!2i768!4f13.1!3m3!1m2!1s0x4741dd8dd36f0477%3A0xb81dda60cb30c6c1!2sBudapest%2C%20Fut%C3%B3%20u.%2047-53%2C%201085!5e0!3m2!1sen!2shu!4v1739801121232!5m2!1sen!2shu\" width=\"100%\" height=\"450\" scrolling=\"yes\" class=\"iframe-class\" frameborder=\"0\"><\/iframe>\n\n","protected":false},"excerpt":{"rendered":"<p>Vedd fel vel\u00fcnk a kapcsolatot C\u00edm: 1085 Budapest, \u00dcll\u0151i \u00fat 26. Iroda \u00e9s postac\u00edm: 1082 Budapest, Vajdahunyad u. 50-54. Tan\u00e1csad\u00e1sok helysz\u00edne: Elm\u00e9leti Orvostudom\u00e1nyi K\u00f6zpont (EOK) 1094. Budapest, T\u0171zolt\u00f3 u. 37-47., fsz. 0.808., Eg\u00e9szs\u00e9gfejleszt\u00e9si K\u00f6zpont Tan\u00e1csad\u00f3 szoba (r\u00e9gi Els\u0151seg\u00e9ly szoba) &nbsp; Eg\u00e9szs\u00e9gfejleszt\u00e9si K\u00f6zpont hivatalos: <a href=\"mailto:sek@semmelweis.hu\">sek@semmelweis.hu<\/a> \u00a0 Prevenci\u00f3s szolg\u00e1ltat\u00e1sok: <a href=\"mailto:egeszsegfejlesztesikp@semmelweis.hu\">egeszsegfejlesztesikp@semmelweis.hu<\/a> \u00a0 Dolgoz\u00f3i Tan\u00e1csad\u00f3 Szolg\u00e1lat: <a href=\"mailto:dolgozoi.tanacsado@semmelweis.hu\">dolgozoi.tanacsado@semmelweis.hu<\/a> \u00a0 Munkat\u00e1rsaink el\u00e9rhet\u0151s\u00e9ge megtal\u00e1lhat\u00f3 a &hellip;<\/p>\n","protected":false},"author":12,"featured_media":53257,"parent":0,"menu_order":8,"comment_status":"closed","ping_status":"closed","template":"template-fullwidth.php","meta":{"_acf_changed":false,"footnotes":""},"categories":[153],"tags":[],"class_list":["post-12","page","type-page","status-publish","has-post-thumbnail","hentry","category-nyitolap-kartyak"],"acf":[],"_links":{"self":[{"href":"https:\/\/semmelweis.hu\/egeszsegfejlesztes\/wp-json\/wp\/v2\/pages\/12","targetHints":{"allow":["GET"]}}],"collection":[{"href":"https:\/\/semmelweis.hu\/egeszsegfejlesztes\/wp-json\/wp\/v2\/pages"}],"about":[{"href":"https:\/\/semmelweis.hu\/egeszsegfejlesztes\/wp-json\/wp\/v2\/types\/page"}],"author":[{"embeddable":true,"href":"https:\/\/semmelweis.hu\/egeszsegfejlesztes\/wp-json\/wp\/v2\/users\/12"}],"replies":[{"embeddable":true,"href":"https:\/\/semmelweis.hu\/egeszsegfejlesztes\/wp-json\/wp\/v2\/comments?post=12"}],"version-history":[{"count":11,"href":"https:\/\/semmelweis.hu\/egeszsegfejlesztes\/wp-json\/wp\/v2\/pages\/12\/revisions"}],"predecessor-version":[{"id":53111,"href":"https:\/\/semmelweis.hu\/egeszsegfejlesztes\/wp-json\/wp\/v2\/pages\/12\/revisions\/53111"}],"wp:featuredmedia":[{"embeddable":true,"href":"https:\/\/semmelweis.hu\/egeszsegfejlesztes\/wp-json\/wp\/v2\/media\/53257"}],"wp:attachment":[{"href":"https:\/\/semmelweis.hu\/egeszsegfejlesztes\/wp-json\/wp\/v2\/media?parent=12"}],"wp:term":[{"taxonomy":"category","embeddable":true,"href":"https:\/\/semmelweis.hu\/egeszsegfejlesztes\/wp-json\/wp\/v2\/categories?post=12"},{"taxonomy":"post_tag","embeddable":true,"href":"https:\/\/semmelweis.hu\/egeszsegfejlesztes\/wp-json\/wp\/v2\/tags?post=12"}],"curies":[{"name":"wp","href":"https:\/\/api.w.org\/{rel}","templated":true}]}}