{"id":551,"date":"2024-04-06T13:01:49","date_gmt":"2024-04-06T11:01:49","guid":{"rendered":"https:\/\/semmelweis.hu\/dolgozoivizsgalat\/?page_id=551"},"modified":"2024-04-06T13:03:43","modified_gmt":"2024-04-06T11:03:43","slug":"tamogatas","status":"publish","type":"page","link":"https:\/\/semmelweis.hu\/dolgozoivizsgalat\/semmelweis-study-bemutatasa\/tamogatas\/","title":{"rendered":"T\u00e1mogat\u00e1s"},"content":{"rendered":"<p class=\"x_MsoNormal\">A TKP2021-NKTA-47 sz\u00e1m\u00fa projekt &#8211; a Semmelweis Study &#8211; az Innov\u00e1ci\u00f3s \u00e9s Technol\u00f3giai Miniszt\u00e9rium Nemzeti Kutat\u00e1si Fejleszt\u00e9si \u00e9s Innov\u00e1ci\u00f3s Alapb\u00f3l ny\u00fajtott t\u00e1mogat\u00e1s\u00e1val, a TKP2021-NKTA p\u00e1ly\u00e1zati program finansz\u00edroz\u00e1s\u00e1ban val\u00f3sult meg.<\/p>\n<p class=\"x_MsoNormal\">T\u00e9ma\/c\u00edm: Interdiszciplin\u00e1ris \u00f6reged\u00e9studom\u00e1nyi kutat\u00e1sok a Semmelweis Egyetemen<\/p>\n<p class=\"x_MsoNormal\">Id\u0151tartam: 2022.01. 01. \u2013 2025. 12. 31.<\/p>\n<p class=\"x_MsoNormal\">Azonos\u00edt\u00f3: TKP2021-NKTA-47<\/p>\n<p>&nbsp;<\/p>\n<p><img loading=\"lazy\" decoding=\"async\" class=\"alignnone size-medium wp-image-552\" src=\"https:\/\/semmelweis.hu\/dolgozoivizsgalat\/files\/2024\/04\/NKFIA_infoblokk_projekt_fekvo_2019_HU-400x94.jpg\" alt=\"\" width=\"400\" height=\"94\" srcset=\"https:\/\/semmelweis.hu\/dolgozoivizsgalat\/files\/2024\/04\/NKFIA_infoblokk_projekt_fekvo_2019_HU-400x94.jpg 400w, https:\/\/semmelweis.hu\/dolgozoivizsgalat\/files\/2024\/04\/NKFIA_infoblokk_projekt_fekvo_2019_HU-1024x240.jpg 1024w, https:\/\/semmelweis.hu\/dolgozoivizsgalat\/files\/2024\/04\/NKFIA_infoblokk_projekt_fekvo_2019_HU-768x180.jpg 768w, https:\/\/semmelweis.hu\/dolgozoivizsgalat\/files\/2024\/04\/NKFIA_infoblokk_projekt_fekvo_2019_HU-753x176.jpg 753w, https:\/\/semmelweis.hu\/dolgozoivizsgalat\/files\/2024\/04\/NKFIA_infoblokk_projekt_fekvo_2019_HU.jpg 1110w\" sizes=\"auto, (max-width: 400px) 100vw, 400px\" \/><\/p>\n<p class=\"x_MsoNormal\">A kiemelt t\u00e1rsadalmi c\u00e9l\u00fa Nemzeti Kardiovaszkul\u00e1ris Laborat\u00f3rium Projekt a Sz\u00e9chenyi Terv Plusz program keretein bel\u00fcl val\u00f3sul meg, RRF-2.3.1-21-2022-00003 projekt azonos\u00edt\u00f3sz\u00e1mmal.<\/p>\n<p class=\"x_MsoNormal\">T\u00e9ma\/c\u00edm: Nemzeti Kardiovaszkul\u00e1ris Laborat\u00f3rium<\/p>\n<p class=\"x_MsoNormal\">Id\u0151tartam: \u00a02022. 03. 01. &#8211; 2026. 02. 28.<\/p>\n<p class=\"x_MsoNormal\">Azonos\u00edt\u00f3: RRF-2.3.1-21-2022-00003<\/p>\n<p><img loading=\"lazy\" decoding=\"async\" class=\"alignnone size-medium wp-image-553\" src=\"https:\/\/semmelweis.hu\/dolgozoivizsgalat\/files\/2024\/04\/RRF-kedvezmenyezetti-infoblokk-keretes-400x121.jpg\" alt=\"\" width=\"400\" height=\"121\" srcset=\"https:\/\/semmelweis.hu\/dolgozoivizsgalat\/files\/2024\/04\/RRF-kedvezmenyezetti-infoblokk-keretes-400x121.jpg 400w, https:\/\/semmelweis.hu\/dolgozoivizsgalat\/files\/2024\/04\/RRF-kedvezmenyezetti-infoblokk-keretes-1024x309.jpg 1024w, https:\/\/semmelweis.hu\/dolgozoivizsgalat\/files\/2024\/04\/RRF-kedvezmenyezetti-infoblokk-keretes-768x232.jpg 768w, https:\/\/semmelweis.hu\/dolgozoivizsgalat\/files\/2024\/04\/RRF-kedvezmenyezetti-infoblokk-keretes-753x227.jpg 753w, https:\/\/semmelweis.hu\/dolgozoivizsgalat\/files\/2024\/04\/RRF-kedvezmenyezetti-infoblokk-keretes.jpg 1081w\" sizes=\"auto, (max-width: 400px) 100vw, 400px\" \/><\/p>\n","protected":false},"excerpt":{"rendered":"<p>A TKP2021-NKTA-47 sz\u00e1m\u00fa projekt &#8211; a Semmelweis Study &#8211; az Innov\u00e1ci\u00f3s \u00e9s Technol\u00f3giai Miniszt\u00e9rium Nemzeti Kutat\u00e1si Fejleszt\u00e9si \u00e9s Innov\u00e1ci\u00f3s Alapb\u00f3l ny\u00fajtott t\u00e1mogat\u00e1s\u00e1val, a TKP2021-NKTA p\u00e1ly\u00e1zati program finansz\u00edroz\u00e1s\u00e1ban val\u00f3sult meg. T\u00e9ma\/c\u00edm: Interdiszciplin\u00e1ris \u00f6reged\u00e9studom\u00e1nyi kutat\u00e1sok a Semmelweis Egyetemen Id\u0151tartam: 2022.01. 01. \u2013 2025. 12. 31. Azonos\u00edt\u00f3: TKP2021-NKTA-47 &nbsp; A kiemelt t\u00e1rsadalmi c\u00e9l\u00fa Nemzeti Kardiovaszkul\u00e1ris Laborat\u00f3rium Projekt a &hellip;<\/p>\n","protected":false},"author":102104,"featured_media":0,"parent":5,"menu_order":0,"comment_status":"closed","ping_status":"closed","template":"","meta":{"_acf_changed":false,"footnotes":""},"categories":[],"tags":[],"class_list":["post-551","page","type-page","status-publish","hentry"],"acf":[],"_links":{"self":[{"href":"https:\/\/semmelweis.hu\/dolgozoivizsgalat\/wp-json\/wp\/v2\/pages\/551","targetHints":{"allow":["GET"]}}],"collection":[{"href":"https:\/\/semmelweis.hu\/dolgozoivizsgalat\/wp-json\/wp\/v2\/pages"}],"about":[{"href":"https:\/\/semmelweis.hu\/dolgozoivizsgalat\/wp-json\/wp\/v2\/types\/page"}],"author":[{"embeddable":true,"href":"https:\/\/semmelweis.hu\/dolgozoivizsgalat\/wp-json\/wp\/v2\/users\/102104"}],"replies":[{"embeddable":true,"href":"https:\/\/semmelweis.hu\/dolgozoivizsgalat\/wp-json\/wp\/v2\/comments?post=551"}],"version-history":[{"count":1,"href":"https:\/\/semmelweis.hu\/dolgozoivizsgalat\/wp-json\/wp\/v2\/pages\/551\/revisions"}],"predecessor-version":[{"id":554,"href":"https:\/\/semmelweis.hu\/dolgozoivizsgalat\/wp-json\/wp\/v2\/pages\/551\/revisions\/554"}],"up":[{"embeddable":true,"href":"https:\/\/semmelweis.hu\/dolgozoivizsgalat\/wp-json\/wp\/v2\/pages\/5"}],"wp:attachment":[{"href":"https:\/\/semmelweis.hu\/dolgozoivizsgalat\/wp-json\/wp\/v2\/media?parent=551"}],"wp:term":[{"taxonomy":"category","embeddable":true,"href":"https:\/\/semmelweis.hu\/dolgozoivizsgalat\/wp-json\/wp\/v2\/categories?post=551"},{"taxonomy":"post_tag","embeddable":true,"href":"https:\/\/semmelweis.hu\/dolgozoivizsgalat\/wp-json\/wp\/v2\/tags?post=551"}],"curies":[{"name":"wp","href":"https:\/\/api.w.org\/{rel}","templated":true}]}}