{"id":222,"date":"2023-10-23T18:19:27","date_gmt":"2023-10-23T16:19:27","guid":{"rendered":"https:\/\/semmelweis.hu\/dolgozoivizsgalat\/?page_id=222"},"modified":"2024-05-28T14:22:16","modified_gmt":"2024-05-28T12:22:16","slug":"genetikai-vizsgalat-tajekoztato","status":"publish","type":"page","link":"https:\/\/semmelweis.hu\/dolgozoivizsgalat\/semmelweis-study-bemutatasa\/fontos-informaciok\/genetikai-vizsgalat-tajekoztato\/","title":{"rendered":"Genetikai vizsg\u00e1lat T\u00e1j\u00e9koztat\u00f3"},"content":{"rendered":"<p style=\"text-align: center\"><strong>T\u00e1j\u00e9koztat\u00f3 a Semmelweis Study keret\u00e9ben v\u00e9gzett molekul\u00e1ris genetikai vizsg\u00e1latr\u00f3l<\/strong><\/p>\n<p><strong>\u00a0<\/strong><strong>Tisztelt H\u00f6lgyem\/Uram! Kedves Koll\u00e9ga!<\/strong><strong>\u00a0<\/strong><\/p>\n<p>\u00d6r\u00f6mmel t\u00e1j\u00e9koztatjuk, hogy \u00d6nnek, mint egyetem\u00fcnk dolgoz\u00f3j\u00e1nak lehet\u0151s\u00e9ge van r\u00e9szt venni a Semmelweis Study dolgoz\u00f3i kutat\u00e1sban. <strong>A Semmelweis Study c\u00e9lja a megbeteged\u00e9sek, k\u00fcl\u00f6n\u00f6sen az anyagcsere, a sz\u00edv- \u00e9s \u00e9rrendszeri, a ment\u00e1lis, a kognit\u00edv \u00e9s a daganatos betegs\u00e9gek, hosszabb t\u00e1vlatban az oki \u00e9s az \u00f6sszhal\u00e1loz\u00e1s, valamint az esend\u0151s\u00e9g kialakul\u00e1s\u00e1nak \u00e9s meghat\u00e1roz\u00f3inak vizsg\u00e1lata a Semmelweis Egyetem munkav\u00e1llal\u00f3i k\u00f6z\u00f6tt. <\/strong>A kutat\u00e1s hossz\u00fat\u00e1v\u00fa c\u00e9lja az eg\u00e9szs\u00e9ges \u00f6reged\u00e9st befoly\u00e1sol\u00f3 t\u00e9nyez\u0151k azonos\u00edt\u00e1sa \u00e9s vizsg\u00e1lata.\u00a0<\/p>\n<p><strong>K\u00e9rj\u00fck, olvassa el figyelmesen az al\u00e1bbiakat <\/strong>\u00e9s amennyiben nincs ellen\u00e9re, megk\u00e9rn\u00e9nk, hogy mintaad\u00e1ssal j\u00e1ruljon hozz\u00e1 kutat\u00e1s siker\u00e9hez. Ha valamit nem \u00e9rt pontosan, vagy t\u00f6bb inform\u00e1ci\u00f3ra van sz\u00fcks\u00e9ge, k\u00e9rd\u00e9seit felteheti jelen t\u00e1j\u00e9koztat\u00f3 v\u00e9g\u00e9n felt\u00fcntetett telefonsz\u00e1mon vagy e-mailben, a vizsg\u00e1lat el\u0151tt szem\u00e9lyesen, vagy a Semmelweis Study honlapj\u00e1n <a href=\"https:\/\/www.semmelweis.hu\/dolgozoivizsgalat\">https:\/\/www.semmelweis.hu\/dolgozoivizsgalat<\/a>.\u00a0\u00a0<\/p>\n<p>A v\u00e9rb\u0151l\/ biol\u00f3giai mint\u00e1b\u00f3l DNS \u00e9s RNS izol\u00e1lhat\u00f3, mely felhaszn\u00e1lhat\u00f3 az<strong> \u00f6reged\u00e9ssel \u00f6sszef\u00fcgg\u0151, gyakori betegs\u00e9gekre (diab\u00e9tesz, magas v\u00e9rnyom\u00e1s, kardiovaszkul\u00e1ris betegs\u00e9gek, stroke, szarkop\u00e9nia, stb.) hajlamos\u00edt\u00f3 genetikai vari\u00e1nsok azonos\u00edt\u00e1s\u00e1ra.<\/strong><\/p>\n<p><strong>A mintav\u00e9tel c\u00e9lja <\/strong>molekul\u00e1ris biol\u00f3giai vizsg\u00e1lat seg\u00edts\u00e9g\u00e9vel a fenti betegs\u00e9gre hajlamos\u00edt\u00f3, vagy az egyes gy\u00f3gyszerek hat\u00e9konys\u00e1g\u00e1t, mell\u00e9khat\u00e1sait befoly\u00e1sol\u00f3 genetikai rizik\u00f3t\u00e9nyez\u0151k felt\u00e1r\u00e1sa.<\/p>\n<p>&nbsp;<\/p>\n<p><strong>El\u0151ny\u00f6k \u00e9s kock\u00e1zatok<\/strong><\/p>\n<p>A mintav\u00e9telt az <a href=\"https:\/\/net.jogtar.hu\/jogszabaly?docid=a0200023.eum\">E\u00fc. M. 23\/2002<\/a> rendelet 3.\u00a7.4. pontja aj\u00e1nl\u00e1s\u00e1t k\u00f6vetve tervezt\u00fck, biztos\u00edtva, hogy a mintav\u00e9tel \u00d6nnek plusz orvosi beavatkoz\u00e1st ne jelentsen. A kutat\u00e1sban val\u00f3 r\u00e9szv\u00e9tel az \u00d6n eg\u00e9szs\u00e9gi \u00e1llapot\u00e1t nem befoly\u00e1solja, \u00d6nnek a r\u00e9szv\u00e9telb\u0151l sem h\u00e1tr\u00e1nya sem el\u0151nye nem sz\u00e1rmazik. A vizsg\u00e1latban val\u00f3 r\u00e9szv\u00e9tel teljesen \u00f6nk\u00e9ntes, a mintav\u00e9tel f\u00e1jdalommentes. A v\u00e9rv\u00e9telt arra k\u00e9pzett eg\u00e9szs\u00e9g\u00fcgyi szem\u00e9lyzet v\u00e9gzi.<\/p>\n<p>&nbsp;<\/p>\n<p><strong>Az al\u00e1bbi minim\u00e1lis kock\u00e1zatokat azonos\u00edtottuk a v\u00e9rv\u00e9tel sor\u00e1n:\u00a0<\/strong><strong>\u00a0<\/strong><\/p>\n<table>\n<tbody>\n<tr>\n<td width=\"201\">\n<p>Kock\u00e1zat\/Nemk\u00edv\u00e1natos esem\u00e9ny\u00a0<\/p>\n<\/td>\n<td width=\"79\">\n<p>Nagys\u00e1ga\u00a0<\/p>\n<\/td>\n<td width=\"323\">\n<p>Elj\u00e1r\u00e1s\u00a0<\/p>\n<\/td>\n<\/tr>\n<tr>\n<td width=\"201\">\n<p>V\u00e9letlen t\u0171sz\u00far\u00e1s\u00a0<\/p>\n<\/td>\n<td width=\"79\">\n<p>Alacsony\u00a0<\/p>\n<\/td>\n<td width=\"323\">\n<p>Helysz\u00edni sebfert\u0151tlen\u00edt\u00e9s, el\u0151\u00edr\u00e1soknak megfelel\u0151 vesz\u00e9lyes hullad\u00e9k kezel\u00e9s, egy\u00e9b vonatkoz\u00f3 munkav\u00e9delmi \u00e9s foglalkoz\u00e1seg\u00e9szs\u00e9g\u00fcgyi elj\u00e1r\u00e1sok betart\u00e1sa\u00a0<\/p>\n<\/td>\n<\/tr>\n<tr>\n<td width=\"201\">\n<p>V\u00e9rv\u00e9tel k\u00f6zbeni \u00e9s\/vagy ut\u00e1ni sz\u00e9d\u00fcl\u00e9s, vagy \u00e1jul\u00e1s\u00a0<\/p>\n<\/td>\n<td width=\"79\">\n<p>Alacsony\u00a0<\/p>\n<\/td>\n<td width=\"323\">\n<p>10-15 perces fektet\u00e9s, v\u00e9rnyom\u00e1s, v\u00e9rcukor m\u00e9r\u00e9s.\u00a0\u00a0<\/p>\n<\/td>\n<\/tr>\n<tr>\n<td width=\"201\">\n<p>Hipert\u00f3ni\u00e1s s\u00fcrg\u0151ss\u00e9gi \u00e1llapot (180\/110 Hgmm magasabb v\u00e9rnyom\u00e1s\u00e9rt\u00e9k)\u00a0<\/p>\n<\/td>\n<td width=\"79\">\n<p>Alacsony\u00a0<\/p>\n<\/td>\n<td width=\"323\">\n<p>Ment\u0151 h\u00edv\u00e1s, k\u00f3rh\u00e1zi s\u00fcrg\u0151ss\u00e9gi centrumba k\u00fcld\u00e9s\u00a0<\/p>\n<\/td>\n<\/tr>\n<\/tbody>\n<\/table>\n<p>&nbsp;<\/p>\n<p>&nbsp;<\/p>\n<p><strong>V\u00e9rv\u00e9tel menete <\/strong><\/p>\n<p>A v\u00e9rv\u00e9tel sor\u00e1n 1 db cs\u0151 (kevesebb, mint 25 ml) v\u00e9rt vesz\u00fcnk le \u00d6nt\u0151l. \u00d6nre vonatkoz\u00f3an semmilyen eg\u00e9szs\u00e9get k\u00e1ros\u00edt\u00f3 hat\u00e1sa nincs. Egy \u00f6nk\u00e9ntes v\u00e9rad\u00e1s sor\u00e1n az \u00f6nk\u00e9ntesek ennek a v\u00e9rmennyis\u00e9gnek kb. negyvenszeres\u00e9t adj\u00e1k probl\u00e9mamentesen.<\/p>\n<p>A v\u00e9rv\u00e9tel menet\u00e9r\u0151l a honlapon, a <a href=\"https:\/\/semmelweis.hu\/dolgozoivizsgalat\/vizsgalatok\/vizelet-mintavetel\/\">m\u0171szeres vizsg\u00e1latok men\u00fcpontbann<\/a> tal\u00e1l r\u00e9szletes le\u00edr\u00e1st.<\/p>\n<p>&nbsp;<\/p>\n<p><strong>Minta-, \u00e9s adatt\u00e1rol\u00e1s<\/strong><\/p>\n<p>A levett minta minden esetben azonnal egy k\u00f3dsz\u00e1mot kap, \u00edgy az \u00d6n neve v\u00e9gig titkosan lesz kezelve. A szem\u00e9lyazonos\u00edt\u00f3 adatokkal egy\u00fcttesen t\u00e1rolt, valamint k\u00f3dolt genetikai mint\u00e1t illetve adatot tartalmaz\u00f3 nyilv\u00e1ntart\u00e1s szem\u00e9lyazonos\u00edt\u00f3 adatokat tartalmaz\u00f3 nyilv\u00e1ntart\u00e1ssal nem ker\u00fcl \u00f6sszekapcsol\u00e1sra.<\/p>\n<p>A biol\u00f3giai mint\u00e1k egy r\u00e9sze azonnal vagy r\u00f6vid id\u0151n bel\u00fcl ki\u00e9rt\u00e9kel\u00e9sre ker\u00fcl. A fennmarad\u00f3 mint\u00e1kat k\u00fcl\u00f6n hozz\u00e1j\u00e1rul\u00e1sa alapj\u00e1n lefagyasztjuk, \u00e9s a kutat\u00e1s c\u00e9ljaira kialak\u00edtott helyis\u00e9g\u00e9ben t\u00e1roljuk. A genetikai mint\u00e1k \u00e9s az ebb\u0151l nyert adatok a Semmelweis Egyetem Biobank H\u00e1l\u00f3zat\u00e1ban ker\u00fclnek t\u00e1rol\u00e1sra a megfelel\u0151 biztons\u00e1gi \u00e9s adatv\u00e9delmi rendelkez\u00e9sek mellett. A Biobank H\u00e1l\u00f3zat az \u00d6n azonos\u00edt\u00f3 adatait nem kezeli, azok a Semmelweis Egyetem Megel\u0151z\u0151 Orvostani \u00e9s\u00a0 N\u00e9peg\u00e9szs\u00e9gtani Int\u00e9zet\u00e9ben ker\u00fclnek t\u00e1rol\u00e1sra, a mint\u00e1k azonos\u00edt\u00e1sa minden esetben pszeudonimiz\u00e1lt form\u00e1ban t\u00f6rt\u00e9nik.<\/p>\n<p>A Semmelweis Egyetem az \u00d6n szem\u00e9ly\u00e9t illet\u0151 inform\u00e1ci\u00f3kat bizalmasan kezeli, szem\u00e9lyes adatait a nem bocs\u00e1jthatja m\u00e1s int\u00e9zet rendelkez\u00e9s\u00e9re addig, am\u00edg arr\u00f3l \u00d6n k\u00fcl\u00f6n \u00edr\u00e1sban nem nyilatkozik.<\/p>\n<p>Abban az esetben, ha eg\u00e9szs\u00e9gi \u00e1llapota \u00e9s\/vagy j\u00f6v\u0151beli betegs\u00e9gekre vonatkoz\u00e1s\u00e1ban a kutat\u00e1sok relev\u00e1ns inform\u00e1ci\u00f3kat eredm\u00e9nyeznek, k\u00e9rheti annak k\u00f6zl\u00e9s\u00e9t.\u00a0<\/p>\n<p>A Semmelweis Study-ban nem t\u00f6rt\u00e9nnek c\u00e9lzott genetikai vizsg\u00e1latok ritka betegs\u00e9gek oki vari\u00e1nsaira. A tervezett tesztek nem min\u0151s\u00fclnek diagnosztikus vizsg\u00e1latoknak, klinikai jelent\u0151s\u00e9g\u00fck egyel\u0151re nem ismert.\u00a0<\/p>\n<p><strong>A vizsg\u00e1latba val\u00f3 beleegyez\u00e9s \u00f6nk\u00e9ntes \u00e9s befoly\u00e1sol\u00e1st\u00f3l mentes, azt b\u00e1rmikor ak\u00e1r sz\u00f3ban, ak\u00e1r \u00edr\u00e1sban indokol\u00e1s n\u00e9lk\u00fcl vissza lehet vonni an\u00e9lk\u00fcl, hogy ebb\u0151l \u00d6nnek h\u00e1tr\u00e1nya sz\u00e1rmazna.<\/strong><\/p>\n<p>A vizsg\u00e1lt mint\u00e1kb\u00f3l kapott eredm\u00e9nyeket tudom\u00e1nyos c\u00e9llal dolgozzuk fel \u00e9s azokat tudom\u00e1nyos szaklapokban megjelen\u0151 publik\u00e1ci\u00f3kban k\u00f6z\u00f6lj\u00fck, a r\u00e9sztvev\u0151k nev\u00e9nek eml\u00edt\u00e9se n\u00e9lk\u00fcl.<\/p>\n<p><strong>Mit tegyen, ha k\u00e9rd\u00e9se\/\u00e9szrev\u00e9tele van?\u00a0<\/strong><\/p>\n<p>A Semmelweis Study kutat\u00e1ssal kapcsolatos k\u00e9rd\u00e9seire\/\u00e9szrev\u00e9teleire munkanapokon, 8-16 \u00f3ra k\u00f6z\u00f6tt, a +36-20-670-1181-as telefonsz\u00e1mon \u00e9s\/vagy a <a href=\"mailto:semmelweis.study@semmelweis.hu\">semmelweis.study@semmelweis.hu<\/a> c\u00edmen v\u00e1laszolunk. A <a href=\"https:\/\/www.semmelweis.hu\/dolgozoivizsgalat\">https:\/\/www.semmelweis.hu\/dolgozoivizsgalat<\/a> honlapon folyamatosan b\u0151v\u00fcl\u0151 inform\u00e1ci\u00f3kat biztos\u00edtunk az \u00e9rdekl\u0151d\u0151knek. A kutat\u00e1s vezet\u0151je Prof. Dr. Tab\u00e1k Gyula \u00c1d\u00e1m.<\/p>\n<p>K\u00f6sz\u00f6nj\u00fck, hogy elolvasta jelen t\u00e1j\u00e9koztat\u00f3t, \u00e9s b\u00edzunk benne, hogy r\u00e9szt vesz a Semmelweis Study-ban!\u00a0<\/p>\n","protected":false},"excerpt":{"rendered":"<p>T\u00e1j\u00e9koztat\u00f3 a Semmelweis Study keret\u00e9ben v\u00e9gzett molekul\u00e1ris genetikai vizsg\u00e1latr\u00f3l \u00a0Tisztelt H\u00f6lgyem\/Uram! Kedves Koll\u00e9ga!\u00a0 \u00d6r\u00f6mmel t\u00e1j\u00e9koztatjuk, hogy \u00d6nnek, mint egyetem\u00fcnk dolgoz\u00f3j\u00e1nak lehet\u0151s\u00e9ge van r\u00e9szt venni a Semmelweis Study dolgoz\u00f3i kutat\u00e1sban. A Semmelweis Study c\u00e9lja a megbeteged\u00e9sek, k\u00fcl\u00f6n\u00f6sen az anyagcsere, a sz\u00edv- \u00e9s \u00e9rrendszeri, a ment\u00e1lis, a kognit\u00edv \u00e9s a daganatos betegs\u00e9gek, hosszabb t\u00e1vlatban az oki \u00e9s &hellip;<\/p>\n","protected":false},"author":102104,"featured_media":0,"parent":66,"menu_order":0,"comment_status":"closed","ping_status":"closed","template":"","meta":{"_acf_changed":false,"footnotes":""},"categories":[],"tags":[],"class_list":["post-222","page","type-page","status-publish","hentry"],"acf":[],"_links":{"self":[{"href":"https:\/\/semmelweis.hu\/dolgozoivizsgalat\/wp-json\/wp\/v2\/pages\/222","targetHints":{"allow":["GET"]}}],"collection":[{"href":"https:\/\/semmelweis.hu\/dolgozoivizsgalat\/wp-json\/wp\/v2\/pages"}],"about":[{"href":"https:\/\/semmelweis.hu\/dolgozoivizsgalat\/wp-json\/wp\/v2\/types\/page"}],"author":[{"embeddable":true,"href":"https:\/\/semmelweis.hu\/dolgozoivizsgalat\/wp-json\/wp\/v2\/users\/102104"}],"replies":[{"embeddable":true,"href":"https:\/\/semmelweis.hu\/dolgozoivizsgalat\/wp-json\/wp\/v2\/comments?post=222"}],"version-history":[{"count":5,"href":"https:\/\/semmelweis.hu\/dolgozoivizsgalat\/wp-json\/wp\/v2\/pages\/222\/revisions"}],"predecessor-version":[{"id":666,"href":"https:\/\/semmelweis.hu\/dolgozoivizsgalat\/wp-json\/wp\/v2\/pages\/222\/revisions\/666"}],"up":[{"embeddable":true,"href":"https:\/\/semmelweis.hu\/dolgozoivizsgalat\/wp-json\/wp\/v2\/pages\/66"}],"wp:attachment":[{"href":"https:\/\/semmelweis.hu\/dolgozoivizsgalat\/wp-json\/wp\/v2\/media?parent=222"}],"wp:term":[{"taxonomy":"category","embeddable":true,"href":"https:\/\/semmelweis.hu\/dolgozoivizsgalat\/wp-json\/wp\/v2\/categories?post=222"},{"taxonomy":"post_tag","embeddable":true,"href":"https:\/\/semmelweis.hu\/dolgozoivizsgalat\/wp-json\/wp\/v2\/tags?post=222"}],"curies":[{"name":"wp","href":"https:\/\/api.w.org\/{rel}","templated":true}]}}