{"id":209,"date":"2023-10-23T17:21:09","date_gmt":"2023-10-23T15:21:09","guid":{"rendered":"https:\/\/semmelweis.hu\/dolgozoivizsgalat\/?page_id=209"},"modified":"2024-05-28T14:35:35","modified_gmt":"2024-05-28T12:35:35","slug":"hozzajarulo-nyilatkozat-kerdoiv","status":"publish","type":"page","link":"https:\/\/semmelweis.hu\/dolgozoivizsgalat\/semmelweis-study-bemutatasa\/fontos-informaciok\/hozzajarulo-nyilatkozat-kerdoiv\/","title":{"rendered":"Hozz\u00e1j\u00e1rul\u00f3 Nyilatkozat  &#8211; K\u00e9rd\u0151\u00edv"},"content":{"rendered":"<p><strong>8 jegy\u0171 vizsg\u00e1lati azonos\u00edt\u00f3:<\/strong><\/p>\n<p style=\"text-align: center\"><strong>HOZZ\u00c1J\u00c1RUL\u00d3 NYILATKOZAT<\/strong><\/p>\n<p style=\"text-align: center\"><strong>K\u00e9rd\u0151\u00edvhez \u00e9s k\u00e9s\u0151bbi megkeres\u00e9shez<\/strong><\/p>\n<p style=\"text-align: center\"><strong>\u00a0<\/strong><\/p>\n<p style=\"text-align: center\"><strong>A jelen vizsg\u00e1lat c\u00edme<\/strong>: Semmelweis Study &#8211; prospekt\u00edv munkahelyi kohorsz vizsg\u00e1lat<\/p>\n<p style=\"text-align: center\"><strong>\u00a0<\/strong><\/p>\n<p style=\"text-align: center\"><strong>K\u00f6sz\u00f6nj\u00fck, hogy elolvasta a Semmelweis Study t\u00e1j\u00e9koztat\u00f3 anyagait. K\u00e9rj\u00fck, olvassa el ezt a Beleegyez\u0151 Nyilatkozatot. A k\u00e9rd\u0151\u00edvben val\u00f3 r\u00e9szv\u00e9tel \u00e9s felt\u00e9teleinek elfogad\u00e1sa, \u00e9s a k\u00e9s\u0151bbi megkeres\u00e9sbe val\u00f3 beleegyez\u00e9se eset\u00e9n x-je be a megfelel\u0151 kock\u00e1kat \u00e9s \u00edrja al\u00e1 a nyilatkozatot.<\/strong><\/p>\n<p>&nbsp;<\/p>\n<p><strong>Alul\u00edrott al\u00e1\u00edr\u00e1sommal kijelentem, hogy:<\/strong><\/p>\n<ul>\n<li>A Semmelweis Study t\u00e1j\u00e9koztat\u00f3 leveleit \u00e9s anyagait megkaptam \u00e9s elolvastam, tov\u00e1bb\u00e1 k\u00e9rd\u00e9seket tehettem fel a kutat\u00e1sr\u00f3l.<\/li>\n<li>Elegend\u0151 id\u0151 \u00e1llt rendelkez\u00e9semre, hogy \u00e1tgondoljam a vizsg\u00e1latban val\u00f3 r\u00e9szv\u00e9telt.<\/li>\n<li>Elfogadom az Adatkezel\u00e9si T\u00e1j\u00e9koztat\u00f3t.<\/li>\n<li>Meg\u00e9rtettem, hogy a k\u00e9rd\u0151\u00edvet vagy annak b\u00e1rmely r\u00e9sz\u00e9t, b\u00e1rmikor, minden indokl\u00e1s n\u00e9lk\u00fcl abbahagyhatom, ezt sz\u00f3ban vagy \u00edr\u00e1sban jelezve, \u00e9s ez nem befoly\u00e1solja t\u00f6rv\u00e9nyes jogaimat.<\/li>\n<li>Meg\u00e9rtettem, hogy a k\u00e9rd\u0151\u00edvre adott v\u00e1laszaimat a r\u00e9szletes t\u00e1j\u00e9koztat\u00f3 lev\u00e9lben le\u00edrtak szerint felhaszn\u00e1lhatj\u00e1k.<\/li>\n<li>Meg\u00e9rtettem \u00e9s hozz\u00e1j\u00e1rulok, hogy a jelen Hozz\u00e1j\u00e1rul\u00e1si Nyilatkozat keret\u00e9ben megadott szem\u00e9lyes adataimat:<\/li>\n<li>Inform\u00e1ci\u00f3s \u00f6nrendelkez\u00e9si jogr\u00f3l \u00e9s az inform\u00e1ci\u00f3szabads\u00e1gr\u00f3l sz\u00f3l\u00f3 2011. \u00e9vi CXII. t\u00f6rv\u00e9ny, valamint az Eur\u00f3pai Parlament \u00e9s a Tan\u00e1cs (EU) 2016\/679 rendelete (2016. \u00e1prilis 27.) \u2013 a term\u00e9szetes szem\u00e9lyeknek a szem\u00e9lyes adatok kezel\u00e9se tekintet\u00e9ben t\u00f6rt\u00e9n\u0151 v\u00e9delm\u00e9r\u0151l \u00e9s az ilyen adatok szabad \u00e1raml\u00e1s\u00e1r\u00f3l, valamint a 95\/46\/EK rendelet hat\u00e1lyon k\u00edv\u00fcl helyez\u00e9s\u00e9r\u0151l (\u00e1ltal\u00e1nos adatv\u00e9delmi rendelet, GDPR) el\u0151\u00edr\u00e1sainak megfelel\u0151en kezelje jelen nyilatkozat kelt\u00e9t\u0151l sz\u00e1m\u00edtott 50 \u00e9vig vagy visszavon\u00e1sig;\n<ul>\n<li>Kiz\u00e1r\u00f3lag a kutat\u00e1si azonos\u00edt\u00f3 sz\u00e1mommal azonos\u00edts\u00e1k;<\/li>\n<li>A t\u00e1j\u00e9koztat\u00f3 levelekben \u00e9s az adatkezel\u00e9si t\u00e1j\u00e9koztat\u00f3ban r\u00e9szletezettek szerint kutat\u00e1si c\u00e9lokra a Semmelweis Study kutat\u00e1si k\u00e9pvisel\u0151i \u00e9s kutat\u00f3i megkapj\u00e1k, megtekints\u00e9k \u00e9s feldolgozz\u00e1k;<\/li>\n<li>Szem\u00e9lyazonos\u00edt\u00e1sra alkalmatlan m\u00f3don az enged\u00e9lyez\u0151 hat\u00f3s\u00e1g megtekintse \u00e9s ellen\u0151rizze, \u00e9s a k\u00f6zponti vagy helyi etikai bizotts\u00e1gok megtekints\u00e9k;<\/li>\n<li>Szem\u00e9lyazonos\u00edt\u00e1sra alkalmatlan m\u00f3don elk\u00fcldj\u00e9k az enged\u00e9lyez\u0151 hat\u00f3s\u00e1goknak, \u00e9s<\/li>\n<li>Szem\u00e9lyazonos\u00edt\u00e1sra alkalmatlan m\u00f3don kutat\u00e1si c\u00e9lra el\u00e9rhet\u0151v\u00e9 tegy\u00e9k nemzetk\u00f6zi \u00f6sszehasonl\u00edt\u00f3 vizsg\u00e1latokhoz.<\/li>\n<\/ul>\n<\/li>\n<li>Beleegyezem, hogy k\u00e9s\u0151bbi id\u0151pont(ok)ban is felkereshetnek, hogy ezzel vagy m\u00e1s hasonl\u00f3 alvizsg\u00e1lattal kapcsolatban beleegyez\u00e9st vagy hozz\u00e1j\u00e1rul\u00e1st k\u00e9rjenek t\u0151lem. \u00a0<\/li>\n<\/ul>\n<p>&nbsp;<\/p>\n<ul>\n<li>A fentiek szerint \u00d6nk\u00e9nt \u00e9s befoly\u00e1sol\u00e1st\u00f3l mentesen, beleegyezem a jelen kutat\u00e1s k\u00e9rd\u0151\u00edves adatfelv\u00e9tel\u00e9ben val\u00f3 r\u00e9szv\u00e9telbe.<\/li>\n<li>Kifejezetten enged\u00e9lyezem, hogy a Semmelweis Study vizsg\u00e1lati r\u00e9sz\u00e9hez sz\u00fcks\u00e9ges id\u0151pontegyeztet\u00e9s \u00e9s az eg\u00e9szs\u00e9g\u00fcgyi rendszerben keletkez\u0151 adataimhoz val\u00f3 hozz\u00e1f\u00e9r\u00e9s enged\u00e9lyez\u00e9se c\u00e9lj\u00e1b\u00f3l a lenti el\u00e9rhet\u0151s\u00e9gen megkereshessenek.<\/li>\n<\/ul>\n<p>A jelen dokumentum al\u00e1\u00edr\u00e1s\u00e1val beleegyezem a Semmelweis Study k\u00e9rd\u0151\u00edves adatfelv\u00e9tel\u00e9ben val\u00f3 r\u00e9szv\u00e9telbe, a t\u00e1j\u00e9koztat\u00f3 lev\u00e9lben \u00e9s jelen hozz\u00e1j\u00e1rul\u00f3 nyilatkozatban r\u00e9szletezettek szerint.<\/p>\n<p>&nbsp;<\/p>\n<p>N\u00e9v (nagybet\u0171vel): _______________________________________________<\/p>\n<p>Anyja neve: _____________________________________________________<\/p>\n<p>Sz\u00fclet\u00e9si helye \u00e9s ideje: ____________________________________________<\/p>\n<p>Lakc\u00edme: ________________________________________________________<\/p>\n<p>&nbsp;<\/p>\n<p>A vizsg\u00e1lati szem\u00e9ly el\u00e9rhet\u0151s\u00e9ge:<\/p>\n<p>E-mail:__________________________________________________<\/p>\n<p>Telefon (mobil):___________________________________________<\/p>\n<p>Telefon (munkahelyi):______________________________________<\/p>\n<p>&nbsp;<\/p>\n<p>D\u00e1tum (saj\u00e1t k\u00e9z\u00edr\u00e1ssal): ____________, \u00e9v: _____, h\u00f3: _________nap: ______<\/p>\n<p>&nbsp;<\/p>\n<p>Al\u00e1\u00edr\u00e1s (a vizsg\u00e1lati szem\u00e9ly saj\u00e1t k\u00e9z\u00edr\u00e1s\u00e1val):__________________________<\/p>\n<p>&nbsp;<\/p>\n<p>&nbsp;<\/p>\n<p><strong>\u00a0<\/strong><\/p>\n<p>&nbsp;<\/p>\n","protected":false},"excerpt":{"rendered":"<p>8 jegy\u0171 vizsg\u00e1lati azonos\u00edt\u00f3: HOZZ\u00c1J\u00c1RUL\u00d3 NYILATKOZAT K\u00e9rd\u0151\u00edvhez \u00e9s k\u00e9s\u0151bbi megkeres\u00e9shez \u00a0 A jelen vizsg\u00e1lat c\u00edme: Semmelweis Study &#8211; prospekt\u00edv munkahelyi kohorsz vizsg\u00e1lat \u00a0 K\u00f6sz\u00f6nj\u00fck, hogy elolvasta a Semmelweis Study t\u00e1j\u00e9koztat\u00f3 anyagait. K\u00e9rj\u00fck, olvassa el ezt a Beleegyez\u0151 Nyilatkozatot. A k\u00e9rd\u0151\u00edvben val\u00f3 r\u00e9szv\u00e9tel \u00e9s felt\u00e9teleinek elfogad\u00e1sa, \u00e9s a k\u00e9s\u0151bbi megkeres\u00e9sbe val\u00f3 beleegyez\u00e9se eset\u00e9n x-je be a &hellip;<\/p>\n","protected":false},"author":102104,"featured_media":0,"parent":66,"menu_order":0,"comment_status":"closed","ping_status":"closed","template":"","meta":{"_acf_changed":false,"footnotes":""},"categories":[],"tags":[],"class_list":["post-209","page","type-page","status-publish","hentry"],"acf":[],"_links":{"self":[{"href":"https:\/\/semmelweis.hu\/dolgozoivizsgalat\/wp-json\/wp\/v2\/pages\/209","targetHints":{"allow":["GET"]}}],"collection":[{"href":"https:\/\/semmelweis.hu\/dolgozoivizsgalat\/wp-json\/wp\/v2\/pages"}],"about":[{"href":"https:\/\/semmelweis.hu\/dolgozoivizsgalat\/wp-json\/wp\/v2\/types\/page"}],"author":[{"embeddable":true,"href":"https:\/\/semmelweis.hu\/dolgozoivizsgalat\/wp-json\/wp\/v2\/users\/102104"}],"replies":[{"embeddable":true,"href":"https:\/\/semmelweis.hu\/dolgozoivizsgalat\/wp-json\/wp\/v2\/comments?post=209"}],"version-history":[{"count":5,"href":"https:\/\/semmelweis.hu\/dolgozoivizsgalat\/wp-json\/wp\/v2\/pages\/209\/revisions"}],"predecessor-version":[{"id":669,"href":"https:\/\/semmelweis.hu\/dolgozoivizsgalat\/wp-json\/wp\/v2\/pages\/209\/revisions\/669"}],"up":[{"embeddable":true,"href":"https:\/\/semmelweis.hu\/dolgozoivizsgalat\/wp-json\/wp\/v2\/pages\/66"}],"wp:attachment":[{"href":"https:\/\/semmelweis.hu\/dolgozoivizsgalat\/wp-json\/wp\/v2\/media?parent=209"}],"wp:term":[{"taxonomy":"category","embeddable":true,"href":"https:\/\/semmelweis.hu\/dolgozoivizsgalat\/wp-json\/wp\/v2\/categories?post=209"},{"taxonomy":"post_tag","embeddable":true,"href":"https:\/\/semmelweis.hu\/dolgozoivizsgalat\/wp-json\/wp\/v2\/tags?post=209"}],"curies":[{"name":"wp","href":"https:\/\/api.w.org\/{rel}","templated":true}]}}