{"id":151,"date":"2023-06-08T13:52:30","date_gmt":"2023-06-08T11:52:30","guid":{"rendered":"https:\/\/semmelweis.hu\/dolgozoivizsgalat\/?page_id=151"},"modified":"2026-02-24T08:40:08","modified_gmt":"2026-02-24T07:40:08","slug":"se-study-idopontfoglalo","status":"publish","type":"page","link":"https:\/\/semmelweis.hu\/dolgozoivizsgalat\/se-study-idopontfoglalo\/","title":{"rendered":"Id\u0151pontfoglal\u00e1s"},"content":{"rendered":"<div class=\"fontos_div\">\n<div>\n<div class=\"x_elementToProof\" style=\"text-align: center\">A Semmelweis Study dolgoz\u00f3i kutat\u00e1sban az<strong> Egyetem 25. \u00e9let\u00e9v\u00e9t bet\u00f6lt\u00f6tt<\/strong> <strong>munkav\u00e1llal\u00f3i vehetnek r\u00e9szt.<\/strong><\/div>\n<\/div>\n<\/div>\n<p style=\"text-align: center\"><span style=\"font-size: 18pt;color: #008000\">Az Egyetem vezet\u0151s\u00e9ge a Semmelweis\u00a0 Study vizsg\u00e1lataiban val\u00f3 r\u00e9szv\u00e9telre a napi munkaid\u0151b\u0151l 4 \u00f3r\u00e1t enged\u00e9lyez a k\u00f6zvetlen felettessel val\u00f3 egyeztet\u00e9s ut\u00e1n.\u00a0<\/span><\/p>\n<div class=\"fontos_div\">\n<div>\n<div class=\"x_elementToProof\">\u00a0<\/div>\n<\/div>\n<div id=\"dialog-description\" class=\"description breakword\" style=\"text-align: center\">Ezen az oldalon tud id\u0151pontot foglalni a kutat\u00e1s keret\u00e9ben v\u00e9gzett M\u0171szeres vizsg\u00e1latokra. A M\u0171szeres vizsg\u00e1latoknak nem r\u00e9sze a terhel\u00e9ses v\u00e9rcukor (OGTT) vizsg\u00e1lat.\u00a0<\/div>\n<div>\u00a0<\/div>\n<div class=\"description breakword\" style=\"text-align: center\">Az \u00d6n \u00e1ltal v\u00e1lasztott id\u0151pontr\u00f3l visszaigazol\u00f3 levelet fog kapni az \u00d6n \u00e1ltal megadott e-mail c\u00edmre, melyben sz\u00fcks\u00e9ges eset\u00e9n m\u00f3dos\u00edthatja is az id\u0151pontot.\u00a0 K\u00c9RJ\u00dcK ELLEN\u0150RIZZE A SPAM MAPP\u00c1T, EL\u0150FORDULHAT ODA \u00c9RKEZIK EL\u0150SZ\u00d6R.<\/div>\n<div class=\"description breakword\" style=\"text-align: center\">K\u00e9rj\u00fck ne felejtse, el a vizsg\u00e1latok el\u0151tt \u00e1tolvasni az <a href=\"https:\/\/semmelweis.hu\/dolgozoivizsgalat\/fontos-informaciok\/informacios-level-vizsgalatban-resztvevoknek\/)\">Inform\u00e1ci\u00f3s Levelet<\/a> \u00e9s TAJ-k\u00e1rty\u00e1j\u00e1t elhozni a vizsg\u00e1lati napra!<\/p>\n<\/div>\n<div style=\"text-align: center\">K\u00e9rd\u00e9s eset\u00e9n k\u00e9rj\u00fck a semmelweis.study@semmelweis.hu\u00a0 c\u00edmen keresse koll\u00e9g\u00e1inkat vagy a +3630 878 0597 illetve <span data-olk-copy-source=\"MessageBody\">+3620 663 2213<\/span>\u00a0sz\u00e1mon!<\/div>\n<div style=\"text-align: center\"><span style=\"background-color: transparent;text-align: left\"><span style=\"color: #008000\">A lefoglalt vizsg\u00e1lati id\u0151pont esetleges m\u00f3dos\u00edt\u00e1sakor k\u00e9rj\u00fck, legyen tekin<\/span><\/span><\/div>\n<div style=\"text-align: center\"><span style=\"background-color: transparent;text-align: left\"><span style=\"color: #008000\">tettel a m\u0171szeres vizsg\u00e1latokat v\u00e9gz\u0151 koll\u00e9g\u00e1ink szoros id\u0151beoszt\u00e1s\u00e1ra. A m\u00f3dos\u00edt\u00e1st lehet\u0151leg 3-4 nappal az id\u0151pont el\u0151tt tegye meg<\/span>.<\/span><\/div>\n<div>\n<div class=\"x_elementToProof\">\u00a0<\/div>\n<\/div>\n<\/div>\n<div class=\"description breakword\" style=\"text-align: center\"><span style=\"color: #3366ff\"><strong>K\u00e9rj\u00fck \u00fagy k\u00e9sz\u00fclj\u00f6n, hogy a m\u0171szeres vizsg\u00e1latok ak\u00e1r 3-4 \u00f3r\u00e1t is ig\u00e9nybe vehetnek!<\/strong><\/span><\/div>\n<div>\u00a0<\/div>\n<div class=\"description breakword fontos_div w-100\"><strong>\u00a0 \u00a0 \u00a0 \u00a0 \u00a0 \u00a0 \u00a0 \u00a0 \u00a0 \u00a0 \u00a0 \u00a0 \u00a0 \u00a0 \u00a0 \u00a0 \u00a0 Id\u0151pontfoglal\u00e1shoz k\u00e9rj\u00fck g\u00f6rgessen lejjebb!<\/strong><\/div>\n\n<!-- iframe plugin v.4.9 wordpress.org\/plugins\/iframe\/ -->\n<iframe loading=\"lazy\" src=\"https:\/\/outlook.office365.com\/owa\/calendar\/SemmelweisStudy_Probaidopontfoglalo@unisemmelweis.onmicrosoft.com\/bookings\/\" width=\"100%\" height=\"2800px\" scrolling=\"yes\" style=\"border:0\" class=\"iframe-class\" frameborder=\"0\"><\/iframe>\n\n","protected":false},"excerpt":{"rendered":"<p>A Semmelweis Study dolgoz\u00f3i kutat\u00e1sban az Egyetem 25. \u00e9let\u00e9v\u00e9t bet\u00f6lt\u00f6tt munkav\u00e1llal\u00f3i vehetnek r\u00e9szt. Az Egyetem vezet\u0151s\u00e9ge a Semmelweis\u00a0 Study vizsg\u00e1lataiban val\u00f3 r\u00e9szv\u00e9telre a napi munkaid\u0151b\u0151l 4 \u00f3r\u00e1t enged\u00e9lyez a k\u00f6zvetlen felettessel val\u00f3 egyeztet\u00e9s ut\u00e1n.\u00a0 \u00a0 Ezen az oldalon tud id\u0151pontot foglalni a kutat\u00e1s keret\u00e9ben v\u00e9gzett M\u0171szeres vizsg\u00e1latokra. A M\u0171szeres vizsg\u00e1latoknak nem r\u00e9sze a terhel\u00e9ses v\u00e9rcukor &hellip;<\/p>\n","protected":false},"author":102104,"featured_media":0,"parent":0,"menu_order":4,"comment_status":"closed","ping_status":"closed","template":"","meta":{"_acf_changed":false,"footnotes":""},"categories":[],"tags":[],"class_list":["post-151","page","type-page","status-publish","hentry"],"acf":[],"_links":{"self":[{"href":"https:\/\/semmelweis.hu\/dolgozoivizsgalat\/wp-json\/wp\/v2\/pages\/151","targetHints":{"allow":["GET"]}}],"collection":[{"href":"https:\/\/semmelweis.hu\/dolgozoivizsgalat\/wp-json\/wp\/v2\/pages"}],"about":[{"href":"https:\/\/semmelweis.hu\/dolgozoivizsgalat\/wp-json\/wp\/v2\/types\/page"}],"author":[{"embeddable":true,"href":"https:\/\/semmelweis.hu\/dolgozoivizsgalat\/wp-json\/wp\/v2\/users\/102104"}],"replies":[{"embeddable":true,"href":"https:\/\/semmelweis.hu\/dolgozoivizsgalat\/wp-json\/wp\/v2\/comments?post=151"}],"version-history":[{"count":11,"href":"https:\/\/semmelweis.hu\/dolgozoivizsgalat\/wp-json\/wp\/v2\/pages\/151\/revisions"}],"predecessor-version":[{"id":843,"href":"https:\/\/semmelweis.hu\/dolgozoivizsgalat\/wp-json\/wp\/v2\/pages\/151\/revisions\/843"}],"wp:attachment":[{"href":"https:\/\/semmelweis.hu\/dolgozoivizsgalat\/wp-json\/wp\/v2\/media?parent=151"}],"wp:term":[{"taxonomy":"category","embeddable":true,"href":"https:\/\/semmelweis.hu\/dolgozoivizsgalat\/wp-json\/wp\/v2\/categories?post=151"},{"taxonomy":"post_tag","embeddable":true,"href":"https:\/\/semmelweis.hu\/dolgozoivizsgalat\/wp-json\/wp\/v2\/tags?post=151"}],"curies":[{"name":"wp","href":"https:\/\/api.w.org\/{rel}","templated":true}]}}