{"id":964,"date":"2025-01-08T23:33:49","date_gmt":"2025-01-08T22:33:49","guid":{"rendered":"https:\/\/semmelweis.hu\/dok\/?page_id=964"},"modified":"2025-01-08T23:39:32","modified_gmt":"2025-01-08T22:39:32","slug":"dok_elnok_2025_kiiras","status":"publish","type":"page","link":"https:\/\/semmelweis.hu\/dok\/dokumentumok\/valasztasok\/dok_elnok_2025_kiiras\/","title":{"rendered":"V\u00e1laszt\u00e1si ki\u00edr\u00e1s &#8211; SE D\u00d6K eln\u00f6k 2025. janu\u00e1r"},"content":{"rendered":"<p style=\"text-align: center\"><span style=\"font-size: 24pt\"><strong>V\u00e1laszt\u00e1si ki\u00edr\u00e1s<\/strong><\/span><\/p>\n<p>&nbsp;<\/p>\n<p>A Semmelweis Egyetem Doktorandusz \u00d6nkorm\u00e1nyzata ny\u00edlt p\u00e1ly\u00e1zatot hirdet a D\u00d6K eln\u00f6k\u00e9nek tiszts\u00e9g\u00e9re. A tiszts\u00e9g 2025. janu\u00e1r 23-t\u00f3l (illetve ha a megv\u00e1laszt\u00e1sra k\u00e9s\u0151bb ker\u00fcl sor, akkor a megv\u00e1laszt\u00e1s napj\u00e1t\u00f3l) t\u00f6lthet\u0151 be, id\u0151tartam\u00e1t \u00e9s a tiszts\u00e9g megsz\u0171n\u00e9s\u00e9nek eseteit a D\u00d6K Alapszab\u00e1ly hat\u00e1rozza meg.<\/p>\n<p>Az SE D\u00d6K eln\u00f6ki tiszts\u00e9gre az egyetem Doktori Iskol\u00e1j\u00e1nak b\u00e1rmely doktorandusza vagy doktorjel\u00f6ltje v\u00e1laszthat\u00f3, aki a jel\u00f6l\u0151 id\u0151szakon bel\u00fcl \u00e9rv\u00e9nyes p\u00e1ly\u00e1zatot ny\u00fajtott be.<\/p>\n<p>Az eln\u00f6k feladatait az Alapszab\u00e1ly 9. \u00a7 hat\u00e1rozza meg. Az SE D\u00d6K eln\u00f6k\u00e9t az SE D\u00d6K V\u00e1lasztm\u00e1ny v\u00e1lasztja meg k\u00e9t\u00e9ves id\u0151tartamra.<\/p>\n<p>&nbsp;<\/p>\n<p>A p\u00e1ly\u00e1zatnak tartalmaznia kell<\/p>\n<ol>\n<li>a) jelentkez\u00e9si lapot,<\/li>\n<li>b) 15 napn\u00e1l nem r\u00e9gebbi hallgat\u00f3i jogviszony igazol\u00e1st,<\/li>\n<li>c) \u00f6n\u00e9letrajzot,<\/li>\n<li>d) motiv\u00e1ci\u00f3s levelet,<\/li>\n<li>e) v\u00e1laszt\u00e1si programtervet<\/li>\n<li>f) a jel\u00f6lt nyilatkozat\u00e1t, miszerint tiszts\u00e9gvisel\u0151i ideje az SE D\u00d6K-ben tiszts\u00e9gvisel\u0151k\u00e9nt t\u00f6lt\u00f6tt id\u0151t egybesz\u00e1m\u00edtva nem haladja meg a n\u00e9gy \u00e9vet,<\/li>\n<li>g) a p\u00e1ly\u00e1z\u00f3nak a p\u00e1ly\u00e1zata minden lapj\u00e1t al\u00e1\u00edr\u00e1s\u00e1val kell hiteles\u00edtenie.<\/li>\n<\/ol>\n<p>&nbsp;<\/p>\n<p>A p\u00e1ly\u00e1zat beny\u00fajt\u00e1s\u00e1ra nyitva \u00e1ll\u00f3 id\u0151 (jel\u00f6l\u0151 id\u0151szak): 2025. janu\u00e1r 15-21. (24:00)<\/p>\n<p>A beny\u00fajt\u00e1s m\u00f3dja: elektronikusan, a dok@phd.semmelweis-univ.hu c\u00edmre.<\/p>\n<p>&nbsp;<\/p>\n<p>Az SE D\u00d6K eln\u00f6k v\u00e1laszt\u00e1s\u00e1ra a jel\u00f6l\u0151 id\u0151szak lej\u00e1rt\u00e1t k\u00f6vet\u0151 els\u0151 v\u00e1lasztm\u00e1nyi \u00fcl\u00e9sen ker\u00fcl sor, az Alapszab\u00e1ly rendelkez\u00e9sei szerint.<\/p>\n<p>Az SE D\u00d6K eln\u00f6k v\u00e1laszt\u00e1s\u00e1t a ki\u00edr\u00e1st k\u00f6vet\u0151en a D\u00d6K honlapj\u00e1n \u00e9s lehet\u0151s\u00e9g szerint a Neptun-rendszerben is meg kell hirdetni, \u00e9s a ki\u00edr\u00e1st k\u00f6zz\u00e9 kell tenni.<\/p>\n<p>&nbsp;<\/p>\n<p>A v\u00e1laszt\u00e1sok lebonyol\u00edt\u00e1s\u00e1nak t\u00f6rv\u00e9nyess\u00e9g\u00e9\u00e9rt az Alapszab\u00e1lyban meghat\u00e1zott szerv felel\u0151s, a be\u00e9rkez\u0151 p\u00e1ly\u00e1zatokat e szerv ellen\u0151rzi.<\/p>\n<p>&nbsp;<\/p>\n<p>Jelen ki\u00edr\u00e1st elfogadta a D\u00d6K V\u00e1lasztm\u00e1nya 2025. janu\u00e1r 8-i hat\u00e1rozat\u00e1val. A D\u00d6K honlapj\u00e1n t\u00f6rt\u00e9n\u0151 k\u00f6zz\u00e9t\u00e9tel napja: 2025. janu\u00e1r 8.<\/p>\n<p>&nbsp;<\/p>\n<p>&nbsp;<\/p>\n<p>Budapest, 2025. janu\u00e1r 8.<\/p>\n<p style=\"text-align: center\">V\u00e1mosi P\u00e9ter sk.<br \/>az SE D\u00d6K \u00fcgyviv\u0151 eln\u00f6ke<\/p>\n","protected":false},"excerpt":{"rendered":"<p>V\u00e1laszt\u00e1si ki\u00edr\u00e1s &nbsp; A Semmelweis Egyetem Doktorandusz \u00d6nkorm\u00e1nyzata ny\u00edlt p\u00e1ly\u00e1zatot hirdet a D\u00d6K eln\u00f6k\u00e9nek tiszts\u00e9g\u00e9re. A tiszts\u00e9g 2025. janu\u00e1r 23-t\u00f3l (illetve ha a megv\u00e1laszt\u00e1sra k\u00e9s\u0151bb ker\u00fcl sor, akkor a megv\u00e1laszt\u00e1s napj\u00e1t\u00f3l) t\u00f6lthet\u0151 be, id\u0151tartam\u00e1t \u00e9s a tiszts\u00e9g megsz\u0171n\u00e9s\u00e9nek eseteit a D\u00d6K Alapszab\u00e1ly hat\u00e1rozza meg. Az SE D\u00d6K eln\u00f6ki tiszts\u00e9gre az egyetem Doktori Iskol\u00e1j\u00e1nak b\u00e1rmely doktorandusza &hellip;<\/p>\n","protected":false},"author":102450,"featured_media":0,"parent":962,"menu_order":0,"comment_status":"closed","ping_status":"closed","template":"","meta":{"_acf_changed":false,"footnotes":""},"categories":[],"tags":[],"class_list":["post-964","page","type-page","status-publish","hentry"],"acf":[],"_links":{"self":[{"href":"https:\/\/semmelweis.hu\/dok\/wp-json\/wp\/v2\/pages\/964","targetHints":{"allow":["GET"]}}],"collection":[{"href":"https:\/\/semmelweis.hu\/dok\/wp-json\/wp\/v2\/pages"}],"about":[{"href":"https:\/\/semmelweis.hu\/dok\/wp-json\/wp\/v2\/types\/page"}],"author":[{"embeddable":true,"href":"https:\/\/semmelweis.hu\/dok\/wp-json\/wp\/v2\/users\/102450"}],"replies":[{"embeddable":true,"href":"https:\/\/semmelweis.hu\/dok\/wp-json\/wp\/v2\/comments?post=964"}],"version-history":[{"count":2,"href":"https:\/\/semmelweis.hu\/dok\/wp-json\/wp\/v2\/pages\/964\/revisions"}],"predecessor-version":[{"id":972,"href":"https:\/\/semmelweis.hu\/dok\/wp-json\/wp\/v2\/pages\/964\/revisions\/972"}],"up":[{"embeddable":true,"href":"https:\/\/semmelweis.hu\/dok\/wp-json\/wp\/v2\/pages\/962"}],"wp:attachment":[{"href":"https:\/\/semmelweis.hu\/dok\/wp-json\/wp\/v2\/media?parent=964"}],"wp:term":[{"taxonomy":"category","embeddable":true,"href":"https:\/\/semmelweis.hu\/dok\/wp-json\/wp\/v2\/categories?post=964"},{"taxonomy":"post_tag","embeddable":true,"href":"https:\/\/semmelweis.hu\/dok\/wp-json\/wp\/v2\/tags?post=964"}],"curies":[{"name":"wp","href":"https:\/\/api.w.org\/{rel}","templated":true}]}}