{"id":486,"date":"2022-09-12T11:16:49","date_gmt":"2022-09-12T09:16:49","guid":{"rendered":"https:\/\/semmelweis.hu\/dok\/?page_id=486"},"modified":"2025-09-26T11:48:28","modified_gmt":"2025-09-26T09:48:28","slug":"valasztas-2022","status":"publish","type":"page","link":"https:\/\/semmelweis.hu\/dok\/valasztas-2022\/","title":{"rendered":"V\u00e1laszt\u00e1s 2022"},"content":{"rendered":"<p><a href=\"https:\/\/drive.google.com\/drive\/folders\/1khi-gNdU7p1-W9uAu_SbTgi8TcnXHVn8\">Vb hat\u00e1rozatok, jegyz\u0151k\u00f6nyv<\/a><\/p>\n","protected":false},"excerpt":{"rendered":"<p><a href=\"https:\/\/drive.google.com\/drive\/folders\/1khi-gNdU7p1-W9uAu_SbTgi8TcnXHVn8\">Vb hat\u00e1rozatok, jegyz\u0151k\u00f6nyv<\/a><\/p>\n","protected":false},"author":102029,"featured_media":0,"parent":0,"menu_order":0,"comment_status":"closed","ping_status":"closed","template":"","meta":{"_acf_changed":false,"footnotes":""},"categories":[],"tags":[],"class_list":["post-486","page","type-page","status-publish","hentry"],"acf":[],"_links":{"self":[{"href":"https:\/\/semmelweis.hu\/dok\/wp-json\/wp\/v2\/pages\/486","targetHints":{"allow":["GET"]}}],"collection":[{"href":"https:\/\/semmelweis.hu\/dok\/wp-json\/wp\/v2\/pages"}],"about":[{"href":"https:\/\/semmelweis.hu\/dok\/wp-json\/wp\/v2\/types\/page"}],"author":[{"embeddable":true,"href":"https:\/\/semmelweis.hu\/dok\/wp-json\/wp\/v2\/users\/102029"}],"replies":[{"embeddable":true,"href":"https:\/\/semmelweis.hu\/dok\/wp-json\/wp\/v2\/comments?post=486"}],"version-history":[{"count":2,"href":"https:\/\/semmelweis.hu\/dok\/wp-json\/wp\/v2\/pages\/486\/revisions"}],"predecessor-version":[{"id":491,"href":"https:\/\/semmelweis.hu\/dok\/wp-json\/wp\/v2\/pages\/486\/revisions\/491"}],"wp:attachment":[{"href":"https:\/\/semmelweis.hu\/dok\/wp-json\/wp\/v2\/media?parent=486"}],"wp:term":[{"taxonomy":"category","embeddable":true,"href":"https:\/\/semmelweis.hu\/dok\/wp-json\/wp\/v2\/categories?post=486"},{"taxonomy":"post_tag","embeddable":true,"href":"https:\/\/semmelweis.hu\/dok\/wp-json\/wp\/v2\/tags?post=486"}],"curies":[{"name":"wp","href":"https:\/\/api.w.org\/{rel}","templated":true}]}}