{"id":314,"date":"2021-07-29T22:10:52","date_gmt":"2021-07-29T20:10:52","guid":{"rendered":"https:\/\/semmelweis.hu\/dok\/?page_id=314"},"modified":"2025-11-05T20:21:01","modified_gmt":"2025-11-05T19:21:01","slug":"kozeleti-osztondij-palyazat","status":"publish","type":"page","link":"https:\/\/semmelweis.hu\/dok\/dokumentumok\/kozeleti-osztondij-palyazat\/","title":{"rendered":"K\u00f6z\u00e9leti \u00f6szt\u00f6nd\u00edj p\u00e1ly\u00e1zat"},"content":{"rendered":"<p style=\"text-align: justify\">A Semmelweis Egyetem Doktorandusz \u00d6nkorm\u00e1nyzat (D\u00d6K) \u00e1ltal az aktu\u00e1lis teljes\u00edt\u00e9si id\u0151szakra meghirdetett k\u00f6z\u00e9leti \u00f6szt\u00f6nd\u00edjra az al\u00e1bbi \u0171rlap kit\u00f6lt\u00e9s\u00e9vel \u00e9s a megfelel\u0151 teljes\u00edt\u00e9si id\u0151szakra vonatkoz\u00f3 besz\u00e1mol\u00f3 felt\u00f6lt\u00e9s\u00e9vel lehet p\u00e1ly\u00e1zni.<\/p>\n<p style=\"text-align: justify\">Csatolm\u00e1nyokn\u00e1l a prefer\u00e1lt f\u00e1jlform\u00e1tum a .pdf. <br \/>K\u00e9rj\u00fck, ne felejtse el besz\u00e1mol\u00f3j\u00e1ban megnevezni a Doktorandusz \u00d6nkorm\u00e1nyzatban esetlegesen bet\u00f6lt\u00f6tt poz\u00edci\u00f3j\u00e1t is!<\/p>\n<p>A p\u00e1ly\u00e1zathoz kit\u00f6ltend\u0151 besz\u00e1mol\u00f3 mintadokumentuma <strong><a href=\"https:\/\/unisemmelweis.sharepoint.com\/:w:\/s\/DOK\/EehxOtGI69FBrBxgu9X7S8ABclEaWVhY6e4cmuRnWlEL-A?e=THanlg\">itt \u00e9rhet\u0151 el<\/a><\/strong> az egyetemi O365 fi\u00f3kba val\u00f3 bejelentkez\u00e9st k\u00f6vet\u0151en.<\/p>\n\n<div class=\"wpcf7 no-js\" id=\"wpcf7-f316-o1\" lang=\"hu-HU\" dir=\"ltr\" data-wpcf7-id=\"316\">\n<div class=\"screen-reader-response\"><p role=\"status\" aria-live=\"polite\" aria-atomic=\"true\"><\/p> <ul><\/ul><\/div>\n<form action=\"\/dok\/wp-json\/wp\/v2\/pages\/314#wpcf7-f316-o1\" method=\"post\" class=\"wpcf7-form init\" aria-label=\"Kapcsolatfelv\u00e9teli \u0171rlap\" enctype=\"multipart\/form-data\" novalidate=\"novalidate\" data-status=\"init\">\n<div style=\"display: none;\">\n<input type=\"hidden\" name=\"_wpcf7\" value=\"316\" \/>\n<input type=\"hidden\" name=\"_wpcf7_version\" value=\"6.0.5\" \/>\n<input type=\"hidden\" name=\"_wpcf7_locale\" value=\"hu_HU\" \/>\n<input type=\"hidden\" name=\"_wpcf7_unit_tag\" value=\"wpcf7-f316-o1\" \/>\n<input type=\"hidden\" name=\"_wpcf7_container_post\" value=\"0\" \/>\n<input type=\"hidden\" name=\"_wpcf7_posted_data_hash\" value=\"\" \/>\n<input type=\"hidden\" name=\"_wpcf7_recaptcha_response\" value=\"\" \/>\n<\/div>\n<p><label> N\u00e9v* (k\u00f6telez\u0151)<br \/>\n<span class=\"wpcf7-form-control-wrap\" data-name=\"your-name\"><input size=\"40\" maxlength=\"400\" class=\"wpcf7-form-control wpcf7-text wpcf7-validates-as-required\" aria-required=\"true\" aria-invalid=\"false\" value=\"\" type=\"text\" name=\"your-name\" \/><\/span> <\/label>\n<\/p>\n<p><label> E-mail c\u00edm* (k\u00f6telez\u0151)<br \/>\n<span class=\"wpcf7-form-control-wrap\" data-name=\"your-email\"><input size=\"40\" maxlength=\"400\" class=\"wpcf7-form-control wpcf7-email wpcf7-validates-as-required wpcf7-text wpcf7-validates-as-email\" aria-required=\"true\" aria-invalid=\"false\" value=\"\" type=\"email\" name=\"your-email\" \/><\/span> <\/label>\n<\/p>\n<p><label> Doktori Tagozat* (k\u00f6telez\u0151)<br \/>\n<span class=\"wpcf7-form-control-wrap\" data-name=\"DI\"><select class=\"wpcf7-form-control wpcf7-select\" aria-invalid=\"false\" name=\"DI\"><option value=\"Sz\u00edv- \u00e9s \u00c9rgy\u00f3gy\u00e1szati Tagozat\">Sz\u00edv- \u00e9s \u00c9rgy\u00f3gy\u00e1szati Tagozat<\/option><option value=\"Fogorvostudom\u00e1nyi Tagozat\">Fogorvostudom\u00e1nyi Tagozat<\/option><option value=\"Operat\u00edv Orvostudom\u00e1nyi Tagozat\">Operat\u00edv Orvostudom\u00e1nyi Tagozat<\/option><option value=\"Elm\u00e9leti \u00e9s Transzl\u00e1ci\u00f3s Orvostudom\u00e1nyi Tagozat\">Elm\u00e9leti \u00e9s Transzl\u00e1ci\u00f3s Orvostudom\u00e1nyi Tagozat<\/option><option value=\"R\u00e1cz K\u00e1roly Konzervat\u00edv Orvostudom\u00e1nyi Tagozat\">R\u00e1cz K\u00e1roly Konzervat\u00edv Orvostudom\u00e1nyi Tagozat<\/option><option value=\"Gy\u00f3gyszertudom\u00e1nyok \u00e9s Eg\u00e9szs\u00e9g\u00fcgyi Technol\u00f3gi\u00e1k Tagozat\">Gy\u00f3gyszertudom\u00e1nyok \u00e9s Eg\u00e9szs\u00e9g\u00fcgyi Technol\u00f3gi\u00e1k Tagozat<\/option><option value=\"Ment\u00e1lis Eg\u00e9szs\u00e9gtudom\u00e1nyi Tagozat\">Ment\u00e1lis Eg\u00e9szs\u00e9gtudom\u00e1nyi Tagozat<\/option><option value=\"Eg\u00e9szs\u00e9gtudom\u00e1nyi Tagozat\">Eg\u00e9szs\u00e9gtudom\u00e1nyi Tagozat<\/option><option value=\"Szent\u00e1gothai J\u00e1nos Idegtudom\u00e1nyi Tagozat\">Szent\u00e1gothai J\u00e1nos Idegtudom\u00e1nyi Tagozat<\/option><option value=\"Molekul\u00e1ris Orvostudom\u00e1nyi Tagozat\">Molekul\u00e1ris Orvostudom\u00e1nyi Tagozat<\/option><option value=\"Patol\u00f3gia \u00e9s Onkol\u00f3gia Tagozat\">Patol\u00f3gia \u00e9s Onkol\u00f3gia Tagozat<\/option><option value=\"John Von Neumann Data Science Division\">John Von Neumann Data Science Division<\/option><option value=\"Klinikai Transzl\u00e1ci\u00f3s Medicina program (angol nyelven)\">Klinikai Transzl\u00e1ci\u00f3s Medicina program (angol nyelven)<\/option><option value=\"Nem SE Doktori Iskola\">Nem SE Doktori Iskola<\/option><\/select><\/span> <\/label>\n<\/p>\n<p><label> Neptun-k\u00f3d* (k\u00f6telez\u0151)<br \/>\n<span class=\"wpcf7-form-control-wrap\" data-name=\"your-neptun\"><input size=\"40\" maxlength=\"400\" class=\"wpcf7-form-control wpcf7-text wpcf7-validates-as-required\" aria-required=\"true\" aria-invalid=\"false\" value=\"\" type=\"text\" name=\"your-neptun\" \/><\/span> <\/label>\n<\/p>\n<p><label> Besz\u00e1mol\u00f3 a SE D\u00d6K k\u00f6tel\u00e9k\u00e9ben v\u00e9gzett k\u00f6z\u00e9leti tev\u00e9kenys\u00e9gekr\u0151l (megnevezve az SE D\u00d6K-ben bet\u00f6lt\u00f6tt esetleges poz\u00edci\u00f3t)* (k\u00f6telez\u0151)<br \/>\n<span class=\"wpcf7-form-control-wrap\" data-name=\"file-0\"><input size=\"40\" class=\"wpcf7-form-control wpcf7-file wpcf7-validates-as-required\" accept=\".pdf,.doc,.docx\" aria-required=\"true\" aria-invalid=\"false\" type=\"file\" name=\"file-0\" \/><\/span> <\/label>\n<\/p>\n<p><label> Megjegyz\u00e9s (nem k\u00f6telez\u0151)<br \/>\n<span class=\"wpcf7-form-control-wrap\" data-name=\"your-message\"><textarea cols=\"40\" rows=\"10\" maxlength=\"2000\" class=\"wpcf7-form-control wpcf7-textarea\" aria-invalid=\"false\" name=\"your-message\"><\/textarea><\/span> <\/label>\n<\/p>\n<p><input class=\"wpcf7-form-control wpcf7-submit has-spinner\" type=\"submit\" value=\"Bek\u00fcld\u00e9s\" \/>\n<\/p><div class=\"wpcf7-response-output\" aria-hidden=\"true\"><\/div>\n<\/form>\n<\/div>\n\n","protected":false},"excerpt":{"rendered":"<p>A Semmelweis Egyetem Doktorandusz \u00d6nkorm\u00e1nyzat (D\u00d6K) \u00e1ltal az aktu\u00e1lis teljes\u00edt\u00e9si id\u0151szakra meghirdetett k\u00f6z\u00e9leti \u00f6szt\u00f6nd\u00edjra az al\u00e1bbi \u0171rlap kit\u00f6lt\u00e9s\u00e9vel \u00e9s a megfelel\u0151 teljes\u00edt\u00e9si id\u0151szakra vonatkoz\u00f3 besz\u00e1mol\u00f3 felt\u00f6lt\u00e9s\u00e9vel lehet p\u00e1ly\u00e1zni. Csatolm\u00e1nyokn\u00e1l a prefer\u00e1lt f\u00e1jlform\u00e1tum a .pdf. K\u00e9rj\u00fck, ne felejtse el besz\u00e1mol\u00f3j\u00e1ban megnevezni a Doktorandusz \u00d6nkorm\u00e1nyzatban esetlegesen bet\u00f6lt\u00f6tt poz\u00edci\u00f3j\u00e1t is! A p\u00e1ly\u00e1zathoz kit\u00f6ltend\u0151 besz\u00e1mol\u00f3 mintadokumentuma <a href=\"https:\/\/unisemmelweis.sharepoint.com\/:w:\/s\/DOK\/EehxOtGI69FBrBxgu9X7S8ABclEaWVhY6e4cmuRnWlEL-A?e=THanlg\">itt \u00e9rhet\u0151 el<\/a> az egyetemi O365 &hellip;<\/p>\n","protected":false},"author":101158,"featured_media":0,"parent":76,"menu_order":5,"comment_status":"closed","ping_status":"closed","template":"","meta":{"_acf_changed":false,"footnotes":""},"categories":[],"tags":[],"class_list":["post-314","page","type-page","status-publish","hentry"],"acf":[],"_links":{"self":[{"href":"https:\/\/semmelweis.hu\/dok\/wp-json\/wp\/v2\/pages\/314","targetHints":{"allow":["GET"]}}],"collection":[{"href":"https:\/\/semmelweis.hu\/dok\/wp-json\/wp\/v2\/pages"}],"about":[{"href":"https:\/\/semmelweis.hu\/dok\/wp-json\/wp\/v2\/types\/page"}],"author":[{"embeddable":true,"href":"https:\/\/semmelweis.hu\/dok\/wp-json\/wp\/v2\/users\/101158"}],"replies":[{"embeddable":true,"href":"https:\/\/semmelweis.hu\/dok\/wp-json\/wp\/v2\/comments?post=314"}],"version-history":[{"count":10,"href":"https:\/\/semmelweis.hu\/dok\/wp-json\/wp\/v2\/pages\/314\/revisions"}],"predecessor-version":[{"id":1280,"href":"https:\/\/semmelweis.hu\/dok\/wp-json\/wp\/v2\/pages\/314\/revisions\/1280"}],"up":[{"embeddable":true,"href":"https:\/\/semmelweis.hu\/dok\/wp-json\/wp\/v2\/pages\/76"}],"wp:attachment":[{"href":"https:\/\/semmelweis.hu\/dok\/wp-json\/wp\/v2\/media?parent=314"}],"wp:term":[{"taxonomy":"category","embeddable":true,"href":"https:\/\/semmelweis.hu\/dok\/wp-json\/wp\/v2\/categories?post=314"},{"taxonomy":"post_tag","embeddable":true,"href":"https:\/\/semmelweis.hu\/dok\/wp-json\/wp\/v2\/tags?post=314"}],"curies":[{"name":"wp","href":"https:\/\/api.w.org\/{rel}","templated":true}]}}