{"id":1356,"date":"2025-12-20T15:07:24","date_gmt":"2025-12-20T14:07:24","guid":{"rendered":"https:\/\/semmelweis.hu\/dok\/?page_id=1356"},"modified":"2026-03-13T16:39:24","modified_gmt":"2026-03-13T15:39:24","slug":"assembly-of-delegates-election-2025-2026","status":"publish","type":"page","link":"https:\/\/semmelweis.hu\/dok\/en\/assembly-of-delegates-election-2025-2026\/","title":{"rendered":"Assembly of delegates election 2025\/2026"},"content":{"rendered":"<h1 style=\"text-align: center\" data-start=\"213\" data-end=\"278\">Assembly of delegates election 2025\/2026<\/h1>\n<p>&nbsp;<\/p>\n<p style=\"text-align: center\"><span style=\"font-family: Montserrat\"><strong>Jel\u00f6ltek<\/strong><\/span><\/p>\n<table style=\"border-collapse: collapse;width: 100.557%;height: 753px\">\n<tbody>\n<tr style=\"height: 64px\">\n<td style=\"width: 49.9443%;height: 64px\" width=\"317\"><span style=\"font-family: Montserrat\">Theoretical and Translational Medicine Division<\/span><\/td>\n<td style=\"width: 50.5017%;height: 64px\" width=\"170\"><span style=\"font-family: Montserrat\"><a href=\"https:\/\/semmelweis.hu\/dok\/files\/2026\/01\/Jelololap-Sz-Attila.pdf\">Dr. Szappanos Attila<\/a><\/span><\/td>\n<\/tr>\n<tr style=\"height: 33px\">\n<td style=\"width: 49.9443%;height: 33px\"><span style=\"font-family: Montserrat\">Health Sciences Division<\/span><\/td>\n<td style=\"width: 50.5017%;height: 33px\"><span style=\"font-family: Montserrat\"><a href=\"https:\/\/semmelweis.hu\/dok\/files\/2026\/01\/Jelololap-KozakOrsolya.pdf\">Koz\u00e1k Orsolya<\/a><\/span><\/td>\n<\/tr>\n<tr style=\"height: 33px\">\n<td style=\"width: 49.9443%;height: 33px\"><span style=\"font-family: Montserrat\">Dental Research Division<\/span><\/td>\n<td style=\"width: 50.5017%;height: 33px\"><span style=\"font-family: Montserrat\"><a href=\"https:\/\/semmelweis.hu\/dok\/files\/2026\/01\/Jelololap_baloghjulia.pdf\">Dr. Balogh J\u00falia Emma<\/a><\/span><\/td>\n<\/tr>\n<tr style=\"height: 33px\">\n<td style=\"width: 49.9443%;height: 33px\"><span style=\"font-family: Montserrat\">\u00a0<\/span><\/td>\n<td style=\"width: 50.5017%;height: 33px\"><span style=\"font-family: Montserrat\"><a href=\"https:\/\/semmelweis.hu\/dok\/files\/2026\/01\/Jelololap_BorbolaDaniel_2025.pdf\">Dr. Borbola D\u00e1niel J\u00f3zsef<\/a><\/span><\/td>\n<\/tr>\n<tr style=\"height: 33px\">\n<td style=\"width: 49.9443%;height: 33px\"><span style=\"font-family: Montserrat\">\u00a0<\/span><\/td>\n<td style=\"width: 50.5017%;height: 33px\"><span style=\"font-family: Montserrat\"><a href=\"https:\/\/semmelweis.hu\/dok\/files\/2026\/01\/Jelololap_HKS.pdf\">Dr. Haba Kata S\u00e1ra<\/a><\/span><\/td>\n<\/tr>\n<tr style=\"height: 33px\">\n<td style=\"width: 49.9443%;height: 33px\"><span style=\"font-family: Montserrat\">\u00a0<\/span><\/td>\n<td style=\"width: 50.5017%;height: 33px\"><span style=\"font-family: Montserrat\"><a href=\"https:\/\/semmelweis.hu\/dok\/files\/2026\/01\/Dr_Keskeny_Gyorgy_Arpad_Jelololap.pdf\">Dr. Keskeny Gy\u00f6rgy \u00c1rp\u00e1d<\/a><\/span><\/td>\n<\/tr>\n<tr style=\"height: 33px\">\n<td style=\"width: 49.9443%;height: 33px\"><span style=\"font-family: Montserrat\">\u00a0<\/span><\/td>\n<td style=\"width: 50.5017%;height: 33px\"><span style=\"font-family: Montserrat\"><a href=\"https:\/\/semmelweis.hu\/dok\/files\/2026\/01\/Jelololap_MAE.pdf\">Dr. M\u00f3zes Ad\u00e9l Eszter<\/a><\/span><\/td>\n<\/tr>\n<tr style=\"height: 33px\">\n<td style=\"width: 49.9443%;height: 33px\" width=\"317\"><span style=\"font-family: Montserrat\">\u00a0<\/span><\/td>\n<td style=\"width: 50.5017%;height: 33px\" width=\"170\"><span style=\"font-family: Montserrat\"><a href=\"https:\/\/semmelweis.hu\/dok\/files\/2026\/01\/Jelololap_SzellAdrienn.pdf\">Dr. Sz\u00e9ll Adrienn<\/a><\/span><\/td>\n<\/tr>\n<tr style=\"height: 64px\">\n<td style=\"width: 49.9443%;height: 64px\" width=\"317\"><span style=\"font-family: Montserrat\">Pharmaceutical Sciences and Health Technologies Division<\/span><\/td>\n<td style=\"width: 50.5017%;height: 64px\"><span style=\"font-family: Montserrat\"><a href=\"https:\/\/semmelweis.hu\/dok\/files\/2026\/01\/Jelololap_Artner_Anna.pdf\">Dr. Artner Anna<\/a><\/span><\/td>\n<\/tr>\n<tr style=\"height: 33px\">\n<td style=\"width: 49.9443%;height: 33px\"><span style=\"font-family: Montserrat\">Molecular Medicine Division<\/span><\/td>\n<td style=\"width: 50.5017%;height: 33px\"><span style=\"font-family: Montserrat\"><a href=\"https:\/\/semmelweis.hu\/dok\/files\/2026\/01\/Jelololap_SA.pdf\">So\u00f3s \u00c1d\u00e1m<\/a><\/span><\/td>\n<\/tr>\n<tr style=\"height: 33px\">\n<td style=\"width: 49.9443%;height: 33px\" width=\"317\"><span style=\"font-family: Montserrat\">Pathological and Oncological Division<\/span><\/td>\n<td style=\"width: 50.5017%;height: 33px\" width=\"170\"><span style=\"font-family: Montserrat\"><a href=\"https:\/\/semmelweis.hu\/dok\/files\/2026\/01\/Jelololap_Sz_P.pdf\">Szab\u00f3 Patrik J\u00f3zsef<\/a><\/span><\/td>\n<\/tr>\n<tr style=\"height: 64px\">\n<td style=\"width: 49.9443%;height: 64px\"><span style=\"font-family: Montserrat\">K\u00e1roly R\u00e1cz Conservative Medicine Division<\/span><\/td>\n<td style=\"width: 50.5017%;height: 64px\"><span style=\"font-family: Montserrat\"><a href=\"https:\/\/semmelweis.hu\/dok\/files\/2026\/01\/Jelololap_Sipos_Botond.pdf\">Sipos Botond<\/a><\/span><\/td>\n<\/tr>\n<tr style=\"height: 33px\">\n<td style=\"width: 49.9443%;height: 33px\"><span style=\"font-family: Montserrat\">\u00a0<\/span><\/td>\n<td style=\"width: 50.5017%;height: 33px\"><span style=\"font-family: Montserrat\"><a href=\"https:\/\/semmelweis.hu\/dok\/files\/2026\/01\/Jelololap_YK.pdf\">Dr. Yahya Kamel<\/a><\/span><\/td>\n<\/tr>\n<tr style=\"height: 33px\">\n<td style=\"width: 49.9443%;height: 33px\"><span style=\"font-family: Montserrat\">\u00a0<\/span><\/td>\n<td style=\"width: 50.5017%;height: 33px\"><span style=\"font-family: Montserrat\"><a href=\"https:\/\/semmelweis.hu\/dok\/files\/2026\/01\/Jelololap_Farkas-Emese.pdf\">Farkas Emese Vivien<\/a><\/span><\/td>\n<\/tr>\n<tr style=\"height: 33px\">\n<td style=\"width: 49.9443%;height: 33px\"><span style=\"font-family: Montserrat\">\u00a0<\/span><\/td>\n<td style=\"width: 50.5017%;height: 33px\"><span style=\"font-family: Montserrat\"><a href=\"https:\/\/semmelweis.hu\/dok\/files\/2026\/01\/Jelololap_PM.pdf\">Dr. Posta M\u00e1t\u00e9<\/a><\/span><\/td>\n<\/tr>\n<tr style=\"height: 33px\">\n<td style=\"width: 49.9443%;height: 33px\"><span style=\"font-family: Montserrat\">\u00a0<\/span><\/td>\n<td style=\"width: 50.5017%;height: 33px\"><span style=\"font-family: Montserrat\"><a href=\"https:\/\/semmelweis.hu\/dok\/files\/2026\/01\/Jelololap-Janko-Arpad.pdf\">Dr. Jank\u00f3 \u00c1rp\u00e1d \u00c1goston<\/a><\/span><\/td>\n<\/tr>\n<tr style=\"height: 33px\">\n<td style=\"width: 49.9443%;height: 33px\"><span style=\"font-family: Montserrat\">J\u00e1nos Szent\u00e1gothai Neurosciences Division<\/span><\/td>\n<td style=\"width: 50.5017%;height: 33px\"><span style=\"font-family: Montserrat\"><a href=\"https:\/\/semmelweis.hu\/dok\/files\/2026\/01\/Jelololap_Dr_Vizi_Peter_Mark.pdf\">Dr. Vizi P\u00e9ter M\u00e1rk<\/a><\/span><\/td>\n<\/tr>\n<tr style=\"height: 33px\">\n<td style=\"width: 49.9443%;height: 33px\"><span style=\"font-family: Montserrat\">\u00a0<\/span><\/td>\n<td style=\"width: 50.5017%;height: 33px\"><span style=\"font-family: Montserrat\"><a href=\"https:\/\/semmelweis.hu\/dok\/files\/2026\/01\/Jelololap_BAV.pdf\">Bakacsi Anna Vir\u00e1g<\/a><\/span><\/td>\n<\/tr>\n<tr style=\"height: 33px\">\n<td style=\"width: 49.9443%;height: 33px\"><span style=\"font-family: Montserrat\">Cardiovascular Medicine and Research Division<\/span><\/td>\n<td style=\"width: 50.5017%;height: 33px\"><span style=\"font-family: Montserrat\"><a href=\"https:\/\/semmelweis.hu\/dok\/files\/2026\/01\/Jelololap_Dr.-Orban-Gabor_nem-alairt.pdf\">Dr. Orb\u00e1n G\u00e1bor<\/a><\/span><\/td>\n<\/tr>\n<tr style=\"height: 33px\">\n<td style=\"width: 49.9443%;height: 33px\"><span style=\"font-family: Montserrat\">\u00a0<\/span><\/td>\n<td style=\"width: 50.5017%;height: 33px\"><span style=\"font-family: Montserrat\"><a href=\"https:\/\/semmelweis.hu\/dok\/files\/2026\/01\/Jelololap-Dr.-Tolvaj-Mate-Balazs.pdf\">Dr. Tolvaj M\u00e1t\u00e9<\/a><\/span><\/td>\n<\/tr>\n<\/tbody>\n<\/table>\n<div>\u00a0<\/div>\n<div class=\"fontos_div\">\n<p><strong>Dear Doctoral Students\/Doctoral Candidates!<\/strong><\/p>\n<p>&nbsp;<\/p>\n<p>According to the valid statutes of the Doctoral Students&#8217; Union, an election is announced for the future members of the Assembly of Delegates:<\/p>\n<p>During the election, a number of members corresponding to the mandates of the organization may be elected, in this case a maximum of nineteen persons. (D\u00d6K Statutes IV.1. \u00a713 (3))<\/p>\n<p>The EXTENDED periods of the election are as follows:<\/p>\n<p>&nbsp;<\/p>\n<p>Nomination period: 20 December 2025 \u2013 13 January 2026, 23:59<br \/>Voting period: 16 January 2026 \u2013 31 March 2026<\/p>\n<p>&nbsp;<\/p>\n<p>The voting period will be extended until the validity condition defined by<\/p>\n<p>the Nftv. is fulfilled. After the nomination period, the introductions of the candidates running in the election will be published on the D\u00d6K website. This way, participants may vote after getting to know the candidates, their plans, and their goals.<\/p>\n<p>&nbsp;<\/p>\n<p>Conduct of the election:<\/p>\n<p>&nbsp;<\/p>\n<p>The election is organized by the Election Committee established for this purpose, following the election procedures defined in the statutes.<br \/>Voting takes place electronically through the NEPTUN UniPoll system.<\/p>\n<p>Every doctoral student and doctoral candidate may vote for up to 19 persons from among all candidates.<br \/>In the event of a tie that affects the acquisition of a mandate, the person or persons obtaining the mandate will be determined by a drawing of lots conducted by the Election Committee.<\/p>\n<p>&nbsp;<\/p>\n<p>The vote is valid if the active student\/pre-doctoral student of the doctoral school indicates their intention to vote through the online system.<\/p>\n<p>The rules for legal remedy are included in the Statutes.<\/p>\n<p>Members of the Election Committee: Dr. M\u00e1t\u00e9 Posta, Orsolya Koz\u00e1k, \u00c1d\u00e1m So\u00f3s<br \/>For matters related to the election, the members of the Election Committee can be reached at the following email address: dok@semmelweis.hu<\/p>\n<p>&nbsp;<\/p>\n<p><!--StartFragment --><\/p>\n<p>Nomination:<\/p>\n<p>&nbsp;<\/p>\n<p>Any doctoral student or doctoral candidate of the Doctoral School of Semmelweis University with an active student status or doctoral candidate status may nominate themselves.<\/p>\n<p>&nbsp;<\/p>\n<p>Nomination is carried out by sending a <a href=\"https:\/\/semmelweis.hu\/dok\/files\/2025\/12\/Adatlap_Valasztmany_Tagvalasztas_EN.docx\"><strong>data sheet<\/strong><\/a> (name, name of doctoral program, a photograph of oneself, phone number, email address), a <a href=\"https:\/\/semmelweis.hu\/dok\/files\/2025\/12\/Jelololap_EN.docx\"><strong>nomination sheet<\/strong> <\/a>(name, short introduction, and a paragraph describing motivations, goals, and plans, in a maximum of 2 A4 pages) and <strong><a href=\"https:\/\/semmelweis.hu\/dok\/files\/2025\/12\/Adatkezelesi-Nyilatkozat-angol.docx\">privacy statement<\/a><\/strong> to the email address dok@semmelweis.hu, completed in full and submitted as three separate PDF documents. Templates for documents are available at the links above.<\/p>\n<p>&nbsp;<\/p>\n<p>On the website, the nomination sheet will be published; the data sheet will be handled confidentially by the D\u00d6K. In case of formal errors, a one-time opportunity for correction may be provided under identical conditions for all affected individuals, but this is not mandatory.<\/p>\n<p>&nbsp;<\/p>\n<p>We welcome all candidates and encourage every Doctoral Student and Doctoral Candidate of the Doctoral School to participate in the election!<\/p>\n<p>&nbsp;<\/p>\n<p>Budapest, 20 December 2025<\/p>\n<p>&nbsp;<\/p>\n<p>Dr. Patrik Kriszti\u00e1n Kreuter<br \/>President, SE D\u00d6K<\/p>\n<p>&nbsp;<\/p>\n<\/div>\n<p>&nbsp;<\/p>\n<p><!--EndFragment --><\/p>\n","protected":false},"excerpt":{"rendered":"<p>Assembly of delegates election 2025\/2026 &nbsp; Jel\u00f6ltek Theoretical and Translational Medicine Division <a href=\"https:\/\/semmelweis.hu\/dok\/files\/2026\/01\/Jelololap-Sz-Attila.pdf\">Dr. Szappanos Attila<\/a> Health Sciences Division <a href=\"https:\/\/semmelweis.hu\/dok\/files\/2026\/01\/Jelololap-KozakOrsolya.pdf\">Koz\u00e1k Orsolya<\/a> Dental Research Division <a href=\"https:\/\/semmelweis.hu\/dok\/files\/2026\/01\/Jelololap_baloghjulia.pdf\">Dr. Balogh J\u00falia Emma<\/a> \u00a0 <a href=\"https:\/\/semmelweis.hu\/dok\/files\/2026\/01\/Jelololap_BorbolaDaniel_2025.pdf\">Dr. Borbola D\u00e1niel J\u00f3zsef<\/a> \u00a0 <a href=\"https:\/\/semmelweis.hu\/dok\/files\/2026\/01\/Jelololap_HKS.pdf\">Dr. Haba Kata S\u00e1ra<\/a> \u00a0 <a href=\"https:\/\/semmelweis.hu\/dok\/files\/2026\/01\/Dr_Keskeny_Gyorgy_Arpad_Jelololap.pdf\">Dr. Keskeny Gy\u00f6rgy \u00c1rp\u00e1d<\/a> \u00a0 <a href=\"https:\/\/semmelweis.hu\/dok\/files\/2026\/01\/Jelololap_MAE.pdf\">Dr. M\u00f3zes Ad\u00e9l Eszter<\/a> \u00a0 <a href=\"https:\/\/semmelweis.hu\/dok\/files\/2026\/01\/Jelololap_SzellAdrienn.pdf\">Dr. Sz\u00e9ll Adrienn<\/a> Pharmaceutical Sciences and Health Technologies Division <a href=\"https:\/\/semmelweis.hu\/dok\/files\/2026\/01\/Jelololap_Artner_Anna.pdf\">Dr. Artner Anna<\/a> Molecular Medicine Division <a href=\"https:\/\/semmelweis.hu\/dok\/files\/2026\/01\/Jelololap_SA.pdf\">So\u00f3s \u00c1d\u00e1m<\/a> Pathological and Oncological Division <a href=\"https:\/\/semmelweis.hu\/dok\/files\/2026\/01\/Jelololap_Sz_P.pdf\">Szab\u00f3 Patrik J\u00f3zsef<\/a> K\u00e1roly R\u00e1cz Conservative Medicine Division <a href=\"https:\/\/semmelweis.hu\/dok\/files\/2026\/01\/Jelololap_Sipos_Botond.pdf\">Sipos Botond<\/a> \u00a0 <a href=\"https:\/\/semmelweis.hu\/dok\/files\/2026\/01\/Jelololap_YK.pdf\">Dr. Yahya Kamel<\/a> \u00a0 <a href=\"https:\/\/semmelweis.hu\/dok\/files\/2026\/01\/Jelololap_Farkas-Emese.pdf\">Farkas Emese Vivien<\/a> \u00a0 <a href=\"https:\/\/semmelweis.hu\/dok\/files\/2026\/01\/Jelololap_PM.pdf\">Dr. Posta M\u00e1t\u00e9<\/a> \u00a0 <a href=\"https:\/\/semmelweis.hu\/dok\/files\/2026\/01\/Jelololap-Janko-Arpad.pdf\">Dr. Jank\u00f3 \u00c1rp\u00e1d \u00c1goston<\/a> J\u00e1nos Szent\u00e1gothai Neurosciences Division <a href=\"https:\/\/semmelweis.hu\/dok\/files\/2026\/01\/Jelololap_Dr_Vizi_Peter_Mark.pdf\">Dr. Vizi P\u00e9ter M\u00e1rk<\/a> \u00a0 <a href=\"https:\/\/semmelweis.hu\/dok\/files\/2026\/01\/Jelololap_BAV.pdf\">Bakacsi Anna Vir\u00e1g<\/a> Cardiovascular Medicine and Research Division &hellip;<\/p>\n","protected":false},"author":101798,"featured_media":0,"parent":0,"menu_order":0,"comment_status":"closed","ping_status":"closed","template":"","meta":{"_acf_changed":false,"footnotes":""},"categories":[],"tags":[],"class_list":["post-1356","page","type-page","status-publish","hentry"],"acf":[],"_links":{"self":[{"href":"https:\/\/semmelweis.hu\/dok\/wp-json\/wp\/v2\/pages\/1356","targetHints":{"allow":["GET"]}}],"collection":[{"href":"https:\/\/semmelweis.hu\/dok\/wp-json\/wp\/v2\/pages"}],"about":[{"href":"https:\/\/semmelweis.hu\/dok\/wp-json\/wp\/v2\/types\/page"}],"author":[{"embeddable":true,"href":"https:\/\/semmelweis.hu\/dok\/wp-json\/wp\/v2\/users\/101798"}],"replies":[{"embeddable":true,"href":"https:\/\/semmelweis.hu\/dok\/wp-json\/wp\/v2\/comments?post=1356"}],"version-history":[{"count":10,"href":"https:\/\/semmelweis.hu\/dok\/wp-json\/wp\/v2\/pages\/1356\/revisions"}],"predecessor-version":[{"id":1519,"href":"https:\/\/semmelweis.hu\/dok\/wp-json\/wp\/v2\/pages\/1356\/revisions\/1519"}],"wp:attachment":[{"href":"https:\/\/semmelweis.hu\/dok\/wp-json\/wp\/v2\/media?parent=1356"}],"wp:term":[{"taxonomy":"category","embeddable":true,"href":"https:\/\/semmelweis.hu\/dok\/wp-json\/wp\/v2\/categories?post=1356"},{"taxonomy":"post_tag","embeddable":true,"href":"https:\/\/semmelweis.hu\/dok\/wp-json\/wp\/v2\/tags?post=1356"}],"curies":[{"name":"wp","href":"https:\/\/api.w.org\/{rel}","templated":true}]}}