{"id":59,"date":"2021-01-17T17:02:04","date_gmt":"2021-01-17T16:02:04","guid":{"rendered":"https:\/\/semmelweis.hu\/digitalhealth\/?page_id=59"},"modified":"2021-01-26T19:54:53","modified_gmt":"2021-01-26T18:54:53","slug":"kezdolap","status":"publish","type":"page","link":"https:\/\/semmelweis.hu\/digitalhealth\/kezdolap\/","title":{"rendered":"Kezd\u0151lap"},"content":{"rendered":"<h1><img loading=\"lazy\" decoding=\"async\" class=\"wp-image-100  alignright\" src=\"https:\/\/semmelweis.hu\/digitalhealth\/files\/2021\/01\/demo1-400x163.png\" alt=\"\" width=\"547\" height=\"223\" srcset=\"https:\/\/semmelweis.hu\/digitalhealth\/files\/2021\/01\/demo1-400x163.png 400w, https:\/\/semmelweis.hu\/digitalhealth\/files\/2021\/01\/demo1-768x313.png 768w, https:\/\/semmelweis.hu\/digitalhealth\/files\/2021\/01\/demo1-753x306.png 753w, https:\/\/semmelweis.hu\/digitalhealth\/files\/2021\/01\/demo1.png 951w\" sizes=\"auto, (max-width: 547px) 100vw, 547px\" \/>Mi is az A DEMO study?<\/h1>\n<p><strong>D<\/strong>igit\u00e1lis <strong>E<\/strong>g\u00e9szs\u00e9g\u00fcgyi <strong>M<\/strong>egold\u00e1sok az <strong>O<\/strong>rvosl\u00e1sban<\/p>\n<p style=\"text-align: left\" align=\"center\"><b>\u201eE-orvosok \u00e9s e-p\u00e1ciensek Magyarorsz\u00e1gon: a digitaliz\u00e1ci\u00f3 szerepe \u00e9s lehet\u0151s\u00e9gei az eg\u00e9szs\u00e9g\u00fcgyben\u201d c\u00edm\u0171 2020. \u00e9vi NKFI-1 nyertes p\u00e1ly\u00e1zat (FK 134372)<\/b><\/p>\n<p>A 21. sz\u00e1zad eg\u00e9szs\u00e9g\u00fcgyi kih\u00edv\u00e1sai k\u00f6z\u00e9 tartozik a kr\u00f3nikus betegs\u00e9gek nagyar\u00e1ny\u00fa n\u00f6veked\u00e9se, a v\u00e1rhat\u00f3 \u00e9lettartam,az eg\u00e9szs\u00e9g\u00fcgyi k\u00f6lts\u00e9gek emelked\u00e9se, valamint ehhez kapcsol\u00f3d\u00f3an az eg\u00e9szs\u00e9g\u00fcgyben vil\u00e1gszerte tapasztalhat\u00f3 munkaer\u0151hi\u00e1ny. Mindezzel p\u00e1rhuzamosan a web 2.0 korszak \u00f3ri\u00e1si hat\u00e1st gyakorol a medicin\u00e1ra, jelent\u0151s sz\u00e1mban jelennek meg azok a betegek, akik a vil\u00e1gh\u00e1l\u00f3n t\u00e1j\u00e9koz\u00f3dnak, keresnek megold\u00e1st probl\u00e9m\u00e1ikra, online pr\u00f3b\u00e1lnak kapcsolatot teremteni gy\u00f3gy\u00edt\u00f3ikkal, viselhet\u0151 szenzorok \u00e9s applik\u00e1ci\u00f3k r\u00e9v\u00e9n monitorozz\u00e1k eg\u00e9szs\u00e9g\u00fcket, menedzselik kr\u00f3nikus betegs\u00e9geiket. Ez az \u00e1talakul\u00e1s sz\u00e1mos technikai, kultur\u00e1lis, etikai, pszichol\u00f3giai \u00e9s t\u00e1rsadalmi k\u00e9rd\u00e9st vet fel.<\/p>\n<p>Kutat\u00e1sunkban a digitaliz\u00e1ci\u00f3 eg\u00e9szs\u00e9g\u00fcgyben jelentkez\u0151 hat\u00e1sait k\u00edv\u00e1njuk megvizsg\u00e1lni, mind az ell\u00e1t\u00f3i (orvosi) oldalr\u00f3l, mind pedig a p\u00e1ciensek szemsz\u00f6g\u00e9b\u0151l. Digit\u00e1lis technol\u00f3gi\u00e1kon az eHealth \u00e9s az mHealth eg\u00e9szs\u00e9g\u00fcgyi alkalmaz\u00e1si lehet\u0151s\u00e9geit \u00e9rtj\u00fck. Vizsg\u00e1ljuk, hogy az internetes inform\u00e1ci\u00f3keres\u00e9s, a k\u00f6z\u00f6ss\u00e9gi m\u00e9dia, az applik\u00e1ci\u00f3k szenzorok haszn\u00e1lata, valamint a telemedicina lehet\u0151s\u00e9gei mik\u00e9nt vannak jelen a hazai eg\u00e9szs\u00e9g\u00fcgyben.<\/p>\n<p>A tud\u00e1s\u2013attit\u0171d\u2013alkalmaz\u00e1s k\u00e9rd\u00e9sk\u00f6rei ment\u00e9n szeretn\u00e9nk felt\u00e9rk\u00e9pezni a digit\u00e1lis technol\u00f3gi\u00e1k alkalmaz\u00e1s\u00e1nak lehet\u0151s\u00e9geit, el\u0151nyeit \u00e9s h\u00e1tr\u00e1nyait. Kutat\u00e1si c\u00e9lkit\u0171z\u00e9s\u00fcnk tov\u00e1bb\u00e1 annak megv\u00e1laszol\u00e1sa, hogy az eg\u00e9szs\u00e9g\u00fcgyi t\u00e9r k\u00fcl\u00f6nb\u00f6z\u0151 szerepl\u0151i mik\u00e9nt v\u00e9lekednek a digit\u00e1lis technol\u00f3gi\u00e1k implement\u00e1ci\u00f3j\u00e1nak lehet\u0151s\u00e9geir\u0151l, \u00e9s milyen potenci\u00e1lis szerepe lehet a digit\u00e1lis eg\u00e9szs\u00e9g\u00fcgyi alkalmaz\u00e1soknak a hozz\u00e1f\u00e9r\u00e9si egyenl\u0151tlens\u00e9gek cs\u00f6kkent\u00e9s\u00e9ben.<\/p>\n","protected":false},"excerpt":{"rendered":"<p>Mi is az A DEMO study? Digit\u00e1lis Eg\u00e9szs\u00e9g\u00fcgyi Megold\u00e1sok az Orvosl\u00e1sban \u201eE-orvosok \u00e9s e-p\u00e1ciensek Magyarorsz\u00e1gon: a digitaliz\u00e1ci\u00f3 szerepe \u00e9s lehet\u0151s\u00e9gei az eg\u00e9szs\u00e9g\u00fcgyben\u201d c\u00edm\u0171 2020. \u00e9vi NKFI-1 nyertes p\u00e1ly\u00e1zat (FK 134372) A 21. sz\u00e1zad eg\u00e9szs\u00e9g\u00fcgyi kih\u00edv\u00e1sai k\u00f6z\u00e9 tartozik a kr\u00f3nikus betegs\u00e9gek nagyar\u00e1ny\u00fa n\u00f6veked\u00e9se, a v\u00e1rhat\u00f3 \u00e9lettartam,az eg\u00e9szs\u00e9g\u00fcgyi k\u00f6lts\u00e9gek emelked\u00e9se, valamint ehhez kapcsol\u00f3d\u00f3an az eg\u00e9szs\u00e9g\u00fcgyben vil\u00e1gszerte tapasztalhat\u00f3 &hellip;<\/p>\n","protected":false},"author":101861,"featured_media":0,"parent":0,"menu_order":0,"comment_status":"closed","ping_status":"closed","template":"","meta":{"_acf_changed":false,"footnotes":""},"categories":[],"tags":[],"class_list":["post-59","page","type-page","status-publish","hentry"],"acf":[],"_links":{"self":[{"href":"https:\/\/semmelweis.hu\/digitalhealth\/wp-json\/wp\/v2\/pages\/59","targetHints":{"allow":["GET"]}}],"collection":[{"href":"https:\/\/semmelweis.hu\/digitalhealth\/wp-json\/wp\/v2\/pages"}],"about":[{"href":"https:\/\/semmelweis.hu\/digitalhealth\/wp-json\/wp\/v2\/types\/page"}],"author":[{"embeddable":true,"href":"https:\/\/semmelweis.hu\/digitalhealth\/wp-json\/wp\/v2\/users\/101861"}],"replies":[{"embeddable":true,"href":"https:\/\/semmelweis.hu\/digitalhealth\/wp-json\/wp\/v2\/comments?post=59"}],"version-history":[{"count":7,"href":"https:\/\/semmelweis.hu\/digitalhealth\/wp-json\/wp\/v2\/pages\/59\/revisions"}],"predecessor-version":[{"id":101,"href":"https:\/\/semmelweis.hu\/digitalhealth\/wp-json\/wp\/v2\/pages\/59\/revisions\/101"}],"wp:attachment":[{"href":"https:\/\/semmelweis.hu\/digitalhealth\/wp-json\/wp\/v2\/media?parent=59"}],"wp:term":[{"taxonomy":"category","embeddable":true,"href":"https:\/\/semmelweis.hu\/digitalhealth\/wp-json\/wp\/v2\/categories?post=59"},{"taxonomy":"post_tag","embeddable":true,"href":"https:\/\/semmelweis.hu\/digitalhealth\/wp-json\/wp\/v2\/tags?post=59"}],"curies":[{"name":"wp","href":"https:\/\/api.w.org\/{rel}","templated":true}]}}