{"id":36,"date":"2021-01-13T18:27:50","date_gmt":"2021-01-13T17:27:50","guid":{"rendered":"https:\/\/semmelweis.hu\/digitalhealth\/?page_id=36"},"modified":"2023-05-05T14:55:14","modified_gmt":"2023-05-05T12:55:14","slug":"oktatas","status":"publish","type":"page","link":"https:\/\/semmelweis.hu\/digitalhealth\/oktatas\/","title":{"rendered":"Oktat\u00e1s"},"content":{"rendered":"<p><span style=\"font-size: 18pt\"><a href=\"https:\/\/semmelweis.hu\/magtud\/oktatas\/valaszthato-kurzusok\/a-digitalis-egeszseg-alapjai\/\" target=\"_blank\" rel=\"noopener\"><strong>A digit\u00e1lis eg\u00e9szs\u00e9g alapjai \u2013 <\/strong><strong>szabadon v\u00e1laszthat\u00f3 kurzus mindk\u00e9t f\u00e9l\u00e9vben<\/strong><\/a><\/span><br \/><span style=\"font-size: 18pt\">(The basics of digital health \/ Die Grundlagen der digitalen Gesundheit)<\/span><\/p>\n<p><img loading=\"lazy\" decoding=\"async\" class=\"size-medium wp-image-57 alignright\" src=\"https:\/\/semmelweis.hu\/digitalhealth\/files\/2021\/01\/pexels-negative-space-48604-400x255.jpg\" alt=\"\" width=\"400\" height=\"255\" srcset=\"https:\/\/semmelweis.hu\/digitalhealth\/files\/2021\/01\/pexels-negative-space-48604-400x255.jpg 400w, https:\/\/semmelweis.hu\/digitalhealth\/files\/2021\/01\/pexels-negative-space-48604-1024x653.jpg 1024w, https:\/\/semmelweis.hu\/digitalhealth\/files\/2021\/01\/pexels-negative-space-48604-768x490.jpg 768w, https:\/\/semmelweis.hu\/digitalhealth\/files\/2021\/01\/pexels-negative-space-48604-1536x980.jpg 1536w, https:\/\/semmelweis.hu\/digitalhealth\/files\/2021\/01\/pexels-negative-space-48604-2048x1307.jpg 2048w, https:\/\/semmelweis.hu\/digitalhealth\/files\/2021\/01\/pexels-negative-space-48604-753x480.jpg 753w\" sizes=\"auto, (max-width: 400px) 100vw, 400px\" \/><\/p>\n<p>A 21. sz\u00e1zad eg\u00e9szs\u00e9g\u00fcgyi kih\u00edv\u00e1sai k\u00f6z\u00e9 tartozik a kr\u00f3nikus betegs\u00e9gek nagyar\u00e1ny\u00fa n\u00f6veked\u00e9se, a v\u00e1rhat\u00f3 \u00e9lettartam \u00e9s az eg\u00e9szs\u00e9g\u00fcgyi k\u00f6lts\u00e9gek emelked\u00e9se. Mindezzel p\u00e1rhuzamosan a web 2.0 korszak \u00f3ri\u00e1si hat\u00e1st gyakorolt a medicin\u00e1ra, jelent\u0151s sz\u00e1mban jelennek meg azok a betegek, akik a vil\u00e1gh\u00e1l\u00f3n t\u00e1j\u00e9koz\u00f3dnak, keresnek megold\u00e1st probl\u00e9m\u00e1ikra, online pr\u00f3b\u00e1lnak kapcsolatot teremteni gy\u00f3gy\u00edt\u00f3ikkal, viselhet\u0151 szenzorok \u00e9s applik\u00e1ci\u00f3k r\u00e9v\u00e9n monitorozz\u00e1k eg\u00e9szs\u00e9g\u00fcket, menedzselik kr\u00f3nikus betegs\u00e9geiket. Ez az \u00e1talakul\u00e1s sz\u00e1mos technikai, kultur\u00e1lis, etikai, pszichol\u00f3giai \u00e9s t\u00e1rsadalmi k\u00e9rd\u00e9st vet fel. <span style=\"font-size: 1rem\">Kurzusunkban a digit\u00e1lis eg\u00e9szs\u00e9g lehet\u0151s\u00e9geinek \u00e9s potenci\u00e1lis vesz\u00e9lyeinek felm\u00e9r\u00e9s\u00e9t \u00e9s a j\u00f3 megold\u00e1sok mind sz\u00e9lesebb k\u00f6rben val\u00f3 ismertet\u00e9s\u00e9t t\u0171zz\u00fck ki c\u00e9lul. K\u00fcl\u00f6nb\u00f6z\u0151 digit\u00e1lis technol\u00f3gi\u00e1k vizsg\u00e1lat\u00e1val ismertetj\u00fck meg a hallgat\u00f3kat, hogy p\u00e9ld\u00e1ul az internetes inform\u00e1ci\u00f3keres\u00e9s, a k\u00f6z\u00f6ss\u00e9gi m\u00e9dia, az applik\u00e1ci\u00f3k szenzorok haszn\u00e1lata valamint a telemedicina lehet\u0151s\u00e9gei mik\u00e9nt vannak jelen \u00e9s hogyan alkalmazhat\u00f3ak az eg\u00e9szs\u00e9g\u00fcgyben.<\/span><\/p>\n<p><span style=\"font-size: 18pt\"><a href=\"https:\/\/oftex.hu\/project_o\/actual_prg\/system\/launch.php?pg=.\/oftex\/TANF_Adatlap.php?msgid=84039&amp;tableid=0&amp;retcode=tanflist\" target=\"_blank\" rel=\"noopener\"><strong>Digit\u00e1lis ell\u00e1t\u00e1s a mindennapi orvosi gyakorlatban <\/strong>\u2013 posztgradu\u00e1lis online CME k\u00e9pz\u00e9s (16 pont)<\/a><\/span><\/p>\n<p>Noha a digit\u00e1lis ell\u00e1t\u00e1sok sz\u00e1mos form\u00e1ja a pand\u00e9mia hat\u00e1s\u00e1ra ker\u00fclt el\u0151t\u00e9rbe, a telemedicina form\u00e1l\u00f3d\u00e1sa m\u00e1r t\u00f6bb \u00e9vtizedes folyamat. A koronav\u00edrus j\u00e1rv\u00e1ny soha nem l\u00e1tott kih\u00edv\u00e1sok el\u00e9 \u00e1ll\u00edtotta a vil\u00e1g eg\u00e9szs\u00e9g\u00fcgyi rendszereit, ugyanakkor soha nem l\u00e1tott lehet\u0151s\u00e9gek is ny\u00edltak meg a digit\u00e1lis eg\u00e9szs\u00e9g ter\u00fclet\u00e9n. Az orvosi munka \u00fajabb feladatokkal b\u0151v\u00fcl az online t\u00e1j\u00e9koztat\u00e1s, kapcsolattart\u00e1s, a t\u00e1vvizit \u00e9s a t\u00e1vmonitoroz\u00e1s a mindennapok r\u00e9sz\u00e9v\u00e9 v\u00e1lt. Az elm\u00falt \u00e9vek tapasztalatai megmutatt\u00e1k, hogy a szem\u00e9lyes orvos-beteg tal\u00e1lkoz\u00e1sok mellett a telemedicin\u00e1lis ell\u00e1t\u00e1si form\u00e1knak is hely\u00fck van az eg\u00e9szs\u00e9g\u00fcgyi rendszerben \u00e9s ezen innovat\u00edv ell\u00e1t\u00e1si form\u00e1k integr\u00e1ci\u00f3ja kulcsjelent\u0151s\u00e9g\u0171 az eg\u00e9szs\u00e9g\u00fcgyi t\u00e9rben. Online workshopunkban a fenti kih\u00edv\u00e1sokra igyeksz\u00fcnk gyakorlati lehet\u0151s\u00e9geket \u00e9s megold\u00e1sokat k\u00edn\u00e1lni az al\u00e1bbi t\u00e9m\u00e1k k\u00f6r\u00fclj\u00e1r\u00e1s\u00e1val:<\/p>\n<ol>\n<li>email-haszn\u00e1lat az orvos-beteg kapcsolatban<\/li>\n<li>applik\u00e1ci\u00f3k, szenzorok haszn\u00e1lata<\/li>\n<li>a t\u00e1vmonitoroz\u00e1s lehet\u0151s\u00e9gei<\/li>\n<li>telemedicin\u00e1lis ell\u00e1t\u00e1s<\/li>\n<li>t\u00e1vvizit gyakorlati k\u00e9rd\u00e9sei<\/li>\n<li>jogi, etikai, adatkezel\u00e9si k\u00e9rd\u00e9sek<\/li>\n<\/ol>\n","protected":false},"excerpt":{"rendered":"<p><a href=\"https:\/\/semmelweis.hu\/magtud\/oktatas\/valaszthato-kurzusok\/a-digitalis-egeszseg-alapjai\/\" target=\"_blank\" rel=\"noopener\">A digit\u00e1lis eg\u00e9szs\u00e9g alapjai \u2013 szabadon v\u00e1laszthat\u00f3 kurzus mindk\u00e9t f\u00e9l\u00e9vben<\/a> (The basics of digital health \/ Die Grundlagen der digitalen Gesundheit) A 21. sz\u00e1zad eg\u00e9szs\u00e9g\u00fcgyi kih\u00edv\u00e1sai k\u00f6z\u00e9 tartozik a kr\u00f3nikus betegs\u00e9gek nagyar\u00e1ny\u00fa n\u00f6veked\u00e9se, a v\u00e1rhat\u00f3 \u00e9lettartam \u00e9s az eg\u00e9szs\u00e9g\u00fcgyi k\u00f6lts\u00e9gek emelked\u00e9se. Mindezzel p\u00e1rhuzamosan a web 2.0 korszak \u00f3ri\u00e1si hat\u00e1st gyakorolt a medicin\u00e1ra, jelent\u0151s sz\u00e1mban jelennek meg azok a betegek, akik a vil\u00e1gh\u00e1l\u00f3n t\u00e1j\u00e9koz\u00f3dnak, keresnek megold\u00e1st &hellip;<\/p>\n","protected":false},"author":101861,"featured_media":0,"parent":0,"menu_order":0,"comment_status":"closed","ping_status":"closed","template":"","meta":{"_acf_changed":false,"footnotes":""},"categories":[],"tags":[],"class_list":["post-36","page","type-page","status-publish","hentry"],"acf":[],"_links":{"self":[{"href":"https:\/\/semmelweis.hu\/digitalhealth\/wp-json\/wp\/v2\/pages\/36","targetHints":{"allow":["GET"]}}],"collection":[{"href":"https:\/\/semmelweis.hu\/digitalhealth\/wp-json\/wp\/v2\/pages"}],"about":[{"href":"https:\/\/semmelweis.hu\/digitalhealth\/wp-json\/wp\/v2\/types\/page"}],"author":[{"embeddable":true,"href":"https:\/\/semmelweis.hu\/digitalhealth\/wp-json\/wp\/v2\/users\/101861"}],"replies":[{"embeddable":true,"href":"https:\/\/semmelweis.hu\/digitalhealth\/wp-json\/wp\/v2\/comments?post=36"}],"version-history":[{"count":10,"href":"https:\/\/semmelweis.hu\/digitalhealth\/wp-json\/wp\/v2\/pages\/36\/revisions"}],"predecessor-version":[{"id":215,"href":"https:\/\/semmelweis.hu\/digitalhealth\/wp-json\/wp\/v2\/pages\/36\/revisions\/215"}],"wp:attachment":[{"href":"https:\/\/semmelweis.hu\/digitalhealth\/wp-json\/wp\/v2\/media?parent=36"}],"wp:term":[{"taxonomy":"category","embeddable":true,"href":"https:\/\/semmelweis.hu\/digitalhealth\/wp-json\/wp\/v2\/categories?post=36"},{"taxonomy":"post_tag","embeddable":true,"href":"https:\/\/semmelweis.hu\/digitalhealth\/wp-json\/wp\/v2\/tags?post=36"}],"curies":[{"name":"wp","href":"https:\/\/api.w.org\/{rel}","templated":true}]}}