{"id":236,"date":"2024-05-17T20:20:37","date_gmt":"2024-05-17T18:20:37","guid":{"rendered":"https:\/\/semmelweis.hu\/digitalhealth\/?page_id=236"},"modified":"2024-05-17T20:20:37","modified_gmt":"2024-05-17T18:20:37","slug":"lakossagi-kutatas-2024","status":"publish","type":"page","link":"https:\/\/semmelweis.hu\/digitalhealth\/lakossagi-kutatas-2024\/","title":{"rendered":"Lakoss\u00e1gi kutat\u00e1s 2024"},"content":{"rendered":"<p><a href=\"https:\/\/semmelweis.hu\/digitalhealth\/files\/2024\/05\/2024_Lakossagi-kutatas_2024-05-16.pdf\"><img loading=\"lazy\" decoding=\"async\" class=\"wp-image-128  alignleft\" src=\"https:\/\/semmelweis.hu\/digitalhealth\/files\/2024\/05\/2024_lakossagi_kutatas_boritokep.png\" alt=\"\" width=\"507\" height=\"717\" \/><\/a><\/p>\n<p style=\"text-align: center\"><a href=\"https:\/\/semmelweis.hu\/digitalhealth\/files\/2024\/05\/2024_Lakossagi-kutatas_2024-05-16.pdf\">Lakoss\u00e1gi kutat\u00e1s 2024 let\u00f6lt\u00e9se<\/a><\/p>\n<p>&nbsp;<\/p>\n<p>&nbsp;<\/p>\n<p>&nbsp;<\/p>\n<p>&nbsp;<\/p>\n<p>&nbsp;<\/p>\n<p>&nbsp;<\/p>\n<p>&nbsp;<\/p>\n<p>&nbsp;<\/p>\n<p>&nbsp;<\/p>\n<p>&nbsp;<\/p>\n<p>&nbsp;<\/p>\n<p>&nbsp;<\/p>\n<p>&nbsp;<\/p>\n","protected":false},"excerpt":{"rendered":"<p><a href=\"https:\/\/semmelweis.hu\/digitalhealth\/files\/2024\/05\/2024_Lakossagi-kutatas_2024-05-16.pdf\"><\/a><br \/>\n<a href=\"https:\/\/semmelweis.hu\/digitalhealth\/files\/2024\/05\/2024_Lakossagi-kutatas_2024-05-16.pdf\">Lakoss\u00e1gi kutat\u00e1s 2024 let\u00f6lt\u00e9se<\/a><br \/>\n&nbsp;<br \/>\n&nbsp;<br \/>\n&nbsp;<br \/>\n&nbsp;<br \/>\n&nbsp;<br \/>\n&nbsp;<br \/>\n&nbsp;<br \/>\n&nbsp;<br \/>\n&nbsp;<br \/>\n&nbsp;<br \/>\n&nbsp;<br \/>\n&nbsp;<br \/>\n&nbsp;<\/p>\n","protected":false},"author":101861,"featured_media":0,"parent":0,"menu_order":0,"comment_status":"closed","ping_status":"closed","template":"","meta":{"_acf_changed":false,"footnotes":""},"categories":[],"tags":[],"class_list":["post-236","page","type-page","status-publish","hentry"],"acf":[],"_links":{"self":[{"href":"https:\/\/semmelweis.hu\/digitalhealth\/wp-json\/wp\/v2\/pages\/236","targetHints":{"allow":["GET"]}}],"collection":[{"href":"https:\/\/semmelweis.hu\/digitalhealth\/wp-json\/wp\/v2\/pages"}],"about":[{"href":"https:\/\/semmelweis.hu\/digitalhealth\/wp-json\/wp\/v2\/types\/page"}],"author":[{"embeddable":true,"href":"https:\/\/semmelweis.hu\/digitalhealth\/wp-json\/wp\/v2\/users\/101861"}],"replies":[{"embeddable":true,"href":"https:\/\/semmelweis.hu\/digitalhealth\/wp-json\/wp\/v2\/comments?post=236"}],"version-history":[{"count":1,"href":"https:\/\/semmelweis.hu\/digitalhealth\/wp-json\/wp\/v2\/pages\/236\/revisions"}],"predecessor-version":[{"id":240,"href":"https:\/\/semmelweis.hu\/digitalhealth\/wp-json\/wp\/v2\/pages\/236\/revisions\/240"}],"wp:attachment":[{"href":"https:\/\/semmelweis.hu\/digitalhealth\/wp-json\/wp\/v2\/media?parent=236"}],"wp:term":[{"taxonomy":"category","embeddable":true,"href":"https:\/\/semmelweis.hu\/digitalhealth\/wp-json\/wp\/v2\/categories?post=236"},{"taxonomy":"post_tag","embeddable":true,"href":"https:\/\/semmelweis.hu\/digitalhealth\/wp-json\/wp\/v2\/tags?post=236"}],"curies":[{"name":"wp","href":"https:\/\/api.w.org\/{rel}","templated":true}]}}