{"id":187,"date":"2022-07-13T09:15:18","date_gmt":"2022-07-13T07:15:18","guid":{"rendered":"https:\/\/semmelweis.hu\/digitalhealth\/?page_id=187"},"modified":"2022-10-14T10:14:27","modified_gmt":"2022-10-14T08:14:27","slug":"orvoskutatas-kerdoiv","status":"publish","type":"page","link":"https:\/\/semmelweis.hu\/digitalhealth\/orvoskutatas-kerdoiv\/","title":{"rendered":"Orvoskutat\u00e1s k\u00e9rd\u0151\u00edv"},"content":{"rendered":"<p><a href=\"https:\/\/semmelweis.hu\/digitalhealth\/files\/2022\/07\/orvos_felmeres_kerdoiv.pdf\">K\u00e9rd\u0151\u00edv let\u00f6lt\u00e9se<\/a><\/p>\n","protected":false},"excerpt":{"rendered":"<p><a href=\"https:\/\/semmelweis.hu\/digitalhealth\/files\/2022\/07\/orvos_felmeres_kerdoiv.pdf\">K\u00e9rd\u0151\u00edv let\u00f6lt\u00e9se<\/a><\/p>\n","protected":false},"author":101861,"featured_media":0,"parent":0,"menu_order":0,"comment_status":"closed","ping_status":"closed","template":"","meta":{"_acf_changed":false,"footnotes":""},"categories":[],"tags":[],"class_list":["post-187","page","type-page","status-publish","hentry"],"acf":[],"_links":{"self":[{"href":"https:\/\/semmelweis.hu\/digitalhealth\/wp-json\/wp\/v2\/pages\/187","targetHints":{"allow":["GET"]}}],"collection":[{"href":"https:\/\/semmelweis.hu\/digitalhealth\/wp-json\/wp\/v2\/pages"}],"about":[{"href":"https:\/\/semmelweis.hu\/digitalhealth\/wp-json\/wp\/v2\/types\/page"}],"author":[{"embeddable":true,"href":"https:\/\/semmelweis.hu\/digitalhealth\/wp-json\/wp\/v2\/users\/101861"}],"replies":[{"embeddable":true,"href":"https:\/\/semmelweis.hu\/digitalhealth\/wp-json\/wp\/v2\/comments?post=187"}],"version-history":[{"count":3,"href":"https:\/\/semmelweis.hu\/digitalhealth\/wp-json\/wp\/v2\/pages\/187\/revisions"}],"predecessor-version":[{"id":203,"href":"https:\/\/semmelweis.hu\/digitalhealth\/wp-json\/wp\/v2\/pages\/187\/revisions\/203"}],"wp:attachment":[{"href":"https:\/\/semmelweis.hu\/digitalhealth\/wp-json\/wp\/v2\/media?parent=187"}],"wp:term":[{"taxonomy":"category","embeddable":true,"href":"https:\/\/semmelweis.hu\/digitalhealth\/wp-json\/wp\/v2\/categories?post=187"},{"taxonomy":"post_tag","embeddable":true,"href":"https:\/\/semmelweis.hu\/digitalhealth\/wp-json\/wp\/v2\/tags?post=187"}],"curies":[{"name":"wp","href":"https:\/\/api.w.org\/{rel}","templated":true}]}}