{"id":9465,"date":"2025-01-21T10:55:43","date_gmt":"2025-01-21T09:55:43","guid":{"rendered":"https:\/\/semmelweis.hu\/dft\/?page_id=9465"},"modified":"2026-03-30T09:49:58","modified_gmt":"2026-03-30T07:49:58","slug":"szabadon-valaszthato","status":"publish","type":"page","link":"https:\/\/semmelweis.hu\/dft\/szabadon-valaszthato\/","title":{"rendered":"Szabadon v\u00e1laszthat\u00f3"},"content":{"rendered":"<h2>Fogp\u00f3tl\u00e1sok tervez\u00e9se<\/h2>\n<div class=\"keretes w-100\">\n<p><strong>Gyakorlatok helye:<\/strong>\u00a0<\/p>\n<p><strong>Gyakorlatok ideje:<\/strong>\u00a0<\/p>\n<\/div>\n<h3>Dokumentumok:<\/h3>\n<ul style=\"list-style-type: square\">\n<li>Tant\u00e1rgyi program<\/li>\n<li>Beadand\u00f3 t\u00e9m\u00e1k<\/li>\n<li>Tematika<\/li>\n<\/ul>\n<table style=\"border-collapse: collapse;width: 100%;height: 165px\">\n<thead>\n<tr style=\"height: 33px\">\n<td style=\"width: 7.83636%;height: 33px;text-align: center\"><strong>D\u00e1tum<\/strong><\/td>\n<td style=\"width: 9.29087%;height: 33px;text-align: center\"><strong>Id\u0151pont<\/strong><\/td>\n<td style=\"width: 12.7091%;height: 33px;text-align: center\"><strong>El\u0151ad\u00f3<\/strong><\/td>\n<td style=\"width: 70.1636%;height: 33px;text-align: center\"><strong>El\u0151ad\u00e1s c\u00edme<\/strong><\/td>\n<\/tr>\n<\/thead>\n<tbody>\n<tr style=\"height: 33px\">\n<td style=\"width: 7.83636%;height: 33px\">2026.04.07.<\/td>\n<td style=\"width: 9.29087%;height: 33px\">8:00-8:45<\/td>\n<td style=\"width: 12.7091%;height: 33px\">\u00a0<\/td>\n<td style=\"width: 70.1636%;height: 33px\">\u00a0<\/td>\n<\/tr>\n<tr style=\"height: 33px\">\n<td style=\"width: 7.83636%;height: 33px\">2026.04.07.<\/td>\n<td style=\"width: 9.29087%;height: 33px\">9:00-9:45<\/td>\n<td style=\"width: 12.7091%;height: 33px\">\u00a0<\/td>\n<td style=\"width: 70.1636%;height: 33px\">\u00a0<\/td>\n<\/tr>\n<tr style=\"height: 33px\">\n<td style=\"width: 7.83636%;height: 33px\">2026.04.07.<\/td>\n<td style=\"width: 9.29087%;height: 33px\">10:00-10:45<\/td>\n<td style=\"width: 12.7091%;height: 33px\">\u00a0<\/td>\n<td style=\"width: 70.1636%;height: 33px\">\u00a0<\/td>\n<\/tr>\n<tr style=\"height: 33px\">\n<td style=\"width: 7.83636%;height: 33px\">2026.04.07.<\/td>\n<td style=\"width: 9.29087%;height: 33px\">11:00-11:45<\/td>\n<td style=\"width: 12.7091%;height: 33px\">\u00a0<\/td>\n<td style=\"width: 70.1636%;height: 33px\">\u00a0<\/td>\n<\/tr>\n<tr>\n<td style=\"width: 7.83636%\">2026.04.07.<\/td>\n<td style=\"width: 9.29087%\">12:00-12:45<\/td>\n<td style=\"width: 12.7091%\">\u00a0<\/td>\n<td style=\"width: 70.1636%\">\u00a0<\/td>\n<\/tr>\n<\/tbody>\n<\/table>\n<p>&nbsp;<\/p>\n<table style=\"border-collapse: collapse;width: 100%;height: 165px\">\n<thead>\n<tr style=\"height: 33px\">\n<td style=\"width: 7.83636%;height: 33px;text-align: center\"><strong>D\u00e1tum<\/strong><\/td>\n<td style=\"width: 9.29087%;height: 33px;text-align: center\"><strong>Id\u0151pont<\/strong><\/td>\n<td style=\"width: 12.7091%;height: 33px;text-align: center\"><strong>El\u0151ad\u00f3<\/strong><\/td>\n<td style=\"width: 70.1636%;height: 33px;text-align: center\"><strong>El\u0151ad\u00e1s c\u00edme<\/strong><\/td>\n<\/tr>\n<\/thead>\n<tbody>\n<tr style=\"height: 33px\">\n<td style=\"width: 7.83636%;height: 33px\">2026.04.08.<\/td>\n<td style=\"width: 9.29087%;height: 33px\">8:00-8:45<\/td>\n<td style=\"width: 12.7091%;height: 33px\">\u00a0<\/td>\n<td style=\"width: 70.1636%;height: 33px\">\u00a0<\/td>\n<\/tr>\n<tr style=\"height: 33px\">\n<td style=\"width: 7.83636%;height: 33px\">2026.04.08.<\/td>\n<td style=\"width: 9.29087%;height: 33px\">9:00-9:45<\/td>\n<td style=\"width: 12.7091%;height: 33px\">\u00a0<\/td>\n<td style=\"width: 70.1636%;height: 33px\">\u00a0<\/td>\n<\/tr>\n<tr style=\"height: 33px\">\n<td style=\"width: 7.83636%;height: 33px\">2026.04.08.<\/td>\n<td style=\"width: 9.29087%;height: 33px\">10:00-10:45<\/td>\n<td style=\"width: 12.7091%;height: 33px\">\u00a0<\/td>\n<td style=\"width: 70.1636%;height: 33px\">\u00a0<\/td>\n<\/tr>\n<tr style=\"height: 33px\">\n<td style=\"width: 7.83636%;height: 33px\">2026.04.08.<\/td>\n<td style=\"width: 9.29087%;height: 33px\">11:00-11:45<\/td>\n<td style=\"width: 12.7091%;height: 33px\">\u00a0<\/td>\n<td style=\"width: 70.1636%;height: 33px\">\u00a0<\/td>\n<\/tr>\n<tr>\n<td style=\"width: 7.83636%\">2026.04.08.<\/td>\n<td style=\"width: 9.29087%\">12:00-12:45<\/td>\n<td style=\"width: 12.7091%\">\u00a0<\/td>\n<td style=\"width: 70.1636%\">\u00a0<\/td>\n<\/tr>\n<\/tbody>\n<\/table>\n<p>&nbsp;<\/p>\n<table style=\"border-collapse: collapse;width: 100%;height: 165px\">\n<thead>\n<tr style=\"height: 33px\">\n<td style=\"width: 7.83636%;height: 33px;text-align: center\"><strong>D\u00e1tum<\/strong><\/td>\n<td style=\"width: 9.29087%;height: 33px;text-align: center\"><strong>Id\u0151pont<\/strong><\/td>\n<td style=\"width: 12.7091%;height: 33px;text-align: center\"><strong>El\u0151ad\u00f3<\/strong><\/td>\n<td style=\"width: 70.1636%;height: 33px;text-align: center\"><strong>El\u0151ad\u00e1s c\u00edme<\/strong><\/td>\n<\/tr>\n<\/thead>\n<tbody>\n<tr style=\"height: 33px\">\n<td style=\"width: 7.83636%;height: 33px\">2026.04.09.<\/td>\n<td style=\"width: 9.29087%;height: 33px\">8:00-8:45<\/td>\n<td style=\"width: 12.7091%;height: 33px\">\u00a0<\/td>\n<td style=\"width: 70.1636%;height: 33px\">\u00a0<\/td>\n<\/tr>\n<tr style=\"height: 33px\">\n<td style=\"width: 7.83636%;height: 33px\">2026.04.09.<\/td>\n<td style=\"width: 9.29087%;height: 33px\">9:00-9:45<\/td>\n<td style=\"width: 12.7091%;height: 33px\">\u00a0<\/td>\n<td style=\"width: 70.1636%;height: 33px\">\u00a0<\/td>\n<\/tr>\n<tr style=\"height: 33px\">\n<td style=\"width: 7.83636%;height: 33px\">2026.04.09.<\/td>\n<td style=\"width: 9.29087%;height: 33px\">10:00-10:45<\/td>\n<td style=\"width: 12.7091%;height: 33px\">\u00a0<\/td>\n<td style=\"width: 70.1636%;height: 33px\">\u00a0<\/td>\n<\/tr>\n<tr style=\"height: 33px\">\n<td style=\"width: 7.83636%;height: 33px\">2026.04.09.<\/td>\n<td style=\"width: 9.29087%;height: 33px\">11:00-11:45<\/td>\n<td style=\"width: 12.7091%;height: 33px\">\u00a0<\/td>\n<td style=\"width: 70.1636%;height: 33px\">\u00a0<\/td>\n<\/tr>\n<tr>\n<td style=\"width: 7.83636%\">2026.04.09.<\/td>\n<td style=\"width: 9.29087%\">12:00-12:45<\/td>\n<td style=\"width: 12.7091%\">\u00a0<\/td>\n<td style=\"width: 70.1636%\">\u00a0<\/td>\n<\/tr>\n<\/tbody>\n<\/table>\n<p>&nbsp;<\/p>\n<table style=\"border-collapse: collapse;width: 100%;height: 165px\">\n<thead>\n<tr style=\"height: 33px\">\n<td style=\"width: 7.83636%;height: 33px;text-align: center\"><strong>D\u00e1tum<\/strong><\/td>\n<td style=\"width: 9.29087%;height: 33px;text-align: center\"><strong>Id\u0151pont<\/strong><\/td>\n<td style=\"width: 12.7091%;height: 33px;text-align: center\"><strong>El\u0151ad\u00f3<\/strong><\/td>\n<td style=\"width: 70.1636%;height: 33px;text-align: center\"><strong>El\u0151ad\u00e1s c\u00edme<\/strong><\/td>\n<\/tr>\n<\/thead>\n<tbody>\n<tr style=\"height: 33px\">\n<td style=\"width: 7.83636%;height: 33px\">2026.04.10.<\/td>\n<td style=\"width: 9.29087%;height: 33px\">8:00-8:45<\/td>\n<td style=\"width: 12.7091%;height: 33px\">\u00a0<\/td>\n<td style=\"width: 70.1636%;height: 33px\">\u00a0<\/td>\n<\/tr>\n<tr style=\"height: 33px\">\n<td style=\"width: 7.83636%;height: 33px\">2026.04.10.<\/td>\n<td style=\"width: 9.29087%;height: 33px\">9:00-9:45<\/td>\n<td style=\"width: 12.7091%;height: 33px\">\u00a0<\/td>\n<td style=\"width: 70.1636%;height: 33px\">\u00a0<\/td>\n<\/tr>\n<tr style=\"height: 33px\">\n<td style=\"width: 7.83636%;height: 33px\">2026.04.10.<\/td>\n<td style=\"width: 9.29087%;height: 33px\">10:00-10:45<\/td>\n<td style=\"width: 12.7091%;height: 33px\">\u00a0<\/td>\n<td style=\"width: 70.1636%;height: 33px\">\u00a0<\/td>\n<\/tr>\n<tr style=\"height: 33px\">\n<td style=\"width: 7.83636%;height: 33px\">2026.04.10.<\/td>\n<td style=\"width: 9.29087%;height: 33px\">11:00-11:45<\/td>\n<td style=\"width: 12.7091%;height: 33px\">\u00a0<\/td>\n<td style=\"width: 70.1636%;height: 33px\">\u00a0<\/td>\n<\/tr>\n<tr>\n<td style=\"width: 7.83636%\">2026.04.10.<\/td>\n<td style=\"width: 9.29087%\">12:00-12:45<\/td>\n<td style=\"width: 12.7091%\">\u00a0<\/td>\n<td style=\"width: 70.1636%\">\u00a0<\/td>\n<\/tr>\n<\/tbody>\n<\/table>\n","protected":false},"excerpt":{"rendered":"<p>Fogp\u00f3tl\u00e1sok tervez\u00e9se Gyakorlatok helye:\u00a0 Gyakorlatok ideje:\u00a0 Dokumentumok: Tant\u00e1rgyi program Beadand\u00f3 t\u00e9m\u00e1k Tematika D\u00e1tum Id\u0151pont El\u0151ad\u00f3 El\u0151ad\u00e1s c\u00edme 2026.04.07. 8:00-8:45 \u00a0 \u00a0 2026.04.07. 9:00-9:45 \u00a0 \u00a0 2026.04.07. 10:00-10:45 \u00a0 \u00a0 2026.04.07. 11:00-11:45 \u00a0 \u00a0 2026.04.07. 12:00-12:45 \u00a0 \u00a0 &nbsp; D\u00e1tum Id\u0151pont El\u0151ad\u00f3 El\u0151ad\u00e1s c\u00edme 2026.04.08. 8:00-8:45 \u00a0 \u00a0 2026.04.08. 9:00-9:45 \u00a0 \u00a0 2026.04.08. 10:00-10:45 \u00a0 \u00a0 &hellip;<\/p>\n","protected":false},"author":101231,"featured_media":0,"parent":0,"menu_order":0,"comment_status":"closed","ping_status":"closed","template":"","meta":{"_acf_changed":false,"footnotes":""},"categories":[],"tags":[],"class_list":["post-9465","page","type-page","status-publish","hentry"],"acf":[],"_links":{"self":[{"href":"https:\/\/semmelweis.hu\/dft\/wp-json\/wp\/v2\/pages\/9465","targetHints":{"allow":["GET"]}}],"collection":[{"href":"https:\/\/semmelweis.hu\/dft\/wp-json\/wp\/v2\/pages"}],"about":[{"href":"https:\/\/semmelweis.hu\/dft\/wp-json\/wp\/v2\/types\/page"}],"author":[{"embeddable":true,"href":"https:\/\/semmelweis.hu\/dft\/wp-json\/wp\/v2\/users\/101231"}],"replies":[{"embeddable":true,"href":"https:\/\/semmelweis.hu\/dft\/wp-json\/wp\/v2\/comments?post=9465"}],"version-history":[{"count":4,"href":"https:\/\/semmelweis.hu\/dft\/wp-json\/wp\/v2\/pages\/9465\/revisions"}],"predecessor-version":[{"id":9740,"href":"https:\/\/semmelweis.hu\/dft\/wp-json\/wp\/v2\/pages\/9465\/revisions\/9740"}],"wp:attachment":[{"href":"https:\/\/semmelweis.hu\/dft\/wp-json\/wp\/v2\/media?parent=9465"}],"wp:term":[{"taxonomy":"category","embeddable":true,"href":"https:\/\/semmelweis.hu\/dft\/wp-json\/wp\/v2\/categories?post=9465"},{"taxonomy":"post_tag","embeddable":true,"href":"https:\/\/semmelweis.hu\/dft\/wp-json\/wp\/v2\/tags?post=9465"}],"curies":[{"name":"wp","href":"https:\/\/api.w.org\/{rel}","templated":true}]}}