{"id":9442,"date":"2025-01-21T09:34:41","date_gmt":"2025-01-21T08:34:41","guid":{"rendered":"https:\/\/semmelweis.hu\/dft\/?page_id=9442"},"modified":"2026-02-04T09:48:59","modified_gmt":"2026-02-04T08:48:59","slug":"cad-cam-fogorvosi-oldal-digitalis-lenyomatok-szek-melletti-rendszerek","status":"publish","type":"page","link":"https:\/\/semmelweis.hu\/dft\/3-evfolyam\/6-felev\/cad-cam-fogorvosi-oldal-digitalis-lenyomatok-szek-melletti-rendszerek\/","title":{"rendered":"CAD\/CAM fogorvosi oldal (digit\u00e1lis lenyomatok, sz\u00e9k melletti rendszerek)"},"content":{"rendered":"<div class=\"keretes w-100\">\n<p><strong>Szemin\u00e1riumok helye:<\/strong> Semmelweis Egyetem Fogorvostudom\u00e1nyi Kar Oktat\u00e1si Centrum Helyre\u00e1ll\u00edt\u00f3 Fog\u00e1szati \u00e9s Endodonciai Klinika refer\u00e1l\u00f3 terme<br \/>\n(1088 Budapest, Szentkir\u00e1lyi u. 47., VII. emelet)<\/p>\n<p><strong>Szemin\u00e1riumok ideje:<\/strong> 2026.02.03. \u00e9s 2026.02.05.<\/p>\n<p><strong>Gyakorlatok helye:<\/strong> Semmelweis Egyetem Fogorvostudom\u00e1nyi Kar Oktat\u00e1si Centrum Helyre\u00e1ll\u00edt\u00f3 Fog\u00e1szati \u00e9s Endodonciai Klinika<br \/>\n(1088 Budapest, Szentkir\u00e1lyi u. 47., VII. emelet)<\/p>\n<p><strong>Gyakorlatok ideje: <\/strong>2026.03.10.<\/p>\n<\/div>\n<h3>Dokumentumok:<\/h3>\n<ul style=\"list-style-type: square\">\n<li><a href=\"https:\/\/semmelweis.hu\/dft\/files\/2026\/01\/CADCAM-fogorvosi-oldal_2026.pdf\">Tant\u00e1rgyi program<\/a><\/li>\n<li><a href=\"https:\/\/semmelweis.hu\/dft\/files\/2025\/01\/Beadando-temak.pdf\">Beadand\u00f3 t\u00e9m\u00e1k<\/a><\/li>\n<li><a href=\"https:\/\/semmelweis.hu\/dft\/files\/2025\/01\/Digitalis-szak-tematika-20250120.pdf\">Tematika<\/a><\/li>\n<\/ul>\n<h5><span style=\"color: #ff0000\">Febru\u00e1r<\/span><\/h5>\n<table style=\"border-collapse: collapse;width: 100%;height: 165px\">\n<thead>\n<tr style=\"height: 33px\">\n<td style=\"width: 7.83636%;height: 33px;text-align: center\"><strong>D\u00e1tum<\/strong><\/td>\n<td style=\"width: 9.29087%;height: 33px;text-align: center\"><strong>Id\u0151pont<\/strong><\/td>\n<td style=\"width: 12.7091%;height: 33px;text-align: center\"><strong>El\u0151ad\u00f3<\/strong><\/td>\n<td style=\"width: 70.1636%;height: 33px;text-align: center\"><strong>El\u0151ad\u00e1s c\u00edme<\/strong><\/td>\n<\/tr>\n<\/thead>\n<tbody>\n<tr style=\"height: 33px\">\n<td style=\"width: 7.83636%;height: 33px\">2026.02.03.<\/td>\n<td style=\"width: 9.29087%;height: 33px\">8:00-8:45<\/td>\n<td style=\"width: 12.7091%;height: 33px\">Prof. Dr. V\u00e1g J\u00e1nos<\/td>\n<td style=\"width: 70.1636%;height: 33px\"><a href=\"https:\/\/semmelweis.hu\/dft\/files\/2025\/01\/DFT-2025-Az-intraoralis-szkennerek-mukodesi-elve-VagJ.pdf\">Az intraor\u00e1lis szkennerek m\u0171k\u00f6d\u00e9si elve<\/a><\/td>\n<\/tr>\n<tr style=\"height: 33px\">\n<td style=\"width: 7.83636%;height: 33px\">2026.02.03.<\/td>\n<td style=\"width: 9.29087%;height: 33px\">9:00-9:45<\/td>\n<td style=\"width: 12.7091%;height: 33px\">Dr. Mikolicz \u00c1kos<\/td>\n<td style=\"width: 70.1636%;height: 33px\"><a href=\"https:\/\/semmelweis.hu\/dft\/files\/2025\/01\/Digitalis-szak-preparacio-CAD-CAM-hez-HANDOUT.pdf\">Fogel\u0151k\u00e9sz\u00edt\u00e9s sz\u00f3l\u00f3 CAD\/CAM restaur\u00e1ci\u00f3khoz<\/a><\/td>\n<\/tr>\n<tr>\n<td style=\"width: 7.83636%\">2026.02.03.<\/td>\n<td style=\"width: 9.29087%\">10:00-10:45<\/td>\n<td style=\"width: 12.7091%\">Dr. Borbola D\u00e1niel<\/td>\n<td style=\"width: 70.1636%\"><a href=\"https:\/\/semmelweis.hu\/dft\/files\/2026\/02\/chairside_CADCAM_DFT_drBD_20260203.pdf\">Chairside CAD\/CAM<\/a><\/td>\n<\/tr>\n<tr>\n<td style=\"width: 7.83636%\">2026.02.03.<\/td>\n<td style=\"width: 9.29087%\">11:00-11:45<\/td>\n<td style=\"width: 12.7091%\">Dr. Czifr\u00e1k D\u00e1niel<\/td>\n<td style=\"width: 70.1636%\"><a href=\"https:\/\/semmelweis.hu\/dft\/files\/2025\/01\/Chairside-CADCAM-restauraciok-utomunkalatai-es-ragasztasa.pdf\">Chairside CAD\/CAM restaur\u00e1ci\u00f3k ut\u00f3munk\u00e1latai \u00e9s ragaszt\u00e1sa<\/a><\/td>\n<\/tr>\n<tr style=\"height: 33px\">\n<td style=\"width: 7.83636%;height: 33px\">2026.02.03.<\/td>\n<td style=\"width: 9.29087%;height: 33px\">12:00-12:45<\/td>\n<td style=\"width: 12.7091%;height: 33px\">Dr. Nagy Zsolt<\/td>\n<td style=\"width: 70.1636%;height: 33px\"><a href=\"https:\/\/semmelweis.hu\/dft\/files\/2025\/01\/Smile-Design-2D-3D-handout.pdf\">2D \u00e9s 3D smile design<\/a><\/td>\n<\/tr>\n<\/tbody>\n<\/table>\n<h5>\u00a0<\/h5>\n<table style=\"border-collapse: collapse;width: 100%;height: 112px\">\n<thead>\n<tr style=\"height: 33px\">\n<td style=\"width: 107.641px;height: 33px;text-align: center\"><strong>D\u00e1tum<\/strong><\/td>\n<td style=\"width: 127.641px;height: 33px;text-align: center\"><strong>Id\u0151pont<\/strong><\/td>\n<td style=\"width: 174.594px;height: 33px;text-align: center\"><strong>El\u0151ad\u00f3<\/strong><\/td>\n<td style=\"width: 964.125px;height: 33px;text-align: center\"><strong>El\u0151ad\u00e1s c\u00edme<\/strong><\/td>\n<\/tr>\n<\/thead>\n<tbody>\n<tr style=\"height: 33px\">\n<td style=\"width: 107.641px;height: 33px\">2026.02.05.<\/td>\n<td style=\"width: 127.641px;height: 33px\">8:00-8:45<\/td>\n<td style=\"width: 174.594px;height: 33px\">Prof. Dr. V\u00e1g J\u00e1nos<br \/>\nDr. Borbola D\u00e1niel<br \/>\nDr. Czifr\u00e1k D\u00e1niel<br \/>\nDr. Mikolicz \u00c1kos<\/td>\n<td style=\"width: 964.125px;height: 33px\">Modellszkennel\u00e9s<\/td>\n<\/tr>\n<tr style=\"height: 33px\">\n<td style=\"width: 107.641px;height: 33px\">2026.02.05.<\/td>\n<td style=\"width: 127.641px;height: 33px\">9:00-9:45<\/td>\n<td style=\"width: 174.594px;height: 33px\">Prof. Dr. V\u00e1g J\u00e1nos<br \/>\nDr. Borbola D\u00e1niel<br \/>\nDr. Czifr\u00e1k D\u00e1niel<br \/>\nDr. Mikolicz \u00c1kos<\/td>\n<td style=\"width: 964.125px;height: 33px\">CAD tervez\u00e9s: korona<\/td>\n<\/tr>\n<tr style=\"height: 33px\">\n<td style=\"width: 107.641px;height: 13px\">2026.02.05.<\/td>\n<td style=\"width: 127.641px;height: 13px\">10:00-10:45<\/td>\n<td style=\"width: 174.594px;height: 13px\">Prof. Dr. V\u00e1g J\u00e1nos<br \/>\nDr. Borbola D\u00e1niel<br \/>\nDr. Czifr\u00e1k D\u00e1niel<br \/>\nDr. Mikolicz \u00c1kos<\/td>\n<td style=\"width: 964.125px;height: 13px\">CAD tervez\u00e9s: korona folytat\u00e1sa<\/td>\n<\/tr>\n<\/tbody>\n<\/table>\n<h5>\u00a0<\/h5>\n<h5><span style=\"color: #ff0000\">M\u00e1rcius<\/span><\/h5>\n<table style=\"border-collapse: collapse;width: 100%;height: 132px\">\n<thead>\n<tr style=\"height: 33px\">\n<td style=\"width: 7.83636%;height: 33px;text-align: center\"><strong>D\u00e1tum<\/strong><\/td>\n<td style=\"width: 9.29087%;height: 33px;text-align: center\"><strong>Id\u0151pont<\/strong><\/td>\n<td style=\"width: 12.7091%;height: 33px;text-align: center\"><strong>El\u0151ad\u00f3<\/strong><\/td>\n<td style=\"width: 70.1636%;height: 33px;text-align: center\"><strong>El\u0151ad\u00e1s c\u00edme<\/strong><\/td>\n<\/tr>\n<\/thead>\n<tbody>\n<tr style=\"height: 33px\">\n<td style=\"width: 7.83636%;height: 33px\">2026.03.10.<\/td>\n<td style=\"width: 9.29087%;height: 33px\">8:00-8:45<\/td>\n<td style=\"width: 12.7091%;height: 33px\">Prof. Dr. V\u00e1g J\u00e1nos<br \/>\nDr. Borbola D\u00e1niel<br \/>\nDr. Czifr\u00e1k D\u00e1niel<br \/>\nDr. Mikolicz \u00c1kos<\/td>\n<td style=\"width: 70.1636%;height: 33px\">CAD tervez\u00e9s: inlay, onlay, overlay tervez\u00e9se<\/td>\n<\/tr>\n<tr style=\"height: 33px\">\n<td style=\"width: 7.83636%;height: 33px\">2026.03.10.<\/td>\n<td style=\"width: 9.29087%;height: 33px\">9:00-9:45<\/td>\n<td style=\"width: 12.7091%;height: 33px\">Prof. Dr. V\u00e1g J\u00e1nos<br \/>\nDr. Borbola D\u00e1niel<br \/>\nDr. Czifr\u00e1k D\u00e1niel<br \/>\nDr. Mikolicz \u00c1kos<\/td>\n<td style=\"width: 70.1636%;height: 33px\">CAD tervez\u00e9s: inlay, onlay, overlay tervez\u00e9se<\/td>\n<\/tr>\n<tr style=\"height: 33px\">\n<td style=\"width: 7.83636%;height: 33px\">2026.03.10.<\/td>\n<td style=\"width: 9.29087%;height: 33px\">10:00-10:45<\/td>\n<td style=\"width: 12.7091%;height: 33px\">Prof. Dr. V\u00e1g J\u00e1nos<br \/>\nDr. Borbola D\u00e1niel<br \/>\nDr. Czifr\u00e1k D\u00e1niel<br \/>\nDr. Mikolicz \u00c1kos<\/td>\n<td style=\"width: 70.1636%;height: 33px\">CAD tervez\u00e9s: inlay, onlay, overlay tervez\u00e9se<\/td>\n<\/tr>\n<tr>\n<td style=\"width: 7.83636%\">2026.03.10.<\/td>\n<td style=\"width: 9.29087%\">11:00-11:45<\/td>\n<td style=\"width: 12.7091%\">Prof. Dr. V\u00e1g J\u00e1nos<br \/>\nDr. Borbola D\u00e1niel<br \/>\nDr. Czifr\u00e1k D\u00e1niel<br \/>\nDr. Mikolicz \u00c1kos<\/td>\n<td style=\"width: 70.1636%\">CAD\/CAM mar\u00e1s bemutat\u00e1sa<\/td>\n<\/tr>\n<tr>\n<td style=\"width: 7.83636%\">2026.03.10.<\/td>\n<td style=\"width: 9.29087%\">12:00-12:45<\/td>\n<td style=\"width: 12.7091%\">Prof. Dr. V\u00e1g J\u00e1nos<br \/>\nDr. Borbola D\u00e1niel<br \/>\nDr. Czifr\u00e1k D\u00e1niel<br \/>\nDr. Mikolicz \u00c1kos<\/td>\n<td style=\"width: 70.1636%\">Karakteriz\u00e1l\u00e1s, krisztalliz\u00e1ci\u00f3<\/td>\n<\/tr>\n<\/tbody>\n<\/table>\n<h5>\u00a0<\/h5>\n","protected":false},"excerpt":{"rendered":"<p>Szemin\u00e1riumok helye: Semmelweis Egyetem Fogorvostudom\u00e1nyi Kar Oktat\u00e1si Centrum Helyre\u00e1ll\u00edt\u00f3 Fog\u00e1szati \u00e9s Endodonciai Klinika refer\u00e1l\u00f3 terme (1088 Budapest, Szentkir\u00e1lyi u. 47., VII. emelet) Szemin\u00e1riumok ideje: 2026.02.03. \u00e9s 2026.02.05. Gyakorlatok helye: Semmelweis Egyetem Fogorvostudom\u00e1nyi Kar Oktat\u00e1si Centrum Helyre\u00e1ll\u00edt\u00f3 Fog\u00e1szati \u00e9s Endodonciai Klinika (1088 Budapest, Szentkir\u00e1lyi u. 47., VII. emelet) Gyakorlatok ideje: 2026.03.10. Dokumentumok: <a href=\"https:\/\/semmelweis.hu\/dft\/files\/2026\/01\/CADCAM-fogorvosi-oldal_2026.pdf\">Tant\u00e1rgyi program<\/a> <a href=\"https:\/\/semmelweis.hu\/dft\/files\/2025\/01\/Beadando-temak.pdf\">Beadand\u00f3 t\u00e9m\u00e1k<\/a> <a href=\"https:\/\/semmelweis.hu\/dft\/files\/2025\/01\/Digitalis-szak-tematika-20250120.pdf\">Tematika<\/a> Febru\u00e1r D\u00e1tum Id\u0151pont El\u0151ad\u00f3 &hellip;<\/p>\n","protected":false},"author":101231,"featured_media":0,"parent":9425,"menu_order":0,"comment_status":"closed","ping_status":"closed","template":"","meta":{"_acf_changed":false,"footnotes":""},"categories":[],"tags":[],"class_list":["post-9442","page","type-page","status-publish","hentry"],"acf":[],"_links":{"self":[{"href":"https:\/\/semmelweis.hu\/dft\/wp-json\/wp\/v2\/pages\/9442","targetHints":{"allow":["GET"]}}],"collection":[{"href":"https:\/\/semmelweis.hu\/dft\/wp-json\/wp\/v2\/pages"}],"about":[{"href":"https:\/\/semmelweis.hu\/dft\/wp-json\/wp\/v2\/types\/page"}],"author":[{"embeddable":true,"href":"https:\/\/semmelweis.hu\/dft\/wp-json\/wp\/v2\/users\/101231"}],"replies":[{"embeddable":true,"href":"https:\/\/semmelweis.hu\/dft\/wp-json\/wp\/v2\/comments?post=9442"}],"version-history":[{"count":10,"href":"https:\/\/semmelweis.hu\/dft\/wp-json\/wp\/v2\/pages\/9442\/revisions"}],"predecessor-version":[{"id":9729,"href":"https:\/\/semmelweis.hu\/dft\/wp-json\/wp\/v2\/pages\/9442\/revisions\/9729"}],"up":[{"embeddable":true,"href":"https:\/\/semmelweis.hu\/dft\/wp-json\/wp\/v2\/pages\/9425"}],"wp:attachment":[{"href":"https:\/\/semmelweis.hu\/dft\/wp-json\/wp\/v2\/media?parent=9442"}],"wp:term":[{"taxonomy":"category","embeddable":true,"href":"https:\/\/semmelweis.hu\/dft\/wp-json\/wp\/v2\/categories?post=9442"},{"taxonomy":"post_tag","embeddable":true,"href":"https:\/\/semmelweis.hu\/dft\/wp-json\/wp\/v2\/tags?post=9442"}],"curies":[{"name":"wp","href":"https:\/\/api.w.org\/{rel}","templated":true}]}}