{"id":9385,"date":"2024-10-24T15:32:16","date_gmt":"2024-10-24T13:32:16","guid":{"rendered":"https:\/\/semmelweis.hu\/dft\/?page_id=9385"},"modified":"2026-03-26T14:09:14","modified_gmt":"2026-03-26T13:09:14","slug":"szakdolgozat","status":"publish","type":"page","link":"https:\/\/semmelweis.hu\/dft\/szakdolgozat\/","title":{"rendered":"Szakdolgozat"},"content":{"rendered":"<h3>2026-ban ki\u00edr\u00e1sra ker\u00fcl\u0151 szakdolgozat t\u00e9m\u00e1k Digit\u00e1lis Fog\u00e1szati Tervez\u00e9s szak harmad\u00e9ves hallgat\u00f3inak<\/h3>\n<p><strong>Semmelweis Egyetem Fogp\u00f3tl\u00e1stani Klinika<\/strong><\/p>\n<table style=\"border-collapse: collapse;width: 77.342%\">\n<tbody>\n<tr>\n<td style=\"width: 50%;text-align: center\"><strong>C\u00edm<\/strong><\/td>\n<td style=\"width: 27.342%;text-align: center\"><strong>Konzulens<\/strong><\/td>\n<\/tr>\n<tr>\n<td style=\"width: 50%\">R\u00e9szleges lemezes fogp\u00f3tl\u00e1sok digit\u00e1lis megval\u00f3s\u00edt\u00e1s\u00e1nak kih\u00edv\u00e1sai<\/td>\n<td style=\"width: 27.342%\">Dr. K\u00f6rmendi Szandra<\/td>\n<\/tr>\n<\/tbody>\n<\/table>\n<h3>\u00a0<\/h3>\n<h3>2025-ben ki\u00edr\u00e1sra ker\u00fcl\u0151 szakdolgozat t\u00e9m\u00e1k Digit\u00e1lis Fog\u00e1szati Tervez\u00e9s szak harmad\u00e9ves hallgat\u00f3inak<\/h3>\n<p><strong>Semmelweis Egyetem Fogp\u00f3tl\u00e1stani Klinika<\/strong><\/p>\n<table style=\"width: 77.1016%;height: 99px\" width=\"741\">\n<tbody>\n<tr style=\"height: 33px\">\n<th style=\"width: 67.8331%;height: 33px;text-align: center\" width=\"504\"><strong>C\u00edm<\/strong><\/th>\n<th style=\"width: 71.0407%;height: 33px;text-align: center\" width=\"237\"><strong>Konzulens<\/strong><\/th>\n<\/tr>\n<tr style=\"height: 33px\">\n<td style=\"width: 67.8331%;height: 33px\">A mesters\u00e9ges intelligencia jelent\u0151s\u00e9ge a digit\u00e1lis fog\u00e1szatban<\/td>\n<td style=\"width: 71.0407%;height: 33px\">Dr. K\u00f6rmendi Szandra<\/td>\n<\/tr>\n<tr style=\"height: 33px\">\n<td style=\"width: 67.8331%;height: 33px\">Fogtechnikai tervez\u0151 szoftverek t\u00f6rt\u00e9nelmi \u00e1ttekint\u00e9se<\/td>\n<td style=\"width: 71.0407%;height: 33px\">Dr. V\u00e9gh D\u00e1niel<\/td>\n<\/tr>\n<\/tbody>\n<\/table>\n<h3>\u00a0<\/h3>\n<h3>2024-ben ki\u00edr\u00e1sra ker\u00fcl\u0151 szakdolgozat t\u00e9m\u00e1k Digit\u00e1lis Fog\u00e1szati Tervez\u00e9s szak harmad\u00e9ves hallgat\u00f3inak<\/h3>\n<p><strong>Semmelweis Egyetem Fogp\u00f3tl\u00e1stani Klinika<\/strong><\/p>\n<table style=\"width: 77.1016%;height: 231px\" width=\"741\">\n<tbody>\n<tr style=\"height: 33px\">\n<th style=\"width: 67.8331%;height: 33px;text-align: center\" width=\"504\"><strong>C\u00edm<\/strong><\/th>\n<th style=\"width: 71.0407%;height: 33px;text-align: center\" width=\"237\"><strong>Konzulens<\/strong><\/th>\n<\/tr>\n<tr style=\"height: 33px\">\n<td style=\"width: 67.8331%;height: 33px\">Kivehet\u0151 lemezes fogp\u00f3tl\u00e1sok a XXI. Sz\u00e1zadban<\/td>\n<td style=\"width: 71.0407%;height: 33px\">Dr. Kisp\u00e9lyi Barbara<\/td>\n<\/tr>\n<tr style=\"height: 33px\">\n<td style=\"width: 67.8331%;height: 33px\">Digitaliz\u00e1ci\u00f3 a fogtechnik\u00e1ban<\/td>\n<td style=\"width: 71.0407%;height: 33px\">Dr. V\u00e9gh D\u00e1niel<\/td>\n<\/tr>\n<tr style=\"height: 33px\">\n<td style=\"width: 67.8331%;height: 33px\">Nanoanyagok a fogtechnik\u00e1ban<\/td>\n<td style=\"width: 71.0407%;height: 33px\">Dr. G\u00e9czi Zolt\u00e1n<\/td>\n<\/tr>\n<tr style=\"height: 33px\">\n<td style=\"width: 67.8331%;height: 33px\">\u00c1llkapocs helyzetek \u00e9s mozg\u00e1sok jelent\u0151s\u00e9ge a digit\u00e1lis vil\u00e1gban<\/td>\n<td style=\"width: 71.0407%;height: 33px\">Dr. J\u00e1sz B\u00e1lint<\/td>\n<\/tr>\n<tr style=\"height: 33px\">\n<td style=\"width: 67.8331%;height: 33px\">Mesters\u00e9ges intelligencia a fog\u00e1szati szoftverekben<\/td>\n<td style=\"width: 71.0407%;height: 33px\">Dr. K\u00f6rmendi Szandra<\/td>\n<\/tr>\n<tr style=\"height: 33px\">\n<td style=\"width: 67.8331%;height: 33px\">Prepar\u00e1ci\u00f3s hib\u00e1k jelent\u0151s\u00e9ge a digit\u00e1lis munkafolyamatok sor\u00e1n<\/td>\n<td style=\"width: 71.0407%;height: 33px\">Dr. Vitai Vikt\u00f3ria<\/td>\n<\/tr>\n<\/tbody>\n<\/table>\n<p>&nbsp;<\/p>\n<p><strong>Neumann J\u00e1nos Egyetem<\/strong><\/p>\n<table style=\"width: 76.9557%\" width=\"741\">\n<tbody>\n<tr>\n<th style=\"width: 67.8331%;text-align: center\" width=\"504\"><strong>C\u00edm<\/strong><\/th>\n<th style=\"width: 69.3765%;text-align: center\" width=\"237\"><strong>Konzulens<\/strong><\/th>\n<\/tr>\n<tr>\n<td style=\"width: 67.8331%\">\u00c1llkapocs \u00e9s fogak szegment\u00e1ci\u00f3ja CT felv\u00e9teleken<\/td>\n<td style=\"width: 69.3765%\">Dr. Piros Istv\u00e1n Attila, Papp Klaudia<\/td>\n<\/tr>\n<tr>\n<td style=\"width: 67.8331%\">Fog\u00e1szati implant\u00e1tumok digit\u00e1lis tervez\u00e9se \u00e9s optimaliz\u00e1l\u00e1sa CT alap\u00fa modelleken<\/td>\n<td style=\"width: 69.3765%\">Dr. Piros Istv\u00e1n Attila, Papp Klaudia<\/td>\n<\/tr>\n<tr>\n<td style=\"width: 67.8331%\">Fog\u00e1szati implant\u00e1tumok anyagtulajdons\u00e1gainak vizsg\u00e1lata szimul\u00e1ci\u00f3s k\u00f6rnyezetben<\/td>\n<td style=\"width: 69.3765%\">Dr. Piros Istv\u00e1n Attila, Papp Klaudia<\/td>\n<\/tr>\n<\/tbody>\n<\/table>\n","protected":false},"excerpt":{"rendered":"<p>2026-ban ki\u00edr\u00e1sra ker\u00fcl\u0151 szakdolgozat t\u00e9m\u00e1k Digit\u00e1lis Fog\u00e1szati Tervez\u00e9s szak harmad\u00e9ves hallgat\u00f3inak Semmelweis Egyetem Fogp\u00f3tl\u00e1stani Klinika C\u00edm Konzulens R\u00e9szleges lemezes fogp\u00f3tl\u00e1sok digit\u00e1lis megval\u00f3s\u00edt\u00e1s\u00e1nak kih\u00edv\u00e1sai Dr. K\u00f6rmendi Szandra \u00a0 2025-ben ki\u00edr\u00e1sra ker\u00fcl\u0151 szakdolgozat t\u00e9m\u00e1k Digit\u00e1lis Fog\u00e1szati Tervez\u00e9s szak harmad\u00e9ves hallgat\u00f3inak Semmelweis Egyetem Fogp\u00f3tl\u00e1stani Klinika C\u00edm Konzulens A mesters\u00e9ges intelligencia jelent\u0151s\u00e9ge a digit\u00e1lis fog\u00e1szatban Dr. K\u00f6rmendi Szandra Fogtechnikai &hellip;<\/p>\n","protected":false},"author":101231,"featured_media":0,"parent":0,"menu_order":0,"comment_status":"closed","ping_status":"closed","template":"","meta":{"_acf_changed":false,"footnotes":""},"categories":[],"tags":[],"class_list":["post-9385","page","type-page","status-publish","hentry"],"acf":[],"_links":{"self":[{"href":"https:\/\/semmelweis.hu\/dft\/wp-json\/wp\/v2\/pages\/9385","targetHints":{"allow":["GET"]}}],"collection":[{"href":"https:\/\/semmelweis.hu\/dft\/wp-json\/wp\/v2\/pages"}],"about":[{"href":"https:\/\/semmelweis.hu\/dft\/wp-json\/wp\/v2\/types\/page"}],"author":[{"embeddable":true,"href":"https:\/\/semmelweis.hu\/dft\/wp-json\/wp\/v2\/users\/101231"}],"replies":[{"embeddable":true,"href":"https:\/\/semmelweis.hu\/dft\/wp-json\/wp\/v2\/comments?post=9385"}],"version-history":[{"count":6,"href":"https:\/\/semmelweis.hu\/dft\/wp-json\/wp\/v2\/pages\/9385\/revisions"}],"predecessor-version":[{"id":9739,"href":"https:\/\/semmelweis.hu\/dft\/wp-json\/wp\/v2\/pages\/9385\/revisions\/9739"}],"wp:attachment":[{"href":"https:\/\/semmelweis.hu\/dft\/wp-json\/wp\/v2\/media?parent=9385"}],"wp:term":[{"taxonomy":"category","embeddable":true,"href":"https:\/\/semmelweis.hu\/dft\/wp-json\/wp\/v2\/categories?post=9385"},{"taxonomy":"post_tag","embeddable":true,"href":"https:\/\/semmelweis.hu\/dft\/wp-json\/wp\/v2\/tags?post=9385"}],"curies":[{"name":"wp","href":"https:\/\/api.w.org\/{rel}","templated":true}]}}