{"id":9224,"date":"2024-06-14T14:30:24","date_gmt":"2024-06-14T12:30:24","guid":{"rendered":"https:\/\/semmelweis.hu\/dft\/?page_id=9224"},"modified":"2025-11-13T08:15:37","modified_gmt":"2025-11-13T07:15:37","slug":"digitalis-munkafolyamatok-i","status":"publish","type":"page","link":"https:\/\/semmelweis.hu\/dft\/3-evfolyam\/5-felev\/digitalis-munkafolyamatok-i\/","title":{"rendered":"Digit\u00e1lis munkafolyamatok I."},"content":{"rendered":"<div class=\"keretes w-100\">\n<p><strong>Szemin\u00e1riumok helye:<\/strong> Fogorvostudom\u00e1nyi Kar Oktat\u00e1si Centrum VI. emelet, 604-es szoba\u00a0<br \/>\n(1088 Budapest, Szentkir\u00e1lyi u. 47., VI. emelet)<\/p>\n<p><strong>Szemin\u00e1riumok ideje:<\/strong> 2025.09.24., 2025.10.15.\u00a0<\/p>\n<p><strong>Gyakorlatok helye:<\/strong> Fogorvostudom\u00e1nyi Kar Oktat\u00e1si Centrum V. emeleti tanlabor<br \/>\n(1088 Budapest, Szentkir\u00e1lyi u. 47., V. emelet)<\/p>\n<p><strong>Gyakorlatok ideje:<\/strong> 2025.12.03., 2025.12.05.<\/p>\n<\/div>\n<h3>Dokumentumok:<\/h3>\n<ul style=\"list-style-type: square\">\n<li><a href=\"https:\/\/semmelweis.hu\/dft\/files\/2024\/09\/DM-I-tantargyi-program-2024-1.pdf\">Tant\u00e1rgyi program<\/a><\/li>\n<li><a href=\"https:\/\/semmelweis.hu\/dft\/files\/2024\/09\/Beadando-esszek-Digitalis-Munkafolyamatok-I.pdf\">Beadand\u00f3 t\u00e9m\u00e1k<\/a><\/li>\n<li><a href=\"https:\/\/semmelweis.hu\/dft\/files\/2024\/09\/Eloadasok-es-Gyakorlatok-Digitalis-Munkafolyamatok-I_.pdf\">Tematika<\/a><\/li>\n<\/ul>\n<h5><span style=\"color: #ff0000\">Szeptember<\/span><\/h5>\n<table style=\"border-collapse: collapse;width: 100%;height: 165px\">\n<thead>\n<tr style=\"height: 33px\">\n<td style=\"width: 7.83636%;height: 33px;text-align: center\"><strong>D\u00e1tum<\/strong><\/td>\n<td style=\"width: 9.29087%;height: 33px;text-align: center\"><strong>Id\u0151pont<\/strong><\/td>\n<td style=\"width: 12.7091%;height: 33px;text-align: center\"><strong>El\u0151ad\u00f3<\/strong><\/td>\n<td style=\"width: 70.1636%;height: 33px;text-align: center\"><strong>El\u0151ad\u00e1s c\u00edme<\/strong><\/td>\n<\/tr>\n<\/thead>\n<tbody>\n<tr style=\"height: 33px\">\n<td style=\"width: 7.83636%;height: 33px\">2025.09.24.<\/td>\n<td style=\"width: 9.29087%;height: 33px\">13:00 &#8211; 13:45<\/td>\n<td style=\"width: 12.7091%;height: 33px\">Dr. Kopikrishna Thirunelakandan<\/td>\n<td style=\"width: 70.1636%;height: 33px\">Latest all ceramic preparation techniques and their subsequent luting protocols<\/td>\n<\/tr>\n<tr style=\"height: 33px\">\n<td style=\"width: 7.83636%;height: 33px\">2025.09.24.<\/td>\n<td style=\"width: 9.29087%;height: 33px\">14:00 &#8211; 14:45<\/td>\n<td style=\"width: 12.7091%;height: 33px\">Albert Krist\u00f3f<\/td>\n<td style=\"width: 70.1636%;height: 33px\">Shining3D &#8211; Forradalmi technol\u00f3giai \u00faj\u00edt\u00e1sok a digit\u00e1lis lenyomatv\u00e9telben<\/td>\n<\/tr>\n<tr style=\"height: 33px\">\n<td style=\"width: 7.83636%;height: 33px\">2025.09.24.<\/td>\n<td style=\"width: 9.29087%;height: 33px\">15:00 &#8211; 15:45<\/td>\n<td style=\"width: 12.7091%;height: 33px\">Albert Krist\u00f3f<\/td>\n<td style=\"width: 70.1636%;height: 33px\">Shining 3D digit\u00e1lis fog\u00e1szati portf\u00f3li\u00f3 &#8211; az intraor\u00e1lis lenyomatv\u00e9telt\u0151l a chairside nyomtat\u00e1sig<\/td>\n<\/tr>\n<tr style=\"height: 33px\">\n<td style=\"width: 7.83636%;height: 33px\">2025.09.24.<\/td>\n<td style=\"width: 9.29087%;height: 33px\">16:00 &#8211; 16:45<\/td>\n<td style=\"width: 12.7091%;height: 33px\">Albert Krist\u00f3f<\/td>\n<td style=\"width: 70.1636%;height: 33px\">Dental scan-Facescan-3D printing &#8211; mikrom\u00e9teres pontoss\u00e1g a Shining3D digit\u00e1lis fog\u00e1szati portf\u00f3li\u00f3j\u00e1ban<\/td>\n<\/tr>\n<\/tbody>\n<\/table>\n<h5>\u00a0<\/h5>\n<h5><span style=\"color: #ff0000\">Okt\u00f3ber<\/span><\/h5>\n<table style=\"border-collapse: collapse;width: 100%;height: 165px\">\n<thead>\n<tr style=\"height: 33px\">\n<td style=\"width: 7.83636%;height: 33px;text-align: center\"><strong>D\u00e1tum<\/strong><\/td>\n<td style=\"width: 9.29087%;height: 33px;text-align: center\"><strong>Id\u0151pont<\/strong><\/td>\n<td style=\"width: 12.7091%;height: 33px;text-align: center\"><strong>El\u0151ad\u00f3<\/strong><\/td>\n<td style=\"width: 70.1636%;height: 33px;text-align: center\"><strong>El\u0151ad\u00e1s c\u00edme<\/strong><\/td>\n<\/tr>\n<\/thead>\n<tbody>\n<tr style=\"height: 33px\">\n<td style=\"width: 7.83636%;height: 33px\">2025.10.15.<\/td>\n<td style=\"width: 9.29087%;height: 33px\">12:00 &#8211; 12:45<\/td>\n<td style=\"width: 12.7091%;height: 33px\">Pesti Csaba<\/td>\n<td style=\"width: 70.1636%;height: 33px\">Implant\u00e1ci\u00f3s protetika a digit\u00e1lis fog\u00e1szati tervez\u0151 oldal\u00e1r\u00f3l<\/td>\n<\/tr>\n<tr style=\"height: 33px\">\n<td style=\"width: 7.83636%;height: 33px\">2025.10.15.<\/td>\n<td style=\"width: 9.29087%;height: 33px\">13:00 &#8211; 13:45<\/td>\n<td style=\"width: 12.7091%;height: 33px\">Pesti Csaba<\/td>\n<td style=\"width: 70.1636%;height: 33px\">Iphysio koncepci\u00f3<\/td>\n<\/tr>\n<tr style=\"height: 33px\">\n<td style=\"width: 7.83636%;height: 33px\">2025.10.15.<\/td>\n<td style=\"width: 9.29087%;height: 33px\">14:00 &#8211; 14:45<\/td>\n<td style=\"width: 12.7091%;height: 33px\">Pesti Csaba<\/td>\n<td style=\"width: 70.1636%;height: 33px\">\u00cdnyform\u00e1z\u00e1s az Iphysio Profile Designerrel<\/td>\n<\/tr>\n<tr style=\"height: 33px\">\n<td style=\"width: 7.83636%;height: 33px\">2025.10.15.<\/td>\n<td style=\"width: 9.29087%;height: 33px\">15:00 &#8211; 15:45<\/td>\n<td style=\"width: 12.7091%;height: 33px\">Pesti Csaba<\/td>\n<td style=\"width: 70.1636%;height: 33px\">Egyszer\u0171s\u00edtett digit\u00e1lis munkafolyamat az Iphysio Profile Designerrel<\/td>\n<\/tr>\n<\/tbody>\n<\/table>\n<h5>\u00a0<\/h5>\n<h5><span style=\"color: #ff0000\">December<\/span><\/h5>\n<table style=\"border-collapse: collapse;width: 99.9273%;height: 297px\">\n<thead>\n<tr style=\"height: 33px\">\n<td style=\"width: 7.83636%;text-align: center;height: 33px\"><strong>D\u00e1tum<\/strong><\/td>\n<td style=\"width: 9.29087%;text-align: center;height: 33px\"><strong>Id\u0151pont<\/strong><\/td>\n<td style=\"width: 12.9231%;text-align: center;height: 33px\"><strong>El\u0151ad\u00f3<\/strong><\/td>\n<td style=\"width: 69.9496%;text-align: center;height: 33px\"><strong>El\u0151ad\u00e1s c\u00edme<\/strong><\/td>\n<\/tr>\n<\/thead>\n<tbody>\n<tr style=\"height: 33px\">\n<td style=\"width: 7.83636%;height: 33px\">2025.12.03.<\/td>\n<td style=\"width: 9.29087%;height: 33px\">8:00 &#8211; 8:45<\/td>\n<td style=\"width: 12.9231%;height: 33px\">Feh\u00e9r Zolt\u00e1n<\/td>\n<td style=\"width: 69.9496%;height: 33px\">3D nyomtat\u00e1s \u00e9s addit\u00edv gy\u00e1rt\u00e1s<\/td>\n<\/tr>\n<tr style=\"height: 33px\">\n<td style=\"width: 7.83636%;height: 33px\">2025.12.03.<\/td>\n<td style=\"width: 9.29087%;height: 33px\">9:00 &#8211; 9:45<\/td>\n<td style=\"width: 12.9231%;height: 33px\">Feh\u00e9r Zolt\u00e1n<\/td>\n<td style=\"width: 69.9496%;height: 33px\">Fog\u00e1szati 3D nyomtat\u00e1s<\/td>\n<\/tr>\n<tr style=\"height: 33px\">\n<td style=\"width: 7.83636%;height: 33px\">2025.12.03.<\/td>\n<td style=\"width: 9.29087%;height: 33px\">10:00 &#8211; 10:45<\/td>\n<td style=\"width: 12.9231%;height: 33px\">Feh\u00e9r Zolt\u00e1n<\/td>\n<td style=\"width: 69.9496%;height: 33px\">\u00a0<\/td>\n<\/tr>\n<tr style=\"height: 33px\">\n<td style=\"width: 7.83636%;height: 33px\">2025.12.03.<\/td>\n<td style=\"width: 9.29087%;height: 33px\">11:00 &#8211; 11:45<\/td>\n<td style=\"width: 12.9231%;height: 33px\">P\u00e9ter Botond<\/td>\n<td style=\"width: 69.9496%;height: 33px\">Arcszkennel\u00e9s<\/td>\n<\/tr>\n<tr style=\"height: 33px\">\n<td style=\"width: 7.83636%;height: 33px\">2025.12.03.<\/td>\n<td style=\"width: 9.29087%;height: 33px\">12:00 &#8211; 12:45<\/td>\n<td style=\"width: 12.9231%;height: 33px\">P\u00e9ter Botond<\/td>\n<td style=\"width: 69.9496%;height: 33px\">Intraor\u00e1lis fotogrammetria<\/td>\n<\/tr>\n<tr style=\"height: 33px\">\n<td style=\"width: 7.83636%;height: 33px\">2025.12.05.<\/td>\n<td style=\"width: 9.29087%;height: 33px\">10:00 &#8211; 10:45<\/td>\n<td style=\"width: 12.9231%;height: 33px\">Rig\u00f3 Bal\u00e1zs Ftm.<\/td>\n<td style=\"width: 69.9496%;height: 33px\">CAD tervez\u00e9s 3Shape Dental System szoftverrrel 1.<\/td>\n<\/tr>\n<tr style=\"height: 33px\">\n<td style=\"width: 7.83636%;height: 33px\">2025.12.05.<\/td>\n<td style=\"width: 9.29087%;height: 33px\">11:00 &#8211; 11:45<\/td>\n<td style=\"width: 12.9231%;height: 33px\">Rig\u00f3 Bal\u00e1zs Ftm.<\/td>\n<td style=\"width: 69.9496%;height: 33px\">CAD tervez\u00e9s 3Shape Dental System szoftverrrel 2.<\/td>\n<\/tr>\n<tr style=\"height: 33px\">\n<td style=\"width: 7.83636%;height: 33px\">2025.12.05.<\/td>\n<td style=\"width: 9.29087%;height: 33px\">12:00 &#8211; 12:45<\/td>\n<td style=\"width: 12.9231%;height: 33px\">Rig\u00f3 Bal\u00e1zs Ftm.<\/td>\n<td style=\"width: 69.9496%;height: 33px\">CAD tervez\u00e9s 3Shape Dental System szoftverrrel 3.<\/td>\n<\/tr>\n<\/tbody>\n<\/table>\n","protected":false},"excerpt":{"rendered":"<p>Szemin\u00e1riumok helye: Fogorvostudom\u00e1nyi Kar Oktat\u00e1si Centrum VI. emelet, 604-es szoba\u00a0 (1088 Budapest, Szentkir\u00e1lyi u. 47., VI. emelet) Szemin\u00e1riumok ideje: 2025.09.24., 2025.10.15.\u00a0 Gyakorlatok helye: Fogorvostudom\u00e1nyi Kar Oktat\u00e1si Centrum V. emeleti tanlabor (1088 Budapest, Szentkir\u00e1lyi u. 47., V. emelet) Gyakorlatok ideje: 2025.12.03., 2025.12.05. Dokumentumok: <a href=\"https:\/\/semmelweis.hu\/dft\/files\/2024\/09\/DM-I-tantargyi-program-2024-1.pdf\">Tant\u00e1rgyi program<\/a> <a href=\"https:\/\/semmelweis.hu\/dft\/files\/2024\/09\/Beadando-esszek-Digitalis-Munkafolyamatok-I.pdf\">Beadand\u00f3 t\u00e9m\u00e1k<\/a> <a href=\"https:\/\/semmelweis.hu\/dft\/files\/2024\/09\/Eloadasok-es-Gyakorlatok-Digitalis-Munkafolyamatok-I_.pdf\">Tematika<\/a> Szeptember D\u00e1tum Id\u0151pont El\u0151ad\u00f3 El\u0151ad\u00e1s c\u00edme 2025.09.24. 13:00 &#8211; 13:45 Dr. Kopikrishna Thirunelakandan &hellip;<\/p>\n","protected":false},"author":101231,"featured_media":0,"parent":9180,"menu_order":0,"comment_status":"closed","ping_status":"closed","template":"","meta":{"_acf_changed":false,"footnotes":""},"categories":[],"tags":[],"class_list":["post-9224","page","type-page","status-publish","hentry"],"acf":[],"_links":{"self":[{"href":"https:\/\/semmelweis.hu\/dft\/wp-json\/wp\/v2\/pages\/9224","targetHints":{"allow":["GET"]}}],"collection":[{"href":"https:\/\/semmelweis.hu\/dft\/wp-json\/wp\/v2\/pages"}],"about":[{"href":"https:\/\/semmelweis.hu\/dft\/wp-json\/wp\/v2\/types\/page"}],"author":[{"embeddable":true,"href":"https:\/\/semmelweis.hu\/dft\/wp-json\/wp\/v2\/users\/101231"}],"replies":[{"embeddable":true,"href":"https:\/\/semmelweis.hu\/dft\/wp-json\/wp\/v2\/comments?post=9224"}],"version-history":[{"count":10,"href":"https:\/\/semmelweis.hu\/dft\/wp-json\/wp\/v2\/pages\/9224\/revisions"}],"predecessor-version":[{"id":9632,"href":"https:\/\/semmelweis.hu\/dft\/wp-json\/wp\/v2\/pages\/9224\/revisions\/9632"}],"up":[{"embeddable":true,"href":"https:\/\/semmelweis.hu\/dft\/wp-json\/wp\/v2\/pages\/9180"}],"wp:attachment":[{"href":"https:\/\/semmelweis.hu\/dft\/wp-json\/wp\/v2\/media?parent=9224"}],"wp:term":[{"taxonomy":"category","embeddable":true,"href":"https:\/\/semmelweis.hu\/dft\/wp-json\/wp\/v2\/categories?post=9224"},{"taxonomy":"post_tag","embeddable":true,"href":"https:\/\/semmelweis.hu\/dft\/wp-json\/wp\/v2\/tags?post=9224"}],"curies":[{"name":"wp","href":"https:\/\/api.w.org\/{rel}","templated":true}]}}