{"id":9180,"date":"2024-06-12T15:06:06","date_gmt":"2024-06-12T13:06:06","guid":{"rendered":"https:\/\/semmelweis.hu\/dft\/?page_id=9180"},"modified":"2025-08-21T14:59:58","modified_gmt":"2025-08-21T12:59:58","slug":"5-felev","status":"publish","type":"page","link":"https:\/\/semmelweis.hu\/dft\/3-evfolyam\/5-felev\/","title":{"rendered":"5. f\u00e9l\u00e9v"},"content":{"rendered":"<h2>2025\/2026-os tan\u00e9v I. f\u00e9l\u00e9v<\/h2>\n<h2>Tant\u00e1rgyak<\/h2>\n<table style=\"border-collapse: collapse;width: 100%;height: 195px\">\n<thead>\n<tr style=\"height: 33px\">\n<td style=\"width: 18.6493%;height: 33px;text-align: center\"><strong>Tant\u00e1rgy neve<\/strong><\/td>\n<td style=\"width: 13.6312%;height: 33px;text-align: center\"><strong>Felv\u00e9tel t\u00edpusa<\/strong><\/td>\n<td style=\"width: 15.1584%;height: 33px;text-align: center\"><strong>Tant\u00e1rgy felel\u0151se<\/strong><\/td>\n<td style=\"width: 9.70388%;height: 33px;text-align: center\"><strong>Kredit\u00e9rt\u00e9k<\/strong><\/td>\n<td style=\"width: 14.2857%;height: 33px;text-align: center\"><strong>Kontakt \u00f3rasz\u00e1m<\/strong><\/td>\n<td style=\"width: 14.2857%;height: 33px;text-align: center\"><strong>Vizsgaforma<\/strong><\/td>\n<td style=\"width: 14.2857%;height: 33px;text-align: center\"><strong>Kurzusk\u00f3d<\/strong><\/td>\n<\/tr>\n<\/thead>\n<tbody>\n<tr style=\"height: 33px\">\n<td style=\"width: 18.6493%;height: 33px\">Digit\u00e1lis munkafolyamatok I.<\/td>\n<td style=\"width: 13.6312%;height: 33px\">k\u00f6telez\u0151<\/td>\n<td style=\"width: 15.1584%;height: 33px\">Prof. Dr. Hermann P\u00e9ter<\/td>\n<td style=\"width: 9.70388%;height: 33px;text-align: center\">4 kredit<\/td>\n<td style=\"width: 14.2857%;height: 33px\">8 gyakorlat<br \/>\n8 szemin\u00e1rium<\/td>\n<td style=\"width: 14.2857%;height: 33px\">gyakorlati jegy<\/td>\n<td style=\"width: 14.2857%;height: 33px\">FOGKOFPK013_1M<\/td>\n<\/tr>\n<tr style=\"height: 63px\">\n<td style=\"width: 18.6493%;height: 63px\">Fog\u00e1szati Anyagtan \u00e9s Odontotechnol\u00f3gia V.<\/td>\n<td style=\"width: 13.6312%;height: 63px\">k\u00f6telez\u0151<\/td>\n<td style=\"width: 15.1584%;height: 63px\">Prof. Dr. Hermann P\u00e9ter<\/td>\n<td style=\"width: 9.70388%;height: 63px;text-align: center\">7 kredit<\/td>\n<td style=\"width: 14.2857%;height: 63px\">22 gyakorlat<\/td>\n<td style=\"width: 14.2857%;height: 63px\">gyakorlati jegy<\/td>\n<td style=\"width: 14.2857%;height: 63px\" width=\"165\">FOGKOFPK003_5M<\/td>\n<\/tr>\n<tr style=\"height: 33px\">\n<td style=\"width: 18.6493%;height: 33px\">Parodontol\u00f3giai alapismeretek<\/td>\n<td style=\"width: 13.6312%;height: 33px\">k\u00f6telez\u0151<\/td>\n<td style=\"width: 15.1584%;height: 33px\">Prof. Dr. Windisch P\u00e9ter<\/td>\n<td style=\"width: 9.70388%;height: 33px;text-align: center\">2 kredit<\/td>\n<td style=\"width: 14.2857%;height: 33px\">9 szemin\u00e1rium<\/td>\n<td style=\"width: 14.2857%;height: 33px\">kollokvium<\/td>\n<td style=\"width: 14.2857%;height: 33px\">FOGKOPDK014_1M<\/td>\n<\/tr>\n<tr>\n<td style=\"width: 18.6493%\">Sz\u00e1jseb\u00e9szeti \u00e9s dent\u00e1lis implantol\u00f3giai alapismeretek<\/td>\n<td style=\"width: 13.6312%\">k\u00f6telez\u0151<\/td>\n<td style=\"width: 15.1584%\">Prof. Dr. Jo\u00f3b-Fancsaly \u00c1rp\u00e1d<\/td>\n<td style=\"width: 9.70388%;text-align: center\">3 kredit<\/td>\n<td style=\"width: 14.2857%\">13 szemin\u00e1rium<\/td>\n<td style=\"width: 14.2857%\">kollokvium<\/td>\n<td style=\"width: 14.2857%\">FODKOSZB015_1M<\/td>\n<\/tr>\n<tr>\n<td style=\"width: 18.6493%\">Praxismenedzsment<\/td>\n<td style=\"width: 13.6312%\">k\u00f6telez\u0151en v\u00e1laszthat\u00f3<\/td>\n<td style=\"width: 15.1584%\">Dr. D\u00f3sa \u00c1gnes<\/td>\n<td style=\"width: 9.70388%;text-align: center\">3 kredit<\/td>\n<td style=\"width: 14.2857%\">13 szemin\u00e1rium<\/td>\n<td style=\"width: 14.2857%\">kollokvium<\/td>\n<td style=\"width: 14.2857%\">FODKVMAG017_1M<\/td>\n<\/tr>\n<tr style=\"height: 33px\">\n<td style=\"width: 18.6493%;height: 33px\">\u00dczleti tervez\u00e9s<\/td>\n<td style=\"width: 13.6312%;height: 33px\">szabadon v\u00e1laszthat\u00f3<\/td>\n<td style=\"width: 15.1584%;height: 33px\">Dr. Sztrilich Andr\u00e1s<\/td>\n<td style=\"width: 9.70388%;height: 33px;text-align: center\">4 kredit<\/td>\n<td style=\"width: 14.2857%;height: 33px\">13 szemin\u00e1rium<\/td>\n<td style=\"width: 14.2857%;height: 33px\">kollokvium<\/td>\n<td style=\"width: 14.2857%\" width=\"165\">FODSVTTT021_1M<\/td>\n<\/tr>\n<\/tbody>\n<\/table>\n<h2>\u00d3rarend<\/h2>\n<h5><span style=\"color: #ff0000\">Szeptember<\/span><\/h5>\n<table style=\"border-collapse: collapse;width: 100%;height: 198px\">\n<thead>\n<tr style=\"height: 33px\">\n<td style=\"width: 9.96364%;height: 33px\">\u00a0<\/td>\n<td style=\"width: 16.8%;height: 33px;text-align: center\">2025.09.22.<\/td>\n<td style=\"width: 16.4364%;height: 33px;text-align: center\">2025.09.23.<\/td>\n<td style=\"width: 18.8363%;height: 33px;text-align: center\">2025.09.24.<\/td>\n<td style=\"width: 19.6364%;height: 33px;text-align: center\">2025.09.25.<\/td>\n<td style=\"width: 18.2545%;height: 33px;text-align: center\">2025.09.26.<\/td>\n<\/tr>\n<\/thead>\n<tbody>\n<tr style=\"height: 33px\">\n<td style=\"width: 9.96364%;height: 33px\">13:00-13:45<\/td>\n<td style=\"width: 16.8%;height: 33px\">Parodontol\u00f3giai alapismeretek szemin\u00e1rium 1.<\/td>\n<td style=\"width: 16.4364%;height: 33px\">Sz\u00e1jseb\u00e9szeti \u00e9s dent\u00e1lis implantol\u00f3giai alapismeretek szemin\u00e1rium 1.<\/td>\n<td style=\"width: 18.8363%;height: 33px\">Digit\u00e1lis munkafolyamatok I. szemin\u00e1rium 1.<\/td>\n<td style=\"width: 19.6364%;height: 33px\">Praxismenedzsment szemin\u00e1rium 1.<\/td>\n<td style=\"width: 18.2545%;height: 33px\">Neumann J\u00e1nos Egyetem<\/td>\n<\/tr>\n<tr style=\"height: 33px\">\n<td style=\"width: 9.96364%;height: 33px\">14:00-14:45<\/td>\n<td style=\"width: 16.8%;height: 33px\">Parodontol\u00f3giai alapismeretek szemin\u00e1rium 2.<\/td>\n<td style=\"width: 16.4364%;height: 33px\">Sz\u00e1jseb\u00e9szeti \u00e9s dent\u00e1lis implantol\u00f3giai alapismeretek szemin\u00e1rium 2.<\/td>\n<td style=\"width: 18.8363%;height: 33px\">Digit\u00e1lis munkafolyamatok I. szemin\u00e1rium 2.<\/td>\n<td style=\"width: 19.6364%;height: 33px\">Praxismenedzsment szemin\u00e1rium 2.<\/td>\n<td style=\"width: 18.2545%;height: 33px\">Neumann J\u00e1nos Egyetem<\/td>\n<\/tr>\n<tr style=\"height: 33px\">\n<td style=\"width: 9.96364%;height: 33px\">15:00-15:45<\/td>\n<td style=\"width: 16.8%;height: 33px\">Parodontol\u00f3giai alapismeretek szemin\u00e1rium 3.<\/td>\n<td style=\"width: 16.4364%;height: 33px\">Sz\u00e1jseb\u00e9szeti \u00e9s dent\u00e1lis implantol\u00f3giai alapismeretek szemin\u00e1rium 3.<\/td>\n<td style=\"width: 18.8363%;height: 33px\">Digit\u00e1lis munkafolyamatok I. szemin\u00e1rium 3.<\/td>\n<td style=\"width: 19.6364%;height: 33px\">Praxismenedzsment szemin\u00e1rium 3.<\/td>\n<td style=\"width: 18.2545%;height: 33px\">Neumann J\u00e1nos Egyetem<\/td>\n<\/tr>\n<tr style=\"height: 33px\">\n<td style=\"width: 9.96364%;height: 33px\">16:00-16:45<\/td>\n<td style=\"width: 16.8%;height: 33px\">Parodontol\u00f3giai alapismeretek szemin\u00e1rium 4.<\/td>\n<td style=\"width: 16.4364%;height: 33px\">Sz\u00e1jseb\u00e9szeti \u00e9s dent\u00e1lis implantol\u00f3giai alapismeretek szemin\u00e1rium 4.<\/td>\n<td style=\"width: 18.8363%;height: 33px\">Digit\u00e1lis munkafolyamatok I. szemin\u00e1rium 4.<\/td>\n<td style=\"width: 19.6364%;height: 33px\">\u00a0<\/td>\n<td style=\"width: 18.2545%;height: 33px\">Neumann J\u00e1nos Egyetem<\/td>\n<\/tr>\n<tr style=\"height: 33px\">\n<td style=\"width: 9.96364%;height: 33px\">17:00-19:15<\/td>\n<td style=\"width: 16.8%;height: 33px\">Fog\u00e1szati Anyagtan \u00e9s Odontotechnol\u00f3gia V. gyakorlat 1 &#8211; 4.\u00a0<\/td>\n<td style=\"width: 16.4364%;height: 33px\">Fog\u00e1szati Anyagtan \u00e9s Odontotechnol\u00f3gia V. gyakorlat 5 &#8211; 8.\u00a0<\/td>\n<td style=\"width: 18.8363%;height: 33px\">Fog\u00e1szati Anyagtan \u00e9s Odontotechnol\u00f3gia V. gyakorlat 9 &#8211; 12.\u00a0<\/td>\n<td style=\"width: 19.6364%;height: 33px\">Fog\u00e1szati Anyagtan \u00e9s Odontotechnol\u00f3gia V. gyakorlat 13 &#8211; 16.\u00a0<\/td>\n<td style=\"width: 18.2545%;height: 33px\">Neumann J\u00e1nos Egyetem<\/td>\n<\/tr>\n<\/tbody>\n<\/table>\n<h5>\u00a0<\/h5>\n<h5><span style=\"color: #ff0000\">Okt\u00f3ber<\/span><\/h5>\n<table style=\"border-collapse: collapse;width: 99.7091%;height: 198px\">\n<thead>\n<tr style=\"height: 33px\">\n<td style=\"width: 9.96364%;height: 33px\">\u00a0<\/td>\n<td style=\"width: 17.0182%;height: 33px;text-align: center\">2025.10.13.<\/td>\n<td style=\"width: 16.0712%;height: 33px;text-align: center\">2025.10.14.<\/td>\n<td style=\"width: 19.2742%;height: 33px;text-align: center\">2025.10.15.<\/td>\n<td style=\"width: 19.3455%;height: 33px;text-align: center\">2025.10.16.<\/td>\n<td style=\"width: 18.2545%;height: 33px;text-align: center\">2025.10.17.<\/td>\n<\/tr>\n<\/thead>\n<tbody>\n<tr>\n<td style=\"width: 9.96364%\">12:00-12:45<\/td>\n<td style=\"width: 17.0182%\">\u00a0<\/td>\n<td style=\"width: 16.0712%\">\u00a0<\/td>\n<td style=\"width: 19.2742%\">Digit\u00e1lis munkafolyamatok I. szemin\u00e1rium 5.<\/td>\n<td style=\"width: 19.3455%\">\u00a0<\/td>\n<td style=\"width: 18.2545%\">\u00a0<\/td>\n<\/tr>\n<tr style=\"height: 33px\">\n<td style=\"width: 9.96364%;height: 33px\">13:00-13:45<\/td>\n<td style=\"width: 17.0182%;height: 33px\">\u00dczleti tervez\u00e9s szemin\u00e1rium 1.<\/td>\n<td style=\"width: 16.0712%;height: 33px\">Sz\u00e1jseb\u00e9szeti \u00e9s dent\u00e1lis implantol\u00f3giai alapismeretek szemin\u00e1rium 5.<\/td>\n<td style=\"width: 19.2742%;height: 33px\">Digit\u00e1lis munkafolyamatok I. szemin\u00e1rium 6.<\/td>\n<td style=\"width: 19.3455%;height: 33px\">Praxismenedzsment szemin\u00e1rium 4.<\/td>\n<td style=\"width: 18.2545%;height: 33px\">\u00dczleti tervez\u00e9s szemin\u00e1rium 9.<\/td>\n<\/tr>\n<tr style=\"height: 33px\">\n<td style=\"width: 9.96364%;height: 33px\">14:00-14:45<\/td>\n<td style=\"width: 17.0182%;height: 33px\">\u00dczleti tervez\u00e9s szemin\u00e1rium 2.<\/td>\n<td style=\"width: 16.0712%;height: 33px\">Sz\u00e1jseb\u00e9szeti \u00e9s dent\u00e1lis implantol\u00f3giai alapismeretek szemin\u00e1rium 6.<\/td>\n<td style=\"width: 19.2742%;height: 33px\">Digit\u00e1lis munkafolyamatok I. szemin\u00e1rium 7.<\/td>\n<td style=\"width: 19.3455%;height: 33px\">Praxismenedzsment szemin\u00e1rium 5.<\/td>\n<td style=\"width: 18.2545%;height: 33px\">\u00dczleti tervez\u00e9s szemin\u00e1rium 10.<\/td>\n<\/tr>\n<tr style=\"height: 33px\">\n<td style=\"width: 9.96364%;height: 33px\">15:00-15:45<\/td>\n<td style=\"width: 17.0182%;height: 33px\">\u00dczleti tervez\u00e9s szemin\u00e1rium 3.<\/td>\n<td style=\"width: 16.0712%;height: 33px\">Sz\u00e1jseb\u00e9szeti \u00e9s dent\u00e1lis implantol\u00f3giai alapismeretek szemin\u00e1rium 7.<\/td>\n<td style=\"width: 19.2742%;height: 33px\">Digit\u00e1lis munkafolyamatok I. szemin\u00e1rium 8.<\/td>\n<td style=\"width: 19.3455%;height: 33px\">Praxismenedzsment szemin\u00e1rium 6.<\/td>\n<td style=\"width: 18.2545%;height: 33px\">\u00dczleti tervez\u00e9s szemin\u00e1rium 11.<\/td>\n<\/tr>\n<tr style=\"height: 33px\">\n<td style=\"width: 9.96364%;height: 33px\">16:00-16:45<\/td>\n<td style=\"width: 17.0182%;height: 33px\">\u00dczleti tervez\u00e9s szemin\u00e1rium 4.<\/td>\n<td style=\"width: 16.0712%;height: 33px\">Sz\u00e1jseb\u00e9szeti \u00e9s dent\u00e1lis implantol\u00f3giai alapismeretek szemin\u00e1rium 8.<\/td>\n<td style=\"width: 19.2742%;height: 33px\">\u00dczleti tervez\u00e9s szemin\u00e1rium 5.<\/td>\n<td style=\"width: 19.3455%;height: 33px\">\u00dczleti tervez\u00e9s szemin\u00e1rium 7.<\/td>\n<td style=\"width: 18.2545%;height: 33px\">\u00dczleti tervez\u00e9s szemin\u00e1rium 12.<\/td>\n<\/tr>\n<tr style=\"height: 33px\">\n<td style=\"width: 9.96364%;height: 33px\">17:00-17:45<\/td>\n<td style=\"width: 17.0182%;height: 33px\">Fog\u00e1szati Anyagtan \u00e9s Odontotechnol\u00f3gia V. gyakorlat 17.\u00a0<\/td>\n<td style=\"width: 16.0712%;height: 33px\">Fog\u00e1szati Anyagtan \u00e9s Odontotechnol\u00f3gia V. gyakorlat 21.\u00a0<\/td>\n<td style=\"width: 19.2742%;height: 33px\">\u00dczleti tervez\u00e9s szemin\u00e1rium 6.<\/td>\n<td style=\"width: 19.3455%;height: 33px\">\u00dczleti tervez\u00e9s szemin\u00e1rium 8.<\/td>\n<td style=\"width: 18.2545%;height: 33px\">\u00dczleti tervez\u00e9s szemin\u00e1rium 13.<\/td>\n<\/tr>\n<tr>\n<td style=\"width: 9.96364%\">17:45-19:15<\/td>\n<td style=\"width: 17.0182%\">Fog\u00e1szati Anyagtan \u00e9s Odontotechnol\u00f3gia V. gyakorlat 18 &#8211; 20.\u00a0<\/td>\n<td style=\"width: 16.0712%\">Fog\u00e1szati Anyagtan \u00e9s Odontotechnol\u00f3gia V. gyakorlat 22.\u00a0<\/td>\n<td style=\"width: 19.2742%\">\u00a0<\/td>\n<td style=\"width: 19.3455%\">\u00a0<\/td>\n<td style=\"width: 18.2545%\">\u00a0<\/td>\n<\/tr>\n<\/tbody>\n<\/table>\n<h5>\u00a0<\/h5>\n<h5><span style=\"color: #ff0000\">December<\/span><\/h5>\n<table style=\"border-collapse: collapse;width: 99.7091%;height: 198px\">\n<thead>\n<tr style=\"height: 33px\">\n<td style=\"width: 9.96364%;height: 33px\">\u00a0<\/td>\n<td style=\"width: 17.0182%;height: 33px;text-align: center\">2025.12.01.<\/td>\n<td style=\"width: 16.0712%;height: 33px;text-align: center\">2025.12.02.<\/td>\n<td style=\"width: 19.2742%;height: 33px;text-align: center\">2025.12.03.<\/td>\n<td style=\"width: 19.3455%;height: 33px;text-align: center\">2025.12.04.<\/td>\n<td style=\"width: 18.2545%;height: 33px;text-align: center\">2025.12.05.<\/td>\n<\/tr>\n<\/thead>\n<tbody>\n<tr style=\"height: 33px\">\n<td style=\"width: 9.96364%;height: 33px\">8:00-8:45<\/td>\n<td style=\"width: 17.0182%;height: 33px\">Parodontol\u00f3giai alapismeretek szemin\u00e1rium 5.<\/td>\n<td style=\"width: 16.0712%;height: 33px\">Sz\u00e1jseb\u00e9szeti \u00e9s dent\u00e1lis implantol\u00f3giai alapismeretek szemin\u00e1rium 9.<\/td>\n<td style=\"width: 19.2742%;height: 33px\">Digit\u00e1lis munkafolyamatok I. gyakorlat 1.<\/td>\n<td style=\"width: 19.3455%;height: 33px\">Praxismenedzsment szemin\u00e1rium 7.<\/td>\n<td style=\"width: 18.2545%;height: 33px\">Praxismenedzsment szemin\u00e1rium 12.<\/td>\n<\/tr>\n<tr style=\"height: 33px\">\n<td style=\"width: 9.96364%;height: 33px\">9:00-9:45<\/td>\n<td style=\"width: 17.0182%;height: 33px\">Parodontol\u00f3giai alapismeretek szemin\u00e1rium 6.<\/td>\n<td style=\"width: 16.0712%;height: 33px\">Sz\u00e1jseb\u00e9szeti \u00e9s dent\u00e1lis implantol\u00f3giai alapismeretek szemin\u00e1rium 10.<\/td>\n<td style=\"width: 19.2742%;height: 33px\">Digit\u00e1lis munkafolyamatok I. gyakorlat 2.<\/td>\n<td style=\"width: 19.3455%;height: 33px\">Praxismenedzsment szemin\u00e1rium 8.<\/td>\n<td style=\"width: 18.2545%;height: 33px\">Praxismenedzsment szemin\u00e1rium 13.<\/td>\n<\/tr>\n<tr style=\"height: 33px\">\n<td style=\"width: 9.96364%;height: 33px\">10:00-10:45<\/td>\n<td style=\"width: 17.0182%;height: 33px\">Parodontol\u00f3giai alapismeretek szemin\u00e1rium 7.<\/td>\n<td style=\"width: 16.0712%;height: 33px\">Sz\u00e1jseb\u00e9szeti \u00e9s dent\u00e1lis implantol\u00f3giai alapismeretek szemin\u00e1rium 11.<\/td>\n<td style=\"width: 19.2742%;height: 33px\">Digit\u00e1lis munkafolyamatok I. gyakorlat 3.<\/td>\n<td style=\"width: 19.3455%;height: 33px\">Praxismenedzsment szemin\u00e1rium 9.<\/td>\n<td style=\"width: 18.2545%;height: 33px\">Digit\u00e1lis munkafolyamatok I. gyakorlat 6.<\/td>\n<\/tr>\n<tr style=\"height: 33px\">\n<td style=\"width: 9.96364%;height: 33px\">11:00-11:45<\/td>\n<td style=\"width: 17.0182%;height: 33px\">Parodontol\u00f3giai alapismeretek szemin\u00e1rium 8.<\/td>\n<td style=\"width: 16.0712%;height: 33px\">Sz\u00e1jseb\u00e9szeti \u00e9s dent\u00e1lis implantol\u00f3giai alapismeretek szemin\u00e1rium 12.<\/td>\n<td style=\"width: 19.2742%;height: 33px\">Digit\u00e1lis munkafolyamatok I. gyakorlat 4.<\/td>\n<td style=\"width: 19.3455%;height: 33px\">Praxismenedzsment szemin\u00e1rium 10.<\/td>\n<td style=\"width: 18.2545%;height: 33px\">Digit\u00e1lis munkafolyamatok I. gyakorlat 7.<\/td>\n<\/tr>\n<tr style=\"height: 33px\">\n<td style=\"width: 9.96364%;height: 33px\">12:00-12:45<\/td>\n<td style=\"width: 17.0182%;height: 33px\">Parodontol\u00f3giai alapismeretek szemin\u00e1rium 9.<\/td>\n<td style=\"width: 16.0712%;height: 33px\">Sz\u00e1jseb\u00e9szeti \u00e9s dent\u00e1lis implantol\u00f3giai alapismeretek szemin\u00e1rium 13.<\/td>\n<td style=\"width: 19.2742%;height: 33px\">Digit\u00e1lis munkafolyamatok I. gyakorlat 5.<\/td>\n<td style=\"width: 19.3455%;height: 33px\">Praxismenedzsment szemin\u00e1rium 11.<\/td>\n<td style=\"width: 18.2545%;height: 33px\">Digit\u00e1lis munkafolyamatok I. gyakorlat 8.<\/td>\n<\/tr>\n<\/tbody>\n<\/table>\n<p>\n<strong><span style=\"color: #000000\">Kontakt \u00f3r\u00e1k id\u0151pontja a Neumann J\u00e1nos Egyetemen:<\/span><\/strong><span style=\"color: #000000\"><br \/>\n<\/span>2025.09.26. <br \/>\n2025.11.17-21.<\/p>\n","protected":false},"excerpt":{"rendered":"<p>2025\/2026-os tan\u00e9v I. f\u00e9l\u00e9v Tant\u00e1rgyak Tant\u00e1rgy neve Felv\u00e9tel t\u00edpusa Tant\u00e1rgy felel\u0151se Kredit\u00e9rt\u00e9k Kontakt \u00f3rasz\u00e1m Vizsgaforma Kurzusk\u00f3d Digit\u00e1lis munkafolyamatok I. k\u00f6telez\u0151 Prof. Dr. Hermann P\u00e9ter 4 kredit 8 gyakorlat 8 szemin\u00e1rium gyakorlati jegy FOGKOFPK013_1M Fog\u00e1szati Anyagtan \u00e9s Odontotechnol\u00f3gia V. k\u00f6telez\u0151 Prof. Dr. Hermann P\u00e9ter 7 kredit 22 gyakorlat gyakorlati jegy FOGKOFPK003_5M Parodontol\u00f3giai alapismeretek k\u00f6telez\u0151 Prof. Dr. &hellip;<\/p>\n","protected":false},"author":101231,"featured_media":0,"parent":9193,"menu_order":0,"comment_status":"closed","ping_status":"closed","template":"","meta":{"_acf_changed":false,"footnotes":""},"categories":[],"tags":[],"class_list":["post-9180","page","type-page","status-publish","hentry"],"acf":[],"_links":{"self":[{"href":"https:\/\/semmelweis.hu\/dft\/wp-json\/wp\/v2\/pages\/9180","targetHints":{"allow":["GET"]}}],"collection":[{"href":"https:\/\/semmelweis.hu\/dft\/wp-json\/wp\/v2\/pages"}],"about":[{"href":"https:\/\/semmelweis.hu\/dft\/wp-json\/wp\/v2\/types\/page"}],"author":[{"embeddable":true,"href":"https:\/\/semmelweis.hu\/dft\/wp-json\/wp\/v2\/users\/101231"}],"replies":[{"embeddable":true,"href":"https:\/\/semmelweis.hu\/dft\/wp-json\/wp\/v2\/comments?post=9180"}],"version-history":[{"count":10,"href":"https:\/\/semmelweis.hu\/dft\/wp-json\/wp\/v2\/pages\/9180\/revisions"}],"predecessor-version":[{"id":9574,"href":"https:\/\/semmelweis.hu\/dft\/wp-json\/wp\/v2\/pages\/9180\/revisions\/9574"}],"up":[{"embeddable":true,"href":"https:\/\/semmelweis.hu\/dft\/wp-json\/wp\/v2\/pages\/9193"}],"wp:attachment":[{"href":"https:\/\/semmelweis.hu\/dft\/wp-json\/wp\/v2\/media?parent=9180"}],"wp:term":[{"taxonomy":"category","embeddable":true,"href":"https:\/\/semmelweis.hu\/dft\/wp-json\/wp\/v2\/categories?post=9180"},{"taxonomy":"post_tag","embeddable":true,"href":"https:\/\/semmelweis.hu\/dft\/wp-json\/wp\/v2\/tags?post=9180"}],"curies":[{"name":"wp","href":"https:\/\/api.w.org\/{rel}","templated":true}]}}