{"id":9061,"date":"2024-01-26T14:49:56","date_gmt":"2024-01-26T13:49:56","guid":{"rendered":"https:\/\/semmelweis.hu\/dft\/?page_id=9061"},"modified":"2026-01-30T09:31:49","modified_gmt":"2026-01-30T08:31:49","slug":"fogpotlastan-iv","status":"publish","type":"page","link":"https:\/\/semmelweis.hu\/dft\/2-evfolyam\/iv-felev\/fogpotlastan-iv\/","title":{"rendered":"Fogp\u00f3tl\u00e1stan IV."},"content":{"rendered":"<div class=\"keretes w-100\">\n<p><strong>Szemin\u00e1riumok helye 1 &#8211; 4, 11 &#8211; 13.:<\/strong> Semmelweis Egyetem Fogorvostudom\u00e1nyi Kar Oktat\u00e1si Centrum V. emelet nagy digit\u00e1lis labor\u00a0 (1088 Budapest, Szentkir\u00e1lyi u. 47. V. emelet)<\/p>\n<p><strong>Szemin\u00e1riumok ideje:<\/strong> <br \/>\n1 &#8211; 4.: 2026.03.17. <br \/>\n11 &#8211; 13.: 2026.04.14.<\/p>\n<p><strong>Szemin\u00e1riumok helye 5 &#8211; 10.:<\/strong> Semmelweis Egyetem Fogorvostudom\u00e1nyi Kar Oktat\u00e1si Centrum V. emelet kis digit\u00e1lis labor (1088 Budapest, Szentkir\u00e1lyi u. 47. V. emelet)<\/p>\n<p><strong>Szemin\u00e1riumok ideje:\u00a0<\/strong>2026.03.18. vagy 2026.03.20.<\/p>\n<\/div>\n<h3>Dokumentumok:<\/h3>\n<ul style=\"list-style-type: square\">\n<li><a href=\"https:\/\/semmelweis.hu\/dft\/files\/2024\/02\/Fogpotlastan-IV-tantargyleiras-1.pdf\">Tant\u00e1rgyi program<\/a><\/li>\n<li>Beadand\u00f3 t\u00e9m\u00e1k<\/li>\n<li><a href=\"https:\/\/semmelweis.hu\/dft\/files\/2024\/02\/Fogpotlastan-IV-szigorlati-tetelsor-\u2013-masolat.pdf\">T\u00e9telsor<\/a><\/li>\n<\/ul>\n<h5><span style=\"color: #ff0000\">M\u00e1rcius<\/span><\/h5>\n<table style=\"border-collapse: collapse;width: 100%;height: 663px\">\n<thead>\n<tr style=\"height: 33px\">\n<td style=\"width: 8.50909%;text-align: center;height: 33px\"><strong>D\u00e1tum<\/strong><\/td>\n<td style=\"width: 9.52726%;text-align: center;height: 33px\"><strong>Id\u0151pont<\/strong><\/td>\n<td style=\"width: 15.0545%;text-align: center;height: 33px\"><strong>El\u0151ad\u00f3<\/strong><\/td>\n<td style=\"width: 52%;text-align: center;height: 33px\"><strong>El\u0151ad\u00e1s (pdf-ben)<\/strong><\/td>\n<\/tr>\n<\/thead>\n<tbody>\n<tr style=\"height: 33px\">\n<td style=\"width: 8.50909%;height: 33px\">2026.03.17.<\/td>\n<td style=\"width: 9.52726%;height: 33px\">10:00-10:45<\/td>\n<td style=\"width: 15.0545%;height: 33px\">Dr. K\u00f6rmendi Szandra<\/td>\n<td style=\"width: 52%;height: 33px\" width=\"167\"><a href=\"https:\/\/semmelweis.hu\/dft\/files\/2024\/02\/RLF-alaplemez.pdf\">R\u00e9szleges lemezes fogp\u00f3tl\u00e1sok r\u00e9szei<\/a><\/td>\n<\/tr>\n<tr style=\"height: 33px\">\n<td style=\"width: 8.50909%;height: 33px\">2026.03.17.<\/td>\n<td style=\"width: 9.52726%;height: 33px\">11:00-11:45<\/td>\n<td style=\"width: 15.0545%;height: 33px\">Dr. K\u00f6rmendi Szandra<\/td>\n<td style=\"width: 52%;height: 33px\" width=\"167\"><a href=\"https:\/\/semmelweis.hu\/dft\/files\/2024\/02\/RLF-kapocs.pdf\">Kapcsok<\/a><\/td>\n<\/tr>\n<tr style=\"height: 33px\">\n<td style=\"width: 8.50909%;height: 33px\">2026.03.17.<\/td>\n<td style=\"width: 9.52726%;height: 33px\">12:00-12:45<\/td>\n<td style=\"width: 15.0545%;height: 33px\">Dr. K\u00f6rmendi Szandra<\/td>\n<td style=\"width: 52%;height: 33px\" width=\"167\"><a href=\"https:\/\/semmelweis.hu\/dft\/files\/2024\/02\/RLF-Rejtett-elhorgonyzas-2023.pdf\">Rejtett elhorgonyz\u00e1si eszk\u00f6z\u00f6k<\/a><\/td>\n<\/tr>\n<tr style=\"height: 33px\">\n<td style=\"width: 8.50909%;height: 33px\">2026.03.17.<\/td>\n<td style=\"width: 9.52726%;height: 33px\">13:00-13:45<\/td>\n<td style=\"width: 15.0545%;height: 33px\">Dr. K\u00f6rmendi Szandra<\/td>\n<td style=\"width: 52%;height: 33px\" width=\"167\"><a href=\"https:\/\/semmelweis.hu\/dft\/files\/2024\/02\/RLF-Teleszkop-2023.pdf\">Tervez\u00e9si ir\u00e1nyelvek<\/a><\/td>\n<\/tr>\n<tr style=\"height: 93px\">\n<td style=\"width: 8.50909%;height: 93px\">2026.03.18.<\/td>\n<td style=\"width: 9.52726%;height: 93px\">8:00-8:45<\/td>\n<td style=\"width: 15.0545%;height: 93px\">Dr. Jo\u00f3s-Kov\u00e1cs Gell\u00e9rt<br \/>\nDr. Keskeny Gy\u00f6rgy<br \/>\nDr. Schlick-Szab\u00f3 \u00c1ron<\/td>\n<td style=\"width: 52%;height: 93px\">RLF tervez\u00e9s<\/td>\n<\/tr>\n<tr style=\"height: 93px\">\n<td style=\"width: 8.50909%;height: 93px\">2026.03.18.<\/td>\n<td style=\"width: 9.52726%;height: 93px\">9:00-9:45<\/td>\n<td style=\"width: 15.0545%;height: 93px\">Dr. Jo\u00f3s-Kov\u00e1cs Gell\u00e9rt<br \/>\nDr. Keskeny Gy\u00f6rgy<br \/>\nDr. Schlick-Szab\u00f3 \u00c1ron<\/td>\n<td style=\"width: 52%;height: 93px\">RLF tervez\u00e9s<\/td>\n<\/tr>\n<tr style=\"height: 93px\">\n<td style=\"width: 8.50909%;height: 93px\">2026.03.18.<\/td>\n<td style=\"width: 9.52726%;height: 93px\">10:00-10:45<\/td>\n<td style=\"width: 15.0545%;height: 93px\">Dr. Jo\u00f3s-Kov\u00e1cs Gell\u00e9rt<br \/>\nDr. Keskeny Gy\u00f6rgy<br \/>\nDr. Schlick-Szab\u00f3 \u00c1ron<\/td>\n<td style=\"width: 52%;height: 93px\">RLF tervez\u00e9s<\/td>\n<\/tr>\n<tr style=\"height: 93px\">\n<td style=\"width: 8.50909%;height: 93px\">2026.03.18.<\/td>\n<td style=\"width: 9.52726%;height: 93px\">11:00-11:45<\/td>\n<td style=\"width: 15.0545%;height: 93px\">Dr. Jo\u00f3s-Kov\u00e1cs Gell\u00e9rt<br \/>\nDr. Keskeny Gy\u00f6rgy<br \/>\nDr. Schlick-Szab\u00f3 \u00c1ron<\/td>\n<td style=\"width: 52%;height: 93px\">RLF tervez\u00e9s<\/td>\n<\/tr>\n<tr style=\"height: 93px\">\n<td style=\"width: 8.50909%;height: 93px\">2026.03.18.<\/td>\n<td style=\"width: 9.52726%;height: 93px\">12:00-12:45<\/td>\n<td style=\"width: 15.0545%;height: 93px\">Dr. Jo\u00f3s-Kov\u00e1cs Gell\u00e9rt<br \/>\nDr. Keskeny Gy\u00f6rgy<br \/>\nDr. Schlick-Szab\u00f3 \u00c1ron<\/td>\n<td style=\"width: 52%;height: 93px\">RLF tervez\u00e9s<\/td>\n<\/tr>\n<tr style=\"height: 33px\">\n<td style=\"width: 8.50909%;height: 33px\">2026.03.18.<\/td>\n<td style=\"width: 9.52726%;height: 33px\">13:00-13:45<\/td>\n<td style=\"width: 15.0545%;height: 33px\">Dr. Jo\u00f3s-Kov\u00e1cs Gell\u00e9rt<br \/>\nDr. Keskeny Gy\u00f6rgy<br \/>\nDr. Schlick-Szab\u00f3 \u00c1ron<\/td>\n<td style=\"width: 52%;height: 33px\" width=\"167\">RLF tervez\u00e9s<\/td>\n<\/tr>\n<\/tbody>\n<\/table>\n<p>&nbsp;<\/p>\n<table style=\"border-collapse: collapse;width: 93.509%\">\n<thead><\/thead>\n<tbody>\n<tr style=\"height: 93px\">\n<td style=\"width: 9.35917%;height: 93px\">2026.03.20.<\/td>\n<td style=\"width: 10.0747%;height: 93px\">8:00-8:45<\/td>\n<td style=\"width: 16.2968%;height: 93px\">Dr. K\u00f6rmendi Szandra<br \/>\nDr. Palaszk\u00f3 D\u00e9nes<\/td>\n<td style=\"width: 49.3602%;height: 93px\">RLF tervez\u00e9s<\/td>\n<\/tr>\n<tr style=\"height: 93px\">\n<td style=\"width: 9.35917%;height: 93px\">2026.03.20.<\/td>\n<td style=\"width: 10.0747%;height: 93px\">9:00-9:45<\/td>\n<td style=\"width: 16.2968%;height: 93px\">Dr. K\u00f6rmendi Szandra<br \/>\nDr. Palaszk\u00f3 D\u00e9nes<\/td>\n<td style=\"width: 49.3602%;height: 93px\">RLF tervez\u00e9s<\/td>\n<\/tr>\n<tr style=\"height: 93px\">\n<td style=\"width: 9.35917%;height: 93px\">2026.03.20.<\/td>\n<td style=\"width: 10.0747%;height: 93px\">10:00-10:45<\/td>\n<td style=\"width: 16.2968%;height: 93px\">Dr. K\u00f6rmendi Szandra<br \/>\nDr. Palaszk\u00f3 D\u00e9nes<\/td>\n<td style=\"width: 49.3602%;height: 93px\">RLF tervez\u00e9s<\/td>\n<\/tr>\n<tr style=\"height: 93px\">\n<td style=\"width: 9.35917%;height: 93px\">2026.03.20.<\/td>\n<td style=\"width: 10.0747%;height: 93px\">11:00-11:45<\/td>\n<td style=\"width: 16.2968%;height: 93px\">Dr. K\u00f6rmendi Szandra<br \/>\nDr. Jo\u00f3s-Kov\u00e1cs Gell\u00e9rt<\/td>\n<td style=\"width: 49.3602%;height: 93px\">RLF tervez\u00e9s<\/td>\n<\/tr>\n<tr style=\"height: 93px\">\n<td style=\"width: 9.35917%;height: 93px\">2026.03.20.<\/td>\n<td style=\"width: 10.0747%;height: 93px\">12:00-12:45<\/td>\n<td style=\"width: 16.2968%;height: 93px\">Dr. K\u00f6rmendi Szandra<br \/>\nDr. Jo\u00f3s-Kov\u00e1cs Gell\u00e9rt<\/td>\n<td style=\"width: 49.3602%;height: 93px\">RLF tervez\u00e9s<\/td>\n<\/tr>\n<tr style=\"height: 33px\">\n<td style=\"width: 9.35917%;height: 33px\">2026.03.20.<\/td>\n<td style=\"width: 10.0747%;height: 33px\">13:00-13:45<\/td>\n<td style=\"width: 16.2968%;height: 33px\">Dr. K\u00f6rmendi Szandra<br \/>\nDr. Jo\u00f3s-Kov\u00e1cs Gell\u00e9rt<\/td>\n<td style=\"width: 49.3602%;height: 33px\" width=\"167\">RLF tervez\u00e9s<\/td>\n<\/tr>\n<\/tbody>\n<\/table>\n<h5>\u00a0<\/h5>\n<h5><span style=\"color: #ff0000\">\u00c1prilis<\/span><\/h5>\n<table style=\"border-collapse: collapse;width: 100%;height: 109px\">\n<thead>\n<tr style=\"height: 33px\">\n<td style=\"width: 8.43636%;text-align: center;height: 33px\"><strong>D\u00e1tum<\/strong><\/td>\n<td style=\"width: 9.59999%;text-align: center;height: 33px\"><strong>Id\u0151pont<\/strong><\/td>\n<td style=\"width: 15.0545%;text-align: center;height: 33px\"><strong>El\u0151ad\u00f3<\/strong><\/td>\n<td style=\"width: 52%;text-align: center;height: 33px\"><strong>El\u0151ad\u00e1s (pdf-ben)<\/strong><\/td>\n<\/tr>\n<\/thead>\n<tbody>\n<tr style=\"height: 33px\">\n<td style=\"width: 8.43636%;height: 33px\">2026.04.14.<\/td>\n<td style=\"width: 9.59999%;height: 33px\">12:00-12:45<\/td>\n<td style=\"width: 15.0545%;height: 33px\">Dr. J\u00e1sz M\u00e1t\u00e9<\/td>\n<td style=\"width: 52%;height: 33px\" width=\"167\">Teleszk\u00f3p rendszerek 1.<\/td>\n<\/tr>\n<tr style=\"height: 33px\">\n<td style=\"width: 8.43636%;height: 33px\">2026.04.14.<\/td>\n<td style=\"width: 9.59999%;height: 33px\">13:00-13:45<\/td>\n<td style=\"width: 15.0545%;height: 33px\">Dr. J\u00e1sz M\u00e1t\u00e9<\/td>\n<td style=\"width: 52%;height: 33px\" width=\"167\">Teleszk\u00f3p rendszerek 2.<\/td>\n<\/tr>\n<tr style=\"height: 33px\">\n<td style=\"width: 8.43636%;height: 10px\">2026.04.14.<\/td>\n<td style=\"width: 9.59999%;height: 10px\">14:00-14:45<\/td>\n<td style=\"width: 15.0545%;height: 10px\">Dr. J\u00e1sz M\u00e1t\u00e9<\/td>\n<td style=\"width: 52%;height: 10px\" width=\"167\">Gy\u00f6k\u00e9rcsapos fogm\u0171vek<\/td>\n<\/tr>\n<\/tbody>\n<\/table>\n","protected":false},"excerpt":{"rendered":"<p>Szemin\u00e1riumok helye 1 &#8211; 4, 11 &#8211; 13.: Semmelweis Egyetem Fogorvostudom\u00e1nyi Kar Oktat\u00e1si Centrum V. emelet nagy digit\u00e1lis labor\u00a0 (1088 Budapest, Szentkir\u00e1lyi u. 47. V. emelet) Szemin\u00e1riumok ideje: 1 &#8211; 4.: 2026.03.17. 11 &#8211; 13.: 2026.04.14. Szemin\u00e1riumok helye 5 &#8211; 10.: Semmelweis Egyetem Fogorvostudom\u00e1nyi Kar Oktat\u00e1si Centrum V. emelet kis digit\u00e1lis labor (1088 Budapest, Szentkir\u00e1lyi &hellip;<\/p>\n","protected":false},"author":101231,"featured_media":0,"parent":9059,"menu_order":2,"comment_status":"closed","ping_status":"closed","template":"","meta":{"_acf_changed":false,"footnotes":""},"categories":[],"tags":[],"class_list":["post-9061","page","type-page","status-publish","hentry"],"acf":[],"_links":{"self":[{"href":"https:\/\/semmelweis.hu\/dft\/wp-json\/wp\/v2\/pages\/9061","targetHints":{"allow":["GET"]}}],"collection":[{"href":"https:\/\/semmelweis.hu\/dft\/wp-json\/wp\/v2\/pages"}],"about":[{"href":"https:\/\/semmelweis.hu\/dft\/wp-json\/wp\/v2\/types\/page"}],"author":[{"embeddable":true,"href":"https:\/\/semmelweis.hu\/dft\/wp-json\/wp\/v2\/users\/101231"}],"replies":[{"embeddable":true,"href":"https:\/\/semmelweis.hu\/dft\/wp-json\/wp\/v2\/comments?post=9061"}],"version-history":[{"count":10,"href":"https:\/\/semmelweis.hu\/dft\/wp-json\/wp\/v2\/pages\/9061\/revisions"}],"predecessor-version":[{"id":9720,"href":"https:\/\/semmelweis.hu\/dft\/wp-json\/wp\/v2\/pages\/9061\/revisions\/9720"}],"up":[{"embeddable":true,"href":"https:\/\/semmelweis.hu\/dft\/wp-json\/wp\/v2\/pages\/9059"}],"wp:attachment":[{"href":"https:\/\/semmelweis.hu\/dft\/wp-json\/wp\/v2\/media?parent=9061"}],"wp:term":[{"taxonomy":"category","embeddable":true,"href":"https:\/\/semmelweis.hu\/dft\/wp-json\/wp\/v2\/categories?post=9061"},{"taxonomy":"post_tag","embeddable":true,"href":"https:\/\/semmelweis.hu\/dft\/wp-json\/wp\/v2\/tags?post=9061"}],"curies":[{"name":"wp","href":"https:\/\/api.w.org\/{rel}","templated":true}]}}