{"id":9059,"date":"2024-01-26T14:48:32","date_gmt":"2024-01-26T13:48:32","guid":{"rendered":"https:\/\/semmelweis.hu\/dft\/?page_id=9059"},"modified":"2026-01-15T14:38:24","modified_gmt":"2026-01-15T13:38:24","slug":"iv-felev","status":"publish","type":"page","link":"https:\/\/semmelweis.hu\/dft\/2-evfolyam\/iv-felev\/","title":{"rendered":"4. f\u00e9l\u00e9v"},"content":{"rendered":"<h1>2025\/2026-os tan\u00e9v II. f\u00e9l\u00e9v<\/h1>\n<h2>Tant\u00e1rgyak<\/h2>\n<table style=\"border-collapse: collapse;width: 100%;height: 208px\">\n<tbody>\n<tr style=\"height: 33px\">\n<td style=\"width: 19.7402%;height: 33px;text-align: center\">Tant\u00e1rgy neve<\/td>\n<td style=\"width: 15.4495%;height: 33px;text-align: center\">Felv\u00e9tel t\u00edpusa<\/td>\n<td style=\"width: 17.9219%;height: 33px;text-align: center\">Tant\u00e1rgy felel\u0151se<\/td>\n<td style=\"width: 10.7948%;height: 33px;text-align: center\">Kredit\u00e9rt\u00e9k<\/td>\n<td style=\"width: 10.4312%;height: 33px;text-align: center\">Kontakt \u00f3rasz\u00e1m<\/td>\n<td style=\"width: 11.3766%;height: 33px;text-align: center\">Vizsgaforma<\/td>\n<td style=\"width: 14.2857%;height: 33px;text-align: center\">Kurzusk\u00f3d<\/td>\n<\/tr>\n<tr style=\"height: 33px\">\n<td style=\"width: 19.7402%;height: 33px\"><a href=\"https:\/\/semmelweis.hu\/dft\/2-evfolyam\/iv-felev\/fogaszati-anyagtan-es-odontotechnologia-iv\/\">Fog\u00e1szati anyagtan \u00e9s odontotechnol\u00f3gia IV.<\/a><\/td>\n<td style=\"width: 15.4495%;height: 33px\" width=\"118\">K\u00f6telez\u0151\u00a0<\/td>\n<td style=\"width: 17.9219%;height: 33px\">Prof. Dr. Hermann P\u00e9ter<\/td>\n<td style=\"width: 10.7948%;height: 33px;text-align: center\">9<\/td>\n<td style=\"width: 10.4312%;height: 33px;text-align: center\">15 szemin\u00e1rium, 18 gyakorlat<\/td>\n<td style=\"width: 11.3766%;height: 33px\">gyakorlati jegy<\/td>\n<td style=\"width: 14.2857%;height: 33px\" width=\"209\">FODKOFPK003_4M<\/td>\n<\/tr>\n<tr style=\"height: 33px\">\n<td style=\"width: 19.7402%;height: 33px\">Fog\u00e1szati radiol\u00f3gia<\/td>\n<td style=\"width: 15.4495%;height: 33px\" width=\"118\">K\u00f6telez\u0151\u00a0<\/td>\n<td style=\"width: 17.9219%;height: 33px\">Prof. Dr. Dob\u00f3 Nagy Csaba<\/td>\n<td style=\"width: 10.7948%;height: 33px;text-align: center\">2<\/td>\n<td style=\"width: 10.4312%;height: 33px;text-align: center\">9 szemin\u00e1rium<\/td>\n<td style=\"width: 11.3766%;height: 33px\">kollokvium<\/td>\n<td style=\"width: 14.2857%;height: 33px\" width=\"209\">FODKOODT009_1M<\/td>\n<\/tr>\n<tr style=\"height: 33px\">\n<td style=\"width: 19.7402%;height: 33px\"><a href=\"https:\/\/semmelweis.hu\/dft\/2-evfolyam\/iv-felev\/fogpotlastan-iv\/\">Fogp\u00f3tl\u00e1stan IV.<\/a><\/td>\n<td style=\"width: 15.4495%;height: 33px\" width=\"118\">K\u00f6telez\u0151\u00a0<\/td>\n<td style=\"width: 17.9219%;height: 33px\">Prof. Dr. Hermann P\u00e9ter<\/td>\n<td style=\"width: 10.7948%;height: 33px;text-align: center\">3<\/td>\n<td style=\"width: 10.4312%;height: 33px;text-align: center\">13 szemin\u00e1rium<\/td>\n<td style=\"width: 11.3766%;height: 33px\">szigorlat<\/td>\n<td style=\"width: 14.2857%;height: 33px\" width=\"209\">FODKOFPK004_4M<\/td>\n<\/tr>\n<tr style=\"height: 33px\">\n<td style=\"width: 19.7402%;height: 33px\"><a href=\"https:\/\/semmelweis.hu\/dft\/2-evfolyam\/iv-felev\/fogszabalyozasi-alapismeretek\/\">Fogszab\u00e1lyoz\u00e1si alapismeretek<\/a><\/td>\n<td style=\"width: 15.4495%;height: 33px\" width=\"118\">K\u00f6telez\u0151\u00a0<\/td>\n<td style=\"width: 17.9219%;height: 33px\">Dr. R\u00f3zsa No\u00e9mi Katinka<\/td>\n<td style=\"width: 10.7948%;height: 33px;text-align: center\">2<\/td>\n<td style=\"width: 10.4312%;height: 33px;text-align: center\">9 szemin\u00e1rium<\/td>\n<td style=\"width: 11.3766%;height: 33px\">kollokvium<\/td>\n<td style=\"width: 14.2857%;height: 33px\" width=\"209\">FODKOGFK010_1M<\/td>\n<\/tr>\n<tr style=\"height: 33px\">\n<td style=\"width: 19.7402%;height: 33px\"><a href=\"https:\/\/semmelweis.hu\/dft\/2-evfolyam\/iv-felev\/gnatologia\/\">Gnatol\u00f3gia<\/a><\/td>\n<td style=\"width: 15.4495%;height: 33px\" width=\"118\">K\u00f6telez\u0151\u00a0<\/td>\n<td style=\"width: 17.9219%;height: 33px\">Prof. Dr. Hermann P\u00e9ter<\/td>\n<td style=\"width: 10.7948%;height: 33px;text-align: center\">3<\/td>\n<td style=\"width: 10.4312%;height: 33px;text-align: center\">5 szemin\u00e1rium,\u00a0 8 gyakorlat<\/td>\n<td style=\"width: 11.3766%;height: 33px\">kollokvium<\/td>\n<td style=\"width: 14.2857%;height: 33px\" width=\"209\">FODKOFPK011_1M<\/td>\n<\/tr>\n<tr style=\"height: 33px\">\n<td style=\"width: 19.7402%;height: 10px\"><a href=\"https:\/\/semmelweis.hu\/dft\/2-evfolyam\/iv-felev\/infekciokontroll\/\">Infekci\u00f3kontroll<\/a><\/td>\n<td style=\"width: 15.4495%;height: 10px\" width=\"118\">K\u00f6telez\u0151en v\u00e1laszthat\u00f3\u00a0<\/td>\n<td style=\"width: 17.9219%;height: 10px\" width=\"178\">Dr. M\u00e1rton Krisztina<\/td>\n<td style=\"width: 10.7948%;height: 10px;text-align: center\">3<\/td>\n<td style=\"width: 10.4312%;height: 10px;text-align: center\">13 szemin\u00e1rium<\/td>\n<td style=\"width: 11.3766%;height: 10px\">kollokvium<\/td>\n<td style=\"width: 14.2857%;height: 10px\" width=\"209\">FODKVPRT012_1M<\/td>\n<\/tr>\n<\/tbody>\n<\/table>\n<h2>\u00d3rarend<\/h2>\n<h5><span style=\"color: #ff0000\">Febru\u00e1r<\/span><\/h5>\n<table style=\"border-collapse: collapse;width: 100%;height: 507px\">\n<tbody>\n<tr style=\"height: 33px\">\n<td style=\"width: 9.03034%;height: 33px\">\u00a0<\/td>\n<td style=\"width: 19.9395%;height: 33px;text-align: center\">2026.02.16.<\/td>\n<td style=\"width: 17.903%;height: 33px;text-align: center\">2026.02.17.<\/td>\n<td style=\"width: 19.794%;height: 33px;text-align: center\">2026.02.18.<\/td>\n<td style=\"width: 16.6667%;height: 33px;text-align: center\">2026.02.19.<\/td>\n<td style=\"width: 16.6667%;height: 33px;text-align: center\">2026.02.20.<\/td>\n<\/tr>\n<tr style=\"height: 63px\">\n<td style=\"width: 9.03034%;height: 63px\">8:00-8:45<\/td>\n<td style=\"width: 19.9395%;height: 63px\">Gnatol\u00f3gia szemin\u00e1rium 1.<\/td>\n<td style=\"width: 17.903%;height: 63px\">Gnatol\u00f3gia gyakorlat 1.<\/td>\n<td style=\"width: 19.794%;height: 63px\">Fogszab\u00e1lyoz\u00e1si alapismeretek szemin\u00e1rium 1.<\/td>\n<td style=\"width: 16.6667%;height: 63px\">Fog\u00e1szati radiol\u00f3gia szemin\u00e1rium 1.<\/td>\n<td style=\"width: 16.6667%;height: 63px\">\u00a0<\/td>\n<\/tr>\n<tr style=\"height: 63px\">\n<td style=\"width: 9.03034%;height: 63px\">9:00-9:45<\/td>\n<td style=\"width: 19.9395%;height: 63px\">Gnatol\u00f3gia szemin\u00e1rium 2.<\/td>\n<td style=\"width: 17.903%;height: 63px\">Gnatol\u00f3gia gyakorlat 2.<br \/>\n(9:30-ig)<\/td>\n<td style=\"width: 19.794%;height: 63px\">Fogszab\u00e1lyoz\u00e1si alapismeretek szemin\u00e1rium 2.<\/td>\n<td style=\"width: 16.6667%;height: 63px\">Fog\u00e1szati radiol\u00f3gia szemin\u00e1rium 2.<\/td>\n<td style=\"width: 16.6667%;height: 63px\">\u00a0<\/td>\n<\/tr>\n<tr style=\"height: 63px\">\n<td style=\"width: 9.03034%;height: 63px\">10:00-10:45<\/td>\n<td style=\"width: 19.9395%;height: 63px\">Gnatol\u00f3gia szemin\u00e1rium 3.<\/td>\n<td style=\"width: 17.903%;height: 63px\">Fog\u00e1szati Anyagtan \u00e9s Odontotechnol\u00f3gia IV. szemin\u00e1rium 1.<\/td>\n<td style=\"width: 19.794%;height: 63px\">Fogszab\u00e1lyoz\u00e1si alapismeretek szemin\u00e1rium 3.<\/td>\n<td style=\"width: 16.6667%;height: 63px\">Fog\u00e1szati radiol\u00f3gia szemin\u00e1rium 3.<\/td>\n<td style=\"width: 16.6667%;height: 63px\">\u00a0<\/td>\n<\/tr>\n<tr style=\"height: 63px\">\n<td style=\"width: 9.03034%;height: 63px\">11:00-11:45<\/td>\n<td style=\"width: 19.9395%;height: 63px\">Gnatol\u00f3gia szemin\u00e1rium 4.<\/td>\n<td style=\"width: 17.903%;height: 63px\">Fog\u00e1szati Anyagtan \u00e9s Odontotechnol\u00f3gia IV. szemin\u00e1rium 2.<\/td>\n<td style=\"width: 19.794%;height: 63px\">Fogszab\u00e1lyoz\u00e1si alapismeretek szemin\u00e1rium 4.<\/td>\n<td style=\"width: 16.6667%;height: 63px\">Fog\u00e1szati radiol\u00f3gia szemin\u00e1rium 4.<\/td>\n<td style=\"width: 16.6667%;height: 63px\">\u00a0<\/td>\n<\/tr>\n<tr style=\"height: 63px\">\n<td style=\"width: 9.03034%;height: 63px\">12:00-12:45<\/td>\n<td style=\"width: 19.9395%;height: 63px\">Gnatol\u00f3gia szemin\u00e1rium 5.<\/td>\n<td style=\"width: 17.903%;height: 63px\">Fog\u00e1szati Anyagtan \u00e9s Odontotechnol\u00f3gia IV. szemin\u00e1rium 3.<\/td>\n<td style=\"width: 19.794%;height: 63px\">Fogszab\u00e1lyoz\u00e1si alapismeretek szemin\u00e1rium 5.<\/td>\n<td style=\"width: 16.6667%;height: 63px\">Fog\u00e1szati radiol\u00f3gia szemin\u00e1rium 5.<\/td>\n<td style=\"width: 16.6667%;height: 159px\" rowspan=\"3\">\u00a0<\/td>\n<\/tr>\n<tr style=\"height: 63px\">\n<td style=\"width: 9.03034%;height: 63px\">13:00-13:45<\/td>\n<td style=\"width: 19.9395%;height: 63px\" rowspan=\"2\">13:00-16:00 Fog\u00e1szati Anyagtan \u00e9s Odontotechnol\u00f3gia IV. gyakorlat 1-4.<\/td>\n<td style=\"width: 17.903%;height: 63px\">Fog\u00e1szati Anyagtan \u00e9s Odontotechnol\u00f3gia IV. szemin\u00e1rium 4.<\/td>\n<td style=\"width: 19.794%;height: 63px\">\u00a0<\/td>\n<td style=\"width: 16.6667%;height: 63px\">\u00a0<\/td>\n<\/tr>\n<tr style=\"height: 33px\">\n<td style=\"width: 9.03034%;height: 33px\">14:00-14:45<\/td>\n<td style=\"width: 17.903%;height: 33px\">Fog\u00e1szati Anyagtan \u00e9s Odontotechnol\u00f3gia IV. szemin\u00e1rium 5.<\/td>\n<td style=\"width: 19.794%;height: 33px\">\u00a0<\/td>\n<td style=\"width: 16.6667%;height: 33px\">\u00a0<\/td>\n<\/tr>\n<tr style=\"height: 63px\">\n<td style=\"width: 9.03034%;height: 63px\">\u00a0<\/td>\n<td style=\"width: 19.9395%;height: 63px\">16:00-19:00 Fog\u00e1szati Anyagtan \u00e9s Odontotechnol\u00f3gia IV. gyakorlat 5-8.<\/td>\n<td style=\"width: 17.903%;height: 63px\">\u00a0<\/td>\n<td style=\"width: 19.794%;height: 63px\">\u00a0<\/td>\n<td style=\"width: 16.6667%;height: 63px\">\u00a0<\/td>\n<td style=\"width: 16.6667%;height: 63px\">\u00a0<\/td>\n<\/tr>\n<\/tbody>\n<\/table>\n<h5><span style=\"color: #ff0000\">M\u00e1rcius\u00a0<\/span><\/h5>\n<table style=\"border-collapse: collapse;width: 100%;height: 297px\">\n<tbody>\n<tr style=\"height: 33px\">\n<td style=\"width: 9.90304%;height: 33px\">\u00a0<\/td>\n<td style=\"width: 19.3577%;height: 33px;text-align: center\">2026.03.16.<\/td>\n<td style=\"width: 17.4667%;height: 33px;text-align: center\">2026.03.17.<\/td>\n<td style=\"width: 19.9394%;height: 33px;text-align: center\">2026.03.18.<\/td>\n<td style=\"width: 16.6667%;height: 33px;text-align: center\">2026.03.19.<\/td>\n<td style=\"width: 16.6667%;height: 33px;text-align: center\">2026.03.20.<\/td>\n<\/tr>\n<tr style=\"height: 33px\">\n<td style=\"width: 9.90304%;height: 33px\">8:00-8:45<\/td>\n<td style=\"width: 19.3577%;height: 33px\">Infekci\u00f3kontroll szemin\u00e1rium 1.<\/td>\n<td style=\"width: 17.4667%;height: 33px\">Gnatol\u00f3gia gyakorlat 3.<\/td>\n<td style=\"width: 19.9394%;height: 33px\">Fogp\u00f3tl\u00e1stan IV. szemin\u00e1rium 5. A\u00a0<\/td>\n<td style=\"width: 16.6667%;height: 33px\">Fog\u00e1szati Anyagtan \u00e9s Odontotechnol\u00f3gia IV. szemin\u00e1rium 6.<\/td>\n<td style=\"width: 16.6667%;height: 33px\">Fogp\u00f3tl\u00e1stan IV. szemin\u00e1rium 5. B<\/td>\n<\/tr>\n<tr style=\"height: 33px\">\n<td style=\"width: 9.90304%;height: 33px\">9:00-9:45<\/td>\n<td style=\"width: 19.3577%;height: 33px\">Infekci\u00f3kontroll szemin\u00e1rium 2.<\/td>\n<td style=\"width: 17.4667%;height: 33px\">Gnatol\u00f3gia gyakorlat 4.<\/td>\n<td style=\"width: 19.9394%;height: 33px\">Fogp\u00f3tl\u00e1stan IV. szemin\u00e1rium 6. A\u00a0<\/td>\n<td style=\"width: 16.6667%;height: 33px\">Fog\u00e1szati Anyagtan \u00e9s Odontotechnol\u00f3gia IV. szemin\u00e1rium 7.<\/td>\n<td style=\"width: 16.6667%;height: 33px\">Fogp\u00f3tl\u00e1stan IV. szemin\u00e1rium 6. B<\/td>\n<\/tr>\n<tr style=\"height: 33px\">\n<td style=\"width: 9.90304%;height: 33px\">10:00-10:45<\/td>\n<td style=\"width: 19.3577%;height: 33px\">Infekci\u00f3kontroll szemin\u00e1rium 3.<\/td>\n<td style=\"width: 17.4667%;height: 33px\">Fogp\u00f3tl\u00e1stan IV. szemin\u00e1rium 1.\u00a0<\/td>\n<td style=\"width: 19.9394%;height: 33px\">Fogp\u00f3tl\u00e1stan IV. szemin\u00e1rium 7. A<\/td>\n<td style=\"width: 16.6667%;height: 33px\">Fog\u00e1szati Anyagtan \u00e9s Odontotechnol\u00f3gia IV. szemin\u00e1rium 8.<\/td>\n<td style=\"width: 16.6667%;height: 33px\">Fogp\u00f3tl\u00e1stan IV. szemin\u00e1rium 7. B<\/td>\n<\/tr>\n<tr style=\"height: 33px\">\n<td style=\"width: 9.90304%;height: 33px\">11:00-11:45<\/td>\n<td style=\"width: 19.3577%;height: 33px\">Infekci\u00f3kontroll szemin\u00e1rium 4.<\/td>\n<td style=\"width: 17.4667%;height: 33px\">Fogp\u00f3tl\u00e1stan IV. szemin\u00e1rium 2.\u00a0<\/td>\n<td style=\"width: 19.9394%;height: 33px\">Fogp\u00f3tl\u00e1stan IV. szemin\u00e1rium 8. A<\/td>\n<td style=\"width: 16.6667%;height: 33px\">Fog\u00e1szati Anyagtan \u00e9s Odontotechnol\u00f3gia IV. szemin\u00e1rium 9.<\/td>\n<td style=\"width: 16.6667%;height: 33px\">Fogp\u00f3tl\u00e1stan IV. szemin\u00e1rium 8. B<\/td>\n<\/tr>\n<tr style=\"height: 33px\">\n<td style=\"width: 9.90304%;height: 33px\">12:00-12:45<\/td>\n<td style=\"width: 19.3577%;height: 33px\">Infekci\u00f3kontroll szemin\u00e1rium 5.<\/td>\n<td style=\"width: 17.4667%;height: 33px\">Fogp\u00f3tl\u00e1stan IV. szemin\u00e1rium 3.\u00a0<\/td>\n<td style=\"width: 19.9394%;height: 33px\">Fogp\u00f3tl\u00e1stan IV. szemin\u00e1rium 9. A<\/td>\n<td style=\"width: 16.6667%;height: 33px\">Fog\u00e1szati Anyagtan \u00e9s Odontotechnol\u00f3gia IV. szemin\u00e1rium 10.<\/td>\n<td style=\"height: 99px;width: 16.6667%\">Fogp\u00f3tl\u00e1stan IV. szemin\u00e1rium 9. B<\/td>\n<\/tr>\n<tr style=\"height: 33px\">\n<td style=\"width: 9.90304%;height: 33px\">13:00-13:45<\/td>\n<td style=\"width: 19.3577%;height: 33px\">Infekci\u00f3kontroll szemin\u00e1rium 6.<\/td>\n<td style=\"width: 17.4667%;height: 33px\">Fogp\u00f3tl\u00e1stan IV. szemin\u00e1rium 4.\u00a0<\/td>\n<td style=\"width: 19.9394%;height: 33px\">Fogp\u00f3tl\u00e1stan IV. szemin\u00e1rium 10. A<\/td>\n<td style=\"width: 16.6667%;height: 33px\">Fog\u00e1szati Anyagtan \u00e9s Odontotechnol\u00f3gia IV. szemin\u00e1rium 11.<\/td>\n<td style=\"width: 16.6667%\" rowspan=\"2\">12:30-15:30 Fog\u00e1szati Anyagtan \u00e9s Odontotechnol\u00f3gia IV. gyakorlat 9-12.<\/td>\n<\/tr>\n<tr style=\"height: 33px\">\n<td style=\"width: 9.90304%;height: 33px\">14:00-14:45<\/td>\n<td style=\"width: 19.3577%;height: 33px\">Infekci\u00f3kontroll szemin\u00e1rium 7.<\/td>\n<td style=\"width: 17.4667%;height: 33px\">\u00a0<\/td>\n<td style=\"width: 19.9394%;height: 33px\">\u00a0<\/td>\n<td style=\"width: 16.6667%;height: 33px\">Fog\u00e1szati Anyagtan \u00e9s Odontotechnol\u00f3gia IV. szemin\u00e1rium 12.<\/td>\n<\/tr>\n<tr style=\"height: 33px\">\n<td style=\"width: 9.90304%;height: 33px\">15:00-15:45<\/td>\n<td style=\"width: 19.3577%;height: 33px\">\u00a0<\/td>\n<td style=\"width: 17.4667%;height: 33px\">\u00a0<\/td>\n<td style=\"width: 19.9394%;height: 33px\">\u00a0<\/td>\n<td style=\"width: 16.6667%;height: 33px\">\u00a0<\/td>\n<td style=\"width: 16.6667%;height: 33px\">15:30-18:30 Fog\u00e1szati Anyagtan \u00e9s Odontotechnol\u00f3gia IV. gyakorlat 13-16.<\/td>\n<\/tr>\n<\/tbody>\n<\/table>\n<h5><span style=\"color: #ff0000\">\u00c1prilis<\/span><\/h5>\n<table style=\"border-collapse: collapse;width: 100%;height: 264px\">\n<tbody>\n<tr style=\"height: 33px\">\n<td style=\"width: 9.10306%;height: 33px\">\u00a0<\/td>\n<td style=\"width: 20.303%;height: 33px;text-align: center\">2026.04.13.<\/td>\n<td style=\"width: 17.3213%;height: 33px;text-align: center\">2026.04.14.<\/td>\n<td style=\"width: 19.9394%;height: 33px;text-align: center\">2026.04.15.<\/td>\n<td style=\"width: 16.6667%;height: 33px;text-align: center\">2026.04.16.<\/td>\n<td style=\"width: 16.6667%;height: 33px;text-align: center\">2026.04.17.<\/td>\n<\/tr>\n<tr style=\"height: 33px\">\n<td style=\"width: 9.10306%;height: 33px\">8:00-8:45<\/td>\n<td style=\"width: 20.303%;height: 33px\">Infekci\u00f3kontroll szemin\u00e1rium 8.<\/td>\n<td style=\"width: 17.3213%;height: 33px\">Gnatol\u00f3gia gyakorlat 5.<\/td>\n<td style=\"width: 19.9394%;height: 33px\">Fogszab\u00e1lyoz\u00e1si alapismeretek szemin\u00e1rium 6.<\/td>\n<td style=\"width: 16.6667%;height: 33px\">Fog\u00e1szati radiol\u00f3gia szemin\u00e1rium 6.<\/td>\n<td style=\"width: 16.6667%;height: 33px\">\u00a0<\/td>\n<\/tr>\n<tr style=\"height: 33px\">\n<td style=\"width: 9.10306%;height: 33px\">9:00-9:45<\/td>\n<td style=\"width: 20.303%;height: 33px\">Infekci\u00f3kontroll szemin\u00e1rium 9.<\/td>\n<td style=\"width: 17.3213%;height: 33px\">Gnatol\u00f3gia gyakorlat 6.<\/td>\n<td style=\"width: 19.9394%;height: 33px\">Fogszab\u00e1lyoz\u00e1si alapismeretek szemin\u00e1rium 7.<\/td>\n<td style=\"width: 16.6667%;height: 33px\">Fog\u00e1szati radiol\u00f3gia szemin\u00e1rium 7.<\/td>\n<td style=\"width: 16.6667%;height: 33px\">\u00a0<\/td>\n<\/tr>\n<tr style=\"height: 33px\">\n<td style=\"width: 9.10306%;height: 33px\">10:00-10:45<\/td>\n<td style=\"width: 20.303%;height: 33px\">Infekci\u00f3kontroll szemin\u00e1rium 10.<\/td>\n<td style=\"width: 17.3213%;height: 33px\">Gnatol\u00f3gia gyakorlat 7.<\/td>\n<td style=\"width: 19.9394%;height: 33px\">Fogszab\u00e1lyoz\u00e1si alapismeretek szemin\u00e1rium 8.<\/td>\n<td style=\"width: 16.6667%;height: 33px\">Fog\u00e1szati radiol\u00f3gia szemin\u00e1rium 8.<\/td>\n<td style=\"width: 16.6667%;height: 33px\">\u00a0<\/td>\n<\/tr>\n<tr style=\"height: 33px\">\n<td style=\"width: 9.10306%;height: 33px\">11:00-11:45<\/td>\n<td style=\"width: 20.303%;height: 33px\">Infekci\u00f3kontroll szemin\u00e1rium 11.<\/td>\n<td style=\"width: 17.3213%;height: 33px\">Gnatol\u00f3gia gyakorlat 8.<\/td>\n<td style=\"width: 19.9394%;height: 33px\">Fogszab\u00e1lyoz\u00e1si alapismeretek szemin\u00e1rium 9.<\/td>\n<td style=\"width: 16.6667%;height: 33px\">Fog\u00e1szati radiol\u00f3gia szemin\u00e1rium 9.<\/td>\n<td style=\"width: 16.6667%;height: 33px\">\u00a0<\/td>\n<\/tr>\n<tr style=\"height: 33px\">\n<td style=\"width: 9.10306%;height: 33px\">12:00-12:45<\/td>\n<td style=\"width: 20.303%;height: 33px\">Infekci\u00f3kontroll szemin\u00e1rium 12.<\/td>\n<td style=\"width: 17.3213%;height: 33px\">Fogp\u00f3tl\u00e1stan IV. szemin\u00e1rium 11.\u00a0<\/td>\n<td style=\"width: 19.9394%;height: 33px\" rowspan=\"2\">12:30-14:00 Fog\u00e1szati Anyagtan \u00e9s Odontotechnol\u00f3gia IV. gyakorlat 17-18.<\/td>\n<td style=\"width: 16.6667%;height: 33px\">Fog\u00e1szati Anyagtan \u00e9s Odontotechnol\u00f3gia IV. szemin\u00e1rium 13.<\/td>\n<td style=\"width: 16.6667%;height: 33px\" rowspan=\"2\">\u00a0<\/td>\n<\/tr>\n<tr style=\"height: 33px\">\n<td style=\"width: 9.10306%;height: 33px\">13:00-13:45<\/td>\n<td style=\"width: 20.303%;height: 33px\">Infekci\u00f3kontroll szemin\u00e1rium 13.<\/td>\n<td style=\"width: 17.3213%;height: 33px\">Fogp\u00f3tl\u00e1stan IV. szemin\u00e1rium 12.\u00a0<\/td>\n<td style=\"width: 16.6667%;height: 33px\">Fog\u00e1szati Anyagtan \u00e9s Odontotechnol\u00f3gia IV. szemin\u00e1rium 14.<\/td>\n<\/tr>\n<tr style=\"height: 33px\">\n<td style=\"width: 9.10306%;height: 33px\">14:00-14:45<\/td>\n<td style=\"width: 20.303%;height: 33px\">\u00a0<\/td>\n<td style=\"width: 17.3213%;height: 33px\">Fogp\u00f3tl\u00e1stan IV. szemin\u00e1rium 13.\u00a0<\/td>\n<td style=\"width: 19.9394%;height: 33px\">\u00a0<\/td>\n<td style=\"width: 16.6667%;height: 33px\">Fog\u00e1szati Anyagtan \u00e9s Odontotechnol\u00f3gia IV. szemin\u00e1rium 15.<\/td>\n<td style=\"width: 16.6667%;height: 33px\">\u00a0<\/td>\n<\/tr>\n<\/tbody>\n<\/table>\n<h2>Terembeoszt\u00e1s<\/h2>\n<table style=\"border-collapse: collapse;width: 100%;height: 330px\">\n<tbody>\n<tr style=\"height: 33px\">\n<td style=\"width: 50%;height: 33px\">Fog\u00e1szati Anyagtan \u00e9s Odontotechnol\u00f3gia IV. gyakorlat<\/td>\n<td style=\"width: 50%;height: 33px\">Semmelweis Egyetem Fogorvostudom\u00e1nyi Kar Oktat\u00e1si Centrum Propedeutikai tanlabor<\/td>\n<\/tr>\n<tr style=\"height: 33px\">\n<td style=\"width: 50%;height: 33px\">Fog\u00e1szati radiol\u00f3gia szemin\u00e1rium<\/td>\n<td style=\"width: 50%;height: 33px\">Semmelweis Egyetem Fogorvostudom\u00e1nyi Kar Oktat\u00e1si Centrum 3. emeleti szemin\u00e1riumi terem<\/td>\n<\/tr>\n<tr style=\"height: 33px\">\n<td style=\"width: 50%;height: 33px\">Fogszab\u00e1lyoz\u00e1si alapismeretek<\/td>\n<td style=\"width: 50%;height: 33px\">Semmelweis Egyetem Fogorvostudom\u00e1nyi Kar Oktat\u00e1si Centrum V. emelet Gyermekfog\u00e1szati \u00e9s Fogszab\u00e1lyoz\u00e1si Klinika refer\u00e1l\u00f3 terme<\/td>\n<\/tr>\n<tr style=\"height: 33px\">\n<td style=\"width: 50%;height: 33px\">Gnatol\u00f3gia szemin\u00e1rium<\/td>\n<td style=\"width: 50%;height: 33px\">Semmelweis Egyetem Fogorvostudom\u00e1nyi Kar Oktat\u00e1si Centrum V. emelet nagy digit\u00e1lis labor<\/td>\n<\/tr>\n<tr style=\"height: 33px\">\n<td style=\"width: 50%;height: 33px\">Gnatol\u00f3gia gyakorlat 1 &#8211; 6.<\/td>\n<td style=\"width: 50%;height: 33px\">Semmelweis Egyetem Fogorvostudom\u00e1nyi Kar Oktat\u00e1si Centrum 211<\/td>\n<\/tr>\n<tr style=\"height: 33px\">\n<td style=\"width: 50%;height: 33px\">Gnatol\u00f3gia gyakorlat 7 &#8211; 8.<\/td>\n<td style=\"width: 50%;height: 33px\">Semmelweis Egyetem Fogorvostudom\u00e1nyi Kar Oktat\u00e1si Centrum Propedeutikai tanlabor<\/td>\n<\/tr>\n<tr style=\"height: 33px\">\n<td style=\"width: 50%;height: 33px\">Infekci\u00f3kontroll szemin\u00e1rium<\/td>\n<td style=\"width: 50%;height: 33px\">Semmelweis Egyetem Fogorvostudom\u00e1nyi Kar Oktat\u00e1si Centrum V. emelet nagy digit\u00e1lis labor<\/td>\n<\/tr>\n<tr style=\"height: 33px\">\n<td style=\"width: 50%;height: 33px\">Fog\u00e1szati Anyagtan \u00e9s Odontotechnol\u00f3gia IV. szemin\u00e1rium<\/td>\n<td style=\"width: 50%;height: 33px\">Semmelweis Egyetem Fogorvostudom\u00e1nyi Kar Oktat\u00e1si Centrum V. emelet nagy digit\u00e1lis labor<\/td>\n<\/tr>\n<tr style=\"height: 33px\">\n<td style=\"width: 50%;height: 33px\">Fogp\u00f3tl\u00e1stan IV. szemin\u00e1rium 1 &#8211; 4. \u00e9s 11 &#8211; 13.<\/td>\n<td style=\"width: 50%;height: 33px\">Semmelweis Egyetem Fogorvostudom\u00e1nyi Kar Oktat\u00e1si Centrum V. emelet nagy digit\u00e1lis labor<\/td>\n<\/tr>\n<tr style=\"height: 33px\">\n<td style=\"width: 50%;height: 33px\">Fogp\u00f3tl\u00e1stan IV. szemin\u00e1rium 5 &#8211; 10.<\/td>\n<td style=\"width: 50%;height: 33px\">Semmelweis Egyetem Fogorvostudom\u00e1nyi Kar Oktat\u00e1si Centrum V. emelet kis digit\u00e1lis labor<\/td>\n<\/tr>\n<\/tbody>\n<\/table>\n<p>\nKontakt \u00f3r\u00e1k id\u0151pontja a Neumann J\u00e1nos Egyetemen: 2026. m\u00e1jus 4-8.<\/p>\n","protected":false},"excerpt":{"rendered":"<p>2025\/2026-os tan\u00e9v II. f\u00e9l\u00e9v Tant\u00e1rgyak Tant\u00e1rgy neve Felv\u00e9tel t\u00edpusa Tant\u00e1rgy felel\u0151se Kredit\u00e9rt\u00e9k Kontakt \u00f3rasz\u00e1m Vizsgaforma Kurzusk\u00f3d <a href=\"https:\/\/semmelweis.hu\/dft\/2-evfolyam\/iv-felev\/fogaszati-anyagtan-es-odontotechnologia-iv\/\">Fog\u00e1szati anyagtan \u00e9s odontotechnol\u00f3gia IV.<\/a> K\u00f6telez\u0151\u00a0 Prof. Dr. Hermann P\u00e9ter 9 15 szemin\u00e1rium, 18 gyakorlat gyakorlati jegy FODKOFPK003_4M Fog\u00e1szati radiol\u00f3gia K\u00f6telez\u0151\u00a0 Prof. Dr. Dob\u00f3 Nagy Csaba 2 9 szemin\u00e1rium kollokvium FODKOODT009_1M <a href=\"https:\/\/semmelweis.hu\/dft\/2-evfolyam\/iv-felev\/fogpotlastan-iv\/\">Fogp\u00f3tl\u00e1stan IV.<\/a> K\u00f6telez\u0151\u00a0 Prof. Dr. Hermann P\u00e9ter 3 13 szemin\u00e1rium szigorlat FODKOFPK004_4M <a href=\"https:\/\/semmelweis.hu\/dft\/2-evfolyam\/iv-felev\/fogszabalyozasi-alapismeretek\/\">Fogszab\u00e1lyoz\u00e1si alapismeretek<\/a> K\u00f6telez\u0151\u00a0 Dr. R\u00f3zsa &hellip;<\/p>\n","protected":false},"author":101231,"featured_media":0,"parent":7785,"menu_order":2,"comment_status":"closed","ping_status":"closed","template":"","meta":{"_acf_changed":false,"footnotes":""},"categories":[],"tags":[],"class_list":["post-9059","page","type-page","status-publish","hentry"],"acf":[],"_links":{"self":[{"href":"https:\/\/semmelweis.hu\/dft\/wp-json\/wp\/v2\/pages\/9059","targetHints":{"allow":["GET"]}}],"collection":[{"href":"https:\/\/semmelweis.hu\/dft\/wp-json\/wp\/v2\/pages"}],"about":[{"href":"https:\/\/semmelweis.hu\/dft\/wp-json\/wp\/v2\/types\/page"}],"author":[{"embeddable":true,"href":"https:\/\/semmelweis.hu\/dft\/wp-json\/wp\/v2\/users\/101231"}],"replies":[{"embeddable":true,"href":"https:\/\/semmelweis.hu\/dft\/wp-json\/wp\/v2\/comments?post=9059"}],"version-history":[{"count":10,"href":"https:\/\/semmelweis.hu\/dft\/wp-json\/wp\/v2\/pages\/9059\/revisions"}],"predecessor-version":[{"id":9695,"href":"https:\/\/semmelweis.hu\/dft\/wp-json\/wp\/v2\/pages\/9059\/revisions\/9695"}],"up":[{"embeddable":true,"href":"https:\/\/semmelweis.hu\/dft\/wp-json\/wp\/v2\/pages\/7785"}],"wp:attachment":[{"href":"https:\/\/semmelweis.hu\/dft\/wp-json\/wp\/v2\/media?parent=9059"}],"wp:term":[{"taxonomy":"category","embeddable":true,"href":"https:\/\/semmelweis.hu\/dft\/wp-json\/wp\/v2\/categories?post=9059"},{"taxonomy":"post_tag","embeddable":true,"href":"https:\/\/semmelweis.hu\/dft\/wp-json\/wp\/v2\/tags?post=9059"}],"curies":[{"name":"wp","href":"https:\/\/api.w.org\/{rel}","templated":true}]}}