{"id":8781,"date":"2023-08-29T14:44:07","date_gmt":"2023-08-29T12:44:07","guid":{"rendered":"https:\/\/semmelweis.hu\/dft\/?page_id=8781"},"modified":"2026-01-07T13:53:16","modified_gmt":"2026-01-07T12:53:16","slug":"biologia","status":"publish","type":"page","link":"https:\/\/semmelweis.hu\/dft\/1-evfolyam\/1-felev\/biologia\/","title":{"rendered":"Biol\u00f3gia"},"content":{"rendered":"<div class=\"keretes w-100\">\n<p><span style=\"font-size: 14pt\"><strong>Szemin\u00e1riumok \u00e9s konzult\u00e1ci\u00f3 helye:<\/strong> Semmelweis Egyetem Fogorvostudom\u00e1nyi Kar Oktat\u00e1si Centrum V. emelet nagy digit\u00e1lis labor<br \/>\n(1088 Budapest, Szentkir\u00e1lyi u. 47., V. emelet)<\/span><\/p>\n<p><span style=\"font-size: 14pt\"><strong>Szemin\u00e1riumok ideje:<\/strong> 2025.09.08.,2025.12.01.\u00a0<\/span><\/p>\n<p><strong>Konzult\u00e1ci\u00f3 ideje:<\/strong> <span style=\"font-size: 14pt\">2025.12.05. 13:00-13:45<\/span><\/p>\n<\/div>\n<h3><span style=\"font-size: 14pt\">Dokumentumok:<\/span><\/h3>\n<ul style=\"list-style-type: square\">\n<li><a href=\"https:\/\/semmelweis.hu\/dft\/files\/2025\/09\/DFT_Biologia_MI-kieg_20250905.pdf\">Tant\u00e1rgyi program\u00a0<\/a><\/li>\n<li><a href=\"https:\/\/semmelweis.hu\/dft\/files\/2024\/08\/Tetelsor-biologia_24_25.pdf\">T\u00e9telsor<\/a><\/li>\n<li><a href=\"https:\/\/semmelweis.hu\/dft\/files\/2024\/08\/Kidolgozando-temak_biologia_24_25.docx.pdf\">Kidolgozand\u00f3 t\u00e9m\u00e1k<\/a><\/li>\n<li><a href=\"https:\/\/semmelweis.hu\/dft\/files\/2025\/09\/Biologia-tematika.pdf\">Tematika<\/a><\/li>\n<\/ul>\n<h5><span style=\"color: #ff0000;font-size: 14pt\">Szeptember<\/span><\/h5>\n<table style=\"border-collapse: collapse;width: 100%\">\n<thead>\n<tr style=\"height: 32px\">\n<td style=\"height: 32px;text-align: center\"><span style=\"font-size: 14pt\"><strong>D\u00e1tum<\/strong><\/span><\/td>\n<td style=\"height: 32px;text-align: center\"><span style=\"font-size: 14pt\"><strong>Id\u0151pont<\/strong><\/span><\/td>\n<td style=\"height: 32px;text-align: center\"><span style=\"font-size: 14pt\"><strong>El\u0151ad\u00f3<\/strong><\/span><\/td>\n<td style=\"height: 32px;text-align: center\"><span style=\"font-size: 14pt\"><strong>El\u0151ad\u00e1s c\u00edme<\/strong><\/span><\/td>\n<\/tr>\n<\/thead>\n<tbody>\n<tr>\n<td>2025.09.08.<\/td>\n<td><span style=\"font-size: 14pt\">9.00 &#8211; 9.45<\/span><\/td>\n<td><span style=\"font-size: 14pt\">Dr. Zsembery \u00c1kos<\/span><\/td>\n<td><a href=\"https:\/\/semmelweis.hu\/dft\/files\/2024\/08\/1_2_Zsembery-A_Biologia_Sejtek-felepites-es-mukodese_Hamsejtek-mukodese.pdf\"><span style=\"font-size: 14pt\">A sejtek fel\u00e9p\u00edt\u00e9se \u00e9s m\u0171k\u00f6d\u00e9se<\/span><\/a><\/td>\n<\/tr>\n<tr style=\"height: 32px\">\n<td style=\"height: 32px\">2025.09.08.<\/td>\n<td style=\"height: 32px\"><span style=\"font-size: 14pt\">10.00 &#8211; 10.45<\/span><\/td>\n<td style=\"height: 32px\"><span style=\"font-size: 14pt\">Dr. Zsembery \u00c1kos<\/span><\/td>\n<td style=\"height: 32px\"><span style=\"font-size: 14pt\">A h\u00e1msejtek speci\u00e1lis feladatai<\/span><\/td>\n<\/tr>\n<tr style=\"height: 32px\">\n<td style=\"height: 32px\">2025.09.08.<\/td>\n<td style=\"height: 32px\"><span style=\"font-size: 14pt\">10.45 &#8211; 13:00<\/span><\/td>\n<td style=\"height: 32px\">Sz\u00fcnet<\/td>\n<td style=\"height: 32px\">\u00a0<\/td>\n<\/tr>\n<tr style=\"height: 32px\">\n<td style=\"height: 32px\">2025.09.08.<\/td>\n<td style=\"height: 32px\"><span style=\"font-size: 14pt\">13.00 &#8211; 13.45<\/span><\/td>\n<td style=\"height: 32px\"><span style=\"font-size: 14pt\">Dr. Ker\u00e9mi Be\u00e1ta<\/span><\/td>\n<td style=\"height: 32px\"><span style=\"font-size: 14pt\"><a href=\"https:\/\/semmelweis.hu\/dft\/files\/2022\/10\/Keremi-B_Biologia_Kemenyszovetek_web.pdf\">A fogakat fel\u00e9p\u00edt\u0151 kem\u00e9nysz\u00f6vetek \u00e9s a fog\u00e1gy szerkezete<\/a><\/span><\/td>\n<\/tr>\n<tr style=\"height: 32px\">\n<td style=\"height: 32px\">2025.09.08.<\/td>\n<td style=\"height: 32px\"><span style=\"font-size: 14pt\">14.00 &#8211; 14.45<\/span><\/td>\n<td style=\"height: 32px\"><span style=\"font-size: 14pt\">Dr. Ker\u00e9mi Be\u00e1ta<\/span><\/td>\n<td style=\"height: 32px\"><span style=\"font-size: 14pt\"><a href=\"https:\/\/semmelweis.hu\/dft\/files\/2022\/10\/Keremi-B_Biologia_Nyalmirigyek-es-nyalszekrecio_web.pdf\">A ny\u00e1lmirigyek \u00e9s a ny\u00e1lszekr\u00e9ci\u00f3<\/a><\/span><\/td>\n<\/tr>\n<tr style=\"height: 32px\">\n<td style=\"height: 32px\">2025.09.08.<\/td>\n<td style=\"height: 32px\">15:00 &#8211; 15:45<\/td>\n<td style=\"height: 32px\"><span style=\"font-size: 14pt\">Dr. Ker\u00e9mi Be\u00e1ta<\/span><\/td>\n<td style=\"height: 32px\"><span style=\"font-size: 14pt\"><a href=\"https:\/\/semmelweis.hu\/dft\/files\/2022\/10\/Keremi-B_Biologia_Nyal-funkcioi_web.pdf\">A ny\u00e1l funkci\u00f3i, els\u0151sorban a sz\u00e1jeg\u00e9szs\u00e9g fenntart\u00e1s\u00e1ban<\/a><\/span><\/td>\n<\/tr>\n<\/tbody>\n<\/table>\n<h5>\u00a0<\/h5>\n<h5><span style=\"color: #ff0000;font-size: 14pt\">December<\/span><\/h5>\n<table style=\"border-collapse: collapse;width: 100%\">\n<thead>\n<tr>\n<td style=\"text-align: center;width: 11.5636%\"><span style=\"font-size: 14pt\"><strong>D\u00e1tum<\/strong><\/span><\/td>\n<td style=\"text-align: center;width: 12.9454%\"><span style=\"font-size: 14pt\"><strong>Id\u0151pont<\/strong><\/span><\/td>\n<td style=\"text-align: center;width: 19.5637%\"><span style=\"font-size: 14pt\"><strong>El\u0151ad\u00f3<\/strong><\/span><\/td>\n<td style=\"text-align: center;width: 55.7818%\"><span style=\"font-size: 14pt\"><strong>El\u0151ad\u00e1s c\u00edme<\/strong><\/span><\/td>\n<\/tr>\n<\/thead>\n<tbody>\n<tr style=\"height: 33px\">\n<td style=\"width: 11.5636%\">2025.12.01.<\/td>\n<td style=\"width: 12.9454%\"><span style=\"font-size: 14pt\">13.00 &#8211; 13.45<\/span><\/td>\n<td style=\"width: 19.5637%\"><span style=\"font-size: 14pt\">Dr. Ker\u00e9mi Be\u00e1ta<\/span><\/td>\n<td style=\"width: 55.7818%\"><a href=\"https:\/\/semmelweis.hu\/dft\/files\/2024\/08\/6_Keremi-B_Biologia_Plakk.pdf\"><span style=\"font-size: 14pt\">A dent\u00e1lis plakk kialakul\u00e1sa \u00e9s szerepe<\/span><\/a><\/td>\n<\/tr>\n<tr style=\"height: 33px\">\n<td style=\"width: 11.5636%\">2025.12.01.<\/td>\n<td style=\"width: 12.9454%\"><span style=\"font-size: 14pt\">14.00 &#8211; 14.45<\/span><\/td>\n<td style=\"width: 19.5637%\"><span style=\"font-size: 14pt\">Dr. Ker\u00e9mi Be\u00e1ta<\/span><\/td>\n<td style=\"width: 55.7818%\"><span style=\"font-size: 14pt\">Az \u00ednybar\u00e1zda \u00e9s a sulcus v\u00e1lad\u00e9k<\/span><\/td>\n<\/tr>\n<tr style=\"height: 33px\">\n<td style=\"width: 11.5636%\">2025.12.01.<\/td>\n<td style=\"width: 12.9454%\"><span style=\"font-size: 14pt\">15.00 &#8211; 15.45<\/span><\/td>\n<td style=\"width: 19.5637%\"><span style=\"font-size: 14pt\">Dr. Ker\u00e9mi Be\u00e1ta<\/span><\/td>\n<td style=\"width: 55.7818%\"><span style=\"font-size: 14pt\">A fogb\u00e9l fel\u00e9p\u00edt\u00e9se \u00e9s jelent\u0151s\u00e9ge<\/span><\/td>\n<\/tr>\n<tr style=\"height: 33px\">\n<td style=\"width: 11.5636%\">2025.12.01.<\/td>\n<td style=\"width: 12.9454%\"><span style=\"font-size: 14pt\">16.00 &#8211; 16.45<\/span><\/td>\n<td style=\"width: 19.5637%\"><span style=\"font-size: 14pt\">Dr. Ker\u00e9mi Be\u00e1ta<\/span><\/td>\n<td style=\"width: 55.7818%\"><span style=\"font-size: 14pt\">\u00cdz\u00e9rz\u00e9s, szagl\u00e1s, nyel\u00e9s<\/span><\/td>\n<\/tr>\n<\/tbody>\n<\/table>\n<p>&nbsp;<\/p>\n","protected":false},"excerpt":{"rendered":"<p>Szemin\u00e1riumok \u00e9s konzult\u00e1ci\u00f3 helye: Semmelweis Egyetem Fogorvostudom\u00e1nyi Kar Oktat\u00e1si Centrum V. emelet nagy digit\u00e1lis labor (1088 Budapest, Szentkir\u00e1lyi u. 47., V. emelet) Szemin\u00e1riumok ideje: 2025.09.08.,2025.12.01.\u00a0 Konzult\u00e1ci\u00f3 ideje: 2025.12.05. 13:00-13:45 Dokumentumok: <a href=\"https:\/\/semmelweis.hu\/dft\/files\/2025\/09\/DFT_Biologia_MI-kieg_20250905.pdf\">Tant\u00e1rgyi program\u00a0<\/a> <a href=\"https:\/\/semmelweis.hu\/dft\/files\/2024\/08\/Tetelsor-biologia_24_25.pdf\">T\u00e9telsor<\/a> <a href=\"https:\/\/semmelweis.hu\/dft\/files\/2024\/08\/Kidolgozando-temak_biologia_24_25.docx.pdf\">Kidolgozand\u00f3 t\u00e9m\u00e1k<\/a> <a href=\"https:\/\/semmelweis.hu\/dft\/files\/2025\/09\/Biologia-tematika.pdf\">Tematika<\/a> Szeptember D\u00e1tum Id\u0151pont El\u0151ad\u00f3 El\u0151ad\u00e1s c\u00edme 2025.09.08. 9.00 &#8211; 9.45 Dr. Zsembery \u00c1kos <a href=\"https:\/\/semmelweis.hu\/dft\/files\/2024\/08\/1_2_Zsembery-A_Biologia_Sejtek-felepites-es-mukodese_Hamsejtek-mukodese.pdf\">A sejtek fel\u00e9p\u00edt\u00e9se \u00e9s m\u0171k\u00f6d\u00e9se<\/a> 2025.09.08. 10.00 &#8211; 10.45 Dr. Zsembery \u00c1kos A h\u00e1msejtek speci\u00e1lis feladatai 2025.09.08. &hellip;<\/p>\n","protected":false},"author":12,"featured_media":0,"parent":8724,"menu_order":0,"comment_status":"closed","ping_status":"closed","template":"","meta":{"_acf_changed":false,"footnotes":""},"categories":[],"tags":[],"class_list":["post-8781","page","type-page","status-publish","hentry"],"acf":[],"_links":{"self":[{"href":"https:\/\/semmelweis.hu\/dft\/wp-json\/wp\/v2\/pages\/8781","targetHints":{"allow":["GET"]}}],"collection":[{"href":"https:\/\/semmelweis.hu\/dft\/wp-json\/wp\/v2\/pages"}],"about":[{"href":"https:\/\/semmelweis.hu\/dft\/wp-json\/wp\/v2\/types\/page"}],"author":[{"embeddable":true,"href":"https:\/\/semmelweis.hu\/dft\/wp-json\/wp\/v2\/users\/12"}],"replies":[{"embeddable":true,"href":"https:\/\/semmelweis.hu\/dft\/wp-json\/wp\/v2\/comments?post=8781"}],"version-history":[{"count":11,"href":"https:\/\/semmelweis.hu\/dft\/wp-json\/wp\/v2\/pages\/8781\/revisions"}],"predecessor-version":[{"id":9660,"href":"https:\/\/semmelweis.hu\/dft\/wp-json\/wp\/v2\/pages\/8781\/revisions\/9660"}],"up":[{"embeddable":true,"href":"https:\/\/semmelweis.hu\/dft\/wp-json\/wp\/v2\/pages\/8724"}],"wp:attachment":[{"href":"https:\/\/semmelweis.hu\/dft\/wp-json\/wp\/v2\/media?parent=8781"}],"wp:term":[{"taxonomy":"category","embeddable":true,"href":"https:\/\/semmelweis.hu\/dft\/wp-json\/wp\/v2\/categories?post=8781"},{"taxonomy":"post_tag","embeddable":true,"href":"https:\/\/semmelweis.hu\/dft\/wp-json\/wp\/v2\/tags?post=8781"}],"curies":[{"name":"wp","href":"https:\/\/api.w.org\/{rel}","templated":true}]}}