{"id":8745,"date":"2023-07-28T14:09:38","date_gmt":"2023-07-28T12:09:38","guid":{"rendered":"https:\/\/semmelweis.hu\/dft\/?page_id=8745"},"modified":"2025-08-29T14:30:47","modified_gmt":"2025-08-29T12:30:47","slug":"3-felev","status":"publish","type":"page","link":"https:\/\/semmelweis.hu\/dft\/2-evfolyam\/3-felev\/","title":{"rendered":"3. f\u00e9l\u00e9v"},"content":{"rendered":"<h1>2025\/2026-os tan\u00e9v I. f\u00e9l\u00e9v<\/h1>\n<h2>Tant\u00e1rgyak<\/h2>\n<table style=\"border-collapse: collapse;width: 100%;height: 297px\">\n<thead>\n<tr style=\"height: 33px\">\n<td style=\"width: 19.7402%;height: 33px;text-align: center\"><strong>Tant\u00e1rgy neve<\/strong><\/td>\n<td style=\"width: 15.4495%;height: 33px;text-align: center\"><strong>Felv\u00e9tel t\u00edpusa<\/strong><\/td>\n<td style=\"width: 17.9219%;height: 33px;text-align: center\"><strong>Tant\u00e1rgy felel\u0151se<\/strong><\/td>\n<td style=\"width: 10.7948%;height: 33px;text-align: center\"><strong>Kredit\u00e9rt\u00e9k<\/strong><\/td>\n<td style=\"width: 11.5221%;height: 33px;text-align: center\"><strong>Kontakt \u00f3rasz\u00e1m<\/strong><\/td>\n<td style=\"width: 10.2857%;height: 33px;text-align: center\"><strong>Vizsgaforma<\/strong><\/td>\n<td style=\"width: 14.2857%;height: 33px;text-align: center\"><strong>Kurzusk\u00f3d<\/strong><\/td>\n<\/tr>\n<\/thead>\n<tbody>\n<tr style=\"height: 33px\">\n<td style=\"width: 19.7402%;height: 33px\"><a href=\"https:\/\/semmelweis.hu\/dft\/2-evfolyam\/3-felev\/biofizika\/\">Biofizika<\/a><\/td>\n<td style=\"width: 15.4495%;height: 33px\">k\u00f6telez\u0151<\/td>\n<td style=\"width: 17.9219%;height: 33px\">Prof. Dr. Kellermayer Mikl\u00f3s,<br \/>\nDr. Liliom K\u00e1roly<\/td>\n<td style=\"width: 10.7948%;height: 33px\">2 kredit<\/td>\n<td style=\"width: 11.5221%;height: 33px\">5 szemin\u00e1rium<br \/>\n4 gyakorlat<\/td>\n<td style=\"width: 10.2857%;height: 33px\">kollokvium<\/td>\n<td style=\"width: 14.2857%;height: 33px\">FODKOFIZ006_1M<\/td>\n<\/tr>\n<tr style=\"height: 33px\">\n<td style=\"width: 19.7402%;height: 33px\"><a href=\"https:\/\/semmelweis.hu\/dft\/2-evfolyam\/3-felev\/elettan\/\">\u00c9lettan<\/a><\/td>\n<td style=\"width: 15.4495%;height: 33px\">k\u00f6telez\u0151<\/td>\n<td style=\"width: 17.9219%;height: 33px\">Dr. Zsembery \u00c1kos<\/td>\n<td style=\"width: 10.7948%;height: 33px\">2 kredit<\/td>\n<td style=\"width: 11.5221%;height: 33px\">9 szemin\u00e1rium<\/td>\n<td style=\"width: 10.2857%;height: 33px\">kollokvium<\/td>\n<td style=\"width: 14.2857%;height: 33px\">FODKOOBT007_1M<\/td>\n<\/tr>\n<tr style=\"height: 33px\">\n<td style=\"width: 19.7402%;height: 33px\">Fog\u00e1szati Anyagtan \u00e9s Odontotechnol\u00f3gia III<\/td>\n<td style=\"width: 15.4495%;height: 33px\">k\u00f6telez\u0151<\/td>\n<td style=\"width: 17.9219%;height: 33px\">Prof. Dr. Hermann P\u00e9ter<\/td>\n<td style=\"width: 10.7948%;height: 33px\">9 kredit<\/td>\n<td style=\"width: 11.5221%;height: 33px\">16 szemin\u00e1rium<br \/>\n18 gyakorlat<\/td>\n<td style=\"width: 10.2857%;height: 33px\">kollokvium<\/td>\n<td style=\"width: 14.2857%;height: 33px\">FODKOFPK003_3M<\/td>\n<\/tr>\n<tr style=\"height: 33px\">\n<td style=\"width: 19.7402%;height: 33px\"><a href=\"https:\/\/semmelweis.hu\/dft\/2-evfolyam\/3-felev\/fogpotlastan-iii\/\">Fogp\u00f3tl\u00e1stan III<\/a><\/td>\n<td style=\"width: 15.4495%;height: 33px\">k\u00f6telez\u0151<\/td>\n<td style=\"width: 17.9219%;height: 33px\">Prof. Dr. Hermann P\u00e9ter<\/td>\n<td style=\"width: 10.7948%;height: 33px\">4 kredit<\/td>\n<td style=\"width: 11.5221%;height: 33px\">15 szemin\u00e1rium<\/td>\n<td style=\"width: 10.2857%;height: 33px\">kollokvium<\/td>\n<td style=\"width: 14.2857%;height: 33px\">FODKOFPK004_3M<\/td>\n<\/tr>\n<tr style=\"height: 33px\">\n<td style=\"width: 19.7402%;height: 33px\"><a href=\"https:\/\/semmelweis.hu\/dft\/2-evfolyam\/3-felev\/jogi-alapismeretek-es-egeszsegugyi-alapfogalmak\/\">Jogi alapismeretek \u00e9s eg\u00e9szs\u00e9g\u00fcgyi alapfogalmak<\/a><\/td>\n<td style=\"width: 15.4495%;height: 33px\">k\u00f6telez\u0151<\/td>\n<td style=\"width: 17.9219%;height: 33px\">Dr. D\u00f3sa \u00c1gnes<\/td>\n<td style=\"width: 10.7948%;height: 33px\">2 kredit<\/td>\n<td style=\"width: 11.5221%;height: 33px\">9 szemin\u00e1rium<\/td>\n<td style=\"width: 10.2857%;height: 33px\">kollokvium<\/td>\n<td style=\"width: 14.2857%;height: 33px\">FODKOMAG016_1M<\/td>\n<\/tr>\n<tr style=\"height: 33px\">\n<td style=\"width: 19.7402%;height: 33px\"><a href=\"https:\/\/semmelweis.hu\/dft\/2-evfolyam\/3-felev\/oralis-diagnosztika\/\">Or\u00e1lis diagnosztikai alapismeretek<\/a><\/td>\n<td style=\"width: 15.4495%;height: 33px\">k\u00f6telez\u0151<\/td>\n<td style=\"width: 17.9219%;height: 33px\">Prof. Dr. Dob\u00f3 Nagy Csaba<\/td>\n<td style=\"width: 10.7948%;height: 33px\">2 kredit<\/td>\n<td style=\"width: 11.5221%;height: 33px\">9 szemin\u00e1rium<\/td>\n<td style=\"width: 10.2857%;height: 33px\">kollokvium<\/td>\n<td style=\"width: 14.2857%;height: 33px\">FODKOODT008_1M<\/td>\n<\/tr>\n<tr style=\"height: 33px\">\n<td style=\"width: 19.7402%;height: 33px\">Fogp\u00f3tl\u00e1sok tervez\u00e9se I.<\/td>\n<td style=\"width: 15.4495%;height: 33px\">szabadon v\u00e1laszthat\u00f3<\/td>\n<td style=\"width: 17.9219%;height: 33px\">Prof. Dr. Hermann P\u00e9ter<\/td>\n<td style=\"width: 10.7948%;height: 33px\">5 kredit<\/td>\n<td style=\"width: 11.5221%;height: 33px\">20 gyakorlat<\/td>\n<td style=\"width: 10.2857%;height: 33px\">gyakorlati jegy<\/td>\n<td style=\"width: 14.2857%;height: 33px\">FODSVFPK024_1M<\/td>\n<\/tr>\n<tr style=\"height: 33px\">\n<td style=\"width: 19.7402%;height: 33px\"><a href=\"https:\/\/semmelweis.hu\/dft\/2-evfolyam\/3-felev\/pszichologia-szabadon-valaszthato\/\">Pszichol\u00f3gia<\/a><\/td>\n<td style=\"width: 15.4495%;height: 33px\">szabadon v\u00e1laszthat\u00f3<\/td>\n<td style=\"width: 17.9219%;height: 33px\">Dr. Mezei \u00c1gnes<\/td>\n<td style=\"width: 10.7948%;height: 33px\">2 kredit<\/td>\n<td style=\"width: 11.5221%;height: 33px\">9 szemin\u00e1rium<\/td>\n<td style=\"width: 10.2857%;height: 33px\">kollokvium<\/td>\n<td style=\"width: 14.2857%;height: 33px\">FODSVMAG023_1M<\/td>\n<\/tr>\n<\/tbody>\n<\/table>\n<h2>\u00d3rarend<\/h2>\n<h5><span style=\"color: #ff0000\">Szeptember<\/span><\/h5>\n<table style=\"border-collapse: collapse;width: 100%;height: 411px\">\n<tbody>\n<tr style=\"height: 33px\">\n<td style=\"width: 9.03034%;height: 33px\">\u00a0<\/td>\n<td style=\"width: 19.9395%;height: 33px;text-align: center\">2025.09.15.<\/td>\n<td style=\"width: 17.903%;height: 33px;text-align: center\">2025.09.16.<\/td>\n<td style=\"width: 19.794%;height: 33px;text-align: center\">2025.09.17.<\/td>\n<td style=\"width: 16.6667%;height: 33px;text-align: center\">2025.09.18.<\/td>\n<td style=\"width: 16.6667%;height: 33px;text-align: center\">2025.09.19.<\/td>\n<\/tr>\n<tr style=\"height: 63px\">\n<td style=\"width: 9.03034%;height: 63px\">8:00-8:45<\/td>\n<td style=\"width: 19.9395%;height: 63px\">\u00c9lettan szemin\u00e1rium 1.<\/td>\n<td style=\"width: 17.903%;height: 63px\">Biofizika szemin\u00e1rium 1.<\/td>\n<td style=\"width: 19.794%;height: 63px\">Fog\u00e1szati Anyagtan \u00e9s Odontotechnol\u00f3gia III szemin\u00e1rium 1.<\/td>\n<td style=\"width: 16.6667%;height: 63px\">Or\u00e1lis diagnosztika szemin\u00e1rium 1.<\/td>\n<td style=\"width: 16.6667%;height: 63px\">Jogi alapismeretek szemin\u00e1rium 1.<\/td>\n<\/tr>\n<tr style=\"height: 63px\">\n<td style=\"width: 9.03034%;height: 63px\">9:00-9:45<\/td>\n<td style=\"width: 19.9395%;height: 63px\">\u00c9lettan szemin\u00e1rium 2.<\/td>\n<td style=\"width: 17.903%;height: 63px\">Biofizika szemin\u00e1rium 2.<\/td>\n<td style=\"width: 19.794%;height: 63px\">Fog\u00e1szati Anyagtan \u00e9s Odontotechnol\u00f3gia III szemin\u00e1rium 2.<\/td>\n<td style=\"width: 16.6667%;height: 63px\">Or\u00e1lis diagnosztika szemin\u00e1rium 2.<\/td>\n<td style=\"width: 16.6667%;height: 63px\">Jogi alapismeretek szemin\u00e1rium 2.<\/td>\n<\/tr>\n<tr style=\"height: 63px\">\n<td style=\"width: 9.03034%;height: 63px\">10:00-10:45<\/td>\n<td style=\"width: 19.9395%;height: 63px\">\u00c9lettan szemin\u00e1rium 3.<\/td>\n<td style=\"width: 17.903%;height: 63px\">Biofizika szemin\u00e1rium 3.<\/td>\n<td style=\"width: 19.794%;height: 63px\">Fog\u00e1szati Anyagtan \u00e9s Odontotechnol\u00f3gia III szemin\u00e1rium 3.<\/td>\n<td style=\"width: 16.6667%;height: 63px\">Or\u00e1lis diagnosztika szemin\u00e1rium 3.<\/td>\n<td style=\"width: 16.6667%;height: 63px\">Jogi alapismeretek szemin\u00e1rium 3.<\/td>\n<\/tr>\n<tr style=\"height: 63px\">\n<td style=\"width: 9.03034%;height: 63px\">11:00-11:45<\/td>\n<td style=\"width: 19.9395%;height: 63px\">\u00c9lettan szemin\u00e1rium 4.<\/td>\n<td style=\"width: 17.903%;height: 63px\">Biofizika szemin\u00e1rium 4.<\/td>\n<td style=\"width: 19.794%;height: 63px\">Fog\u00e1szati Anyagtan \u00e9s Odontotechnol\u00f3gia III szemin\u00e1rium 4.<\/td>\n<td style=\"width: 16.6667%;height: 63px\">Or\u00e1lis diagnosztika szemin\u00e1rium 4.<\/td>\n<td style=\"width: 16.6667%;height: 63px\">Jogi alapismeretek szemin\u00e1rium 4.<\/td>\n<\/tr>\n<tr style=\"height: 63px\">\n<td style=\"width: 9.03034%;height: 63px\">12:00-12:45<\/td>\n<td style=\"width: 19.9395%;height: 63px\">Fogp\u00f3tl\u00e1stan III szemin\u00e1rium 1.<\/td>\n<td style=\"width: 17.903%;height: 63px\">Biofizika szemin\u00e1rium 5.<\/td>\n<td style=\"width: 19.794%;height: 63px\">Fog\u00e1szati Anyagtan \u00e9s Odontotechnol\u00f3gia III szemin\u00e1rium 5.<\/td>\n<td style=\"width: 16.6667%;height: 63px\">Fogp\u00f3tl\u00e1stan III szemin\u00e1rium 4.<\/td>\n<td style=\"width: 16.6667%;height: 63px\" rowspan=\"2\">12:00 &#8211; 15:15<br \/>\nFogp\u00f3tl\u00e1stan III szemin\u00e1rium 6-9.<\/td>\n<\/tr>\n<tr style=\"height: 63px\">\n<td style=\"width: 9.03034%;height: 63px\">13:00-13:45<\/td>\n<td style=\"width: 19.9395%;height: 63px\">Fogp\u00f3tl\u00e1stan III szemin\u00e1rium 2.<\/td>\n<td style=\"width: 17.903%;height: 63px\">\u00a0<\/td>\n<td style=\"width: 19.794%;height: 63px\">Fogp\u00f3tl\u00e1stan III szemin\u00e1rium 3.<\/td>\n<td style=\"width: 16.6667%;height: 63px\">Fogp\u00f3tl\u00e1stan III szemin\u00e1rium 5.<\/td>\n<\/tr>\n<\/tbody>\n<\/table>\n<h5>\u00a0<\/h5>\n<h5><span style=\"color: #ff0000\">Okt\u00f3ber<\/span><\/h5>\n<table style=\"border-collapse: collapse;width: 83.5149%;height: 132px\">\n<tbody>\n<tr style=\"height: 33px\">\n<td style=\"width: 8.96151%;height: 33px\">\u00a0<\/td>\n<td style=\"width: 20.0726%;height: 33px;text-align: center\">2025.10.06.<\/td>\n<td style=\"width: 17.6761%;height: 33px;text-align: center\">2025.10.07.<\/td>\n<td style=\"width: 19.4191%;height: 33px;text-align: center\">2025.10.08.<\/td>\n<td style=\"width: 17.3856%;height: 33px;text-align: center\">2025.10.09.<\/td>\n<\/tr>\n<tr style=\"height: 33px\">\n<td style=\"width: 8.96151%;height: 33px\">15:00-15:45<\/td>\n<td style=\"width: 20.0726%;height: 33px\">Fog\u00e1szati Anyagtan \u00e9s Odontotechnol\u00f3gia III szemin\u00e1rium 6.<\/td>\n<td style=\"width: 17.6761%;height: 33px\">Fog\u00e1szati Anyagtan \u00e9s Odontotechnol\u00f3gia III szemin\u00e1rium 8.<\/td>\n<td style=\"width: 19.4191%;height: 33px\">Fog\u00e1szati Anyagtan \u00e9s Odontotechnol\u00f3gia III szemin\u00e1rium 10.<\/td>\n<td style=\"width: 17.3856%;height: 33px\">Fog\u00e1szati Anyagtan \u00e9s Odontotechnol\u00f3gia III szemin\u00e1rium 12.<\/td>\n<\/tr>\n<tr style=\"height: 33px\">\n<td style=\"width: 8.96151%;height: 33px\">16:00-16:45<\/td>\n<td style=\"width: 20.0726%;height: 33px\">Fog\u00e1szati Anyagtan \u00e9s Odontotechnol\u00f3gia III szemin\u00e1rium 7.<\/td>\n<td style=\"width: 17.6761%;height: 33px\">Fog\u00e1szati Anyagtan \u00e9s Odontotechnol\u00f3gia III szemin\u00e1rium 9.<\/td>\n<td style=\"width: 19.4191%;height: 33px\">Fog\u00e1szati Anyagtan \u00e9s Odontotechnol\u00f3gia III szemin\u00e1rium 11.<\/td>\n<td style=\"width: 17.3856%;height: 33px\">Fog\u00e1szati Anyagtan \u00e9s Odontotechnol\u00f3gia III szemin\u00e1rium 13.<\/td>\n<\/tr>\n<tr style=\"height: 33px\">\n<td style=\"width: 8.96151%;height: 33px\">17:00-19:15<\/td>\n<td style=\"width: 20.0726%;height: 33px\">Fog\u00e1szati Anyagtan \u00e9s Odontotechnol\u00f3gia III gyakorlat 1-4.<\/td>\n<td style=\"width: 17.6761%;height: 33px\">Fog\u00e1szati Anyagtan \u00e9s Odontotechnol\u00f3gia III gyakorlat 5-9.<\/td>\n<td style=\"width: 19.4191%;height: 33px\">Fog\u00e1szati Anyagtan \u00e9s Odontotechnol\u00f3gia III gyakorlat 10-14.<\/td>\n<td style=\"width: 17.3856%;height: 33px\">Fog\u00e1szati Anyagtan \u00e9s Odontotechnol\u00f3gia III gyakorlat 15-18.<\/td>\n<\/tr>\n<\/tbody>\n<\/table>\n<p>&nbsp;<\/p>\n<table style=\"border-collapse: collapse;width: 46.634%;height: 263px\">\n<tbody>\n<tr>\n<td style=\"width: 4.53987%\">\u00a0<\/td>\n<td style=\"width: 14.2331%;text-align: center\">2025.10.10.<\/td>\n<\/tr>\n<tr>\n<td style=\"width: 4.53987%\">8:00-8:45<\/td>\n<td style=\"width: 14.2331%\">Pszichol\u00f3gia &#8211; szabadon v\u00e1laszthat\u00f3 1.<\/td>\n<\/tr>\n<tr>\n<td style=\"width: 4.53987%\">9:00-9:45<\/td>\n<td style=\"width: 14.2331%\">Pszichol\u00f3gia &#8211; szabadon v\u00e1laszthat\u00f3 2.<\/td>\n<\/tr>\n<tr>\n<td style=\"width: 4.53987%\">10:00-10:45<\/td>\n<td style=\"width: 14.2331%\">Pszichol\u00f3gia &#8211; szabadon v\u00e1laszthat\u00f3 3.<\/td>\n<\/tr>\n<tr>\n<td style=\"width: 4.53987%\">11:00-11:45<\/td>\n<td style=\"width: 14.2331%\">Pszichol\u00f3gia &#8211; szabadon v\u00e1laszthat\u00f3 4.<\/td>\n<\/tr>\n<tr>\n<td style=\"width: 4.53987%\">12:00-12:45<\/td>\n<td style=\"width: 14.2331%\">Pszichol\u00f3gia &#8211; szabadon v\u00e1laszthat\u00f3 5.<\/td>\n<\/tr>\n<tr>\n<td style=\"width: 4.53987%\">13:00-13:45<\/td>\n<td style=\"width: 14.2331%\">Pszichol\u00f3gia &#8211; szabadon v\u00e1laszthat\u00f3 6.<\/td>\n<\/tr>\n<tr>\n<td style=\"width: 4.53987%\">14:00-14:45<\/td>\n<td style=\"width: 14.2331%\">Pszichol\u00f3gia &#8211; szabadon v\u00e1laszthat\u00f3 7.<\/td>\n<\/tr>\n<\/tbody>\n<\/table>\n<h5>\u00a0<\/h5>\n<h5><span style=\"color: #ff0000\">November<\/span><\/h5>\n<table style=\"border-collapse: collapse;width: 100%;height: 264px\">\n<tbody>\n<tr style=\"height: 33px\">\n<td style=\"width: 16.6667%;height: 33px\">\u00a0<\/td>\n<td style=\"width: 16.6667%;height: 33px;text-align: center\">2025.11.03.<\/td>\n<td style=\"width: 16.6667%;height: 33px;text-align: center\">2025.11.04.<\/td>\n<td style=\"width: 16.6667%;height: 33px;text-align: center\">2025.11.05.<\/td>\n<td style=\"width: 16.6667%;height: 33px;text-align: center\">2025.11.06.<\/td>\n<td style=\"width: 16.6667%;height: 33px;text-align: center\">2025.11.07.<\/td>\n<\/tr>\n<tr style=\"height: 33px\">\n<td style=\"width: 16.6667%;height: 33px\">8:00-8:45<\/td>\n<td style=\"width: 16.6667%;height: 33px\">\u00c9lettan szemin\u00e1rium 5.<\/td>\n<td style=\"width: 16.6667%;height: 33px\">\u00a0<\/td>\n<td style=\"width: 16.6667%;height: 33px\">Fog\u00e1szati Anyagtan \u00e9s Odontotechnol\u00f3gia III szemin\u00e1rium 14.<\/td>\n<td style=\"width: 16.6667%;height: 33px\">Or\u00e1lis diagnosztika szemin\u00e1rium 5.<\/td>\n<td style=\"width: 16.6667%;height: 33px\">Jogi alapismeretek szemin\u00e1rium 5.<\/td>\n<\/tr>\n<tr style=\"height: 33px\">\n<td style=\"width: 16.6667%;height: 33px\">9:00-9:45<\/td>\n<td style=\"width: 16.6667%;height: 33px\">\u00c9lettan szemin\u00e1rium 6.<\/td>\n<td style=\"width: 16.6667%;height: 33px\">Biofizika gyakorlat 1.<\/td>\n<td style=\"width: 16.6667%;height: 33px\">Fog\u00e1szati Anyagtan \u00e9s Odontotechnol\u00f3gia III szemin\u00e1rium 15.<\/td>\n<td style=\"width: 16.6667%;height: 33px\">Or\u00e1lis diagnosztika szemin\u00e1rium 6.<\/td>\n<td style=\"width: 16.6667%;height: 33px\">Jogi alapismeretek szemin\u00e1rium 6.<\/td>\n<\/tr>\n<tr style=\"height: 33px\">\n<td style=\"width: 16.6667%;height: 33px\">10:00-10:45<\/td>\n<td style=\"width: 16.6667%;height: 33px\">\u00c9lettan szemin\u00e1rium 7.<\/td>\n<td style=\"width: 16.6667%;height: 33px\">Biofizika gyakorlat 2.<\/td>\n<td style=\"width: 16.6667%;height: 33px\">Fog\u00e1szati Anyagtan \u00e9s Odontotechnol\u00f3gia III szemin\u00e1rium 16.<\/td>\n<td style=\"width: 16.6667%;height: 33px\">Or\u00e1lis diagnosztika szemin\u00e1rium 7.<\/td>\n<td style=\"width: 16.6667%;height: 33px\">Jogi alapismeretek szemin\u00e1rium 7.<\/td>\n<\/tr>\n<tr style=\"height: 33px\">\n<td style=\"width: 16.6667%;height: 33px\">11:00-11:45<\/td>\n<td style=\"width: 16.6667%;height: 33px\">\u00c9lettan szemin\u00e1rium 8.<\/td>\n<td style=\"width: 16.6667%;height: 33px\">Biofizika gyakorlat 3.<\/td>\n<td style=\"width: 16.6667%;height: 33px\">Fogp\u00f3tl\u00e1stan III szemin\u00e1rium 10.\u00a0<\/td>\n<td style=\"width: 16.6667%;height: 33px\">Or\u00e1lis diagnosztika szemin\u00e1rium 8.<\/td>\n<td style=\"width: 16.6667%;height: 33px\">Jogi alapismeretek szemin\u00e1rium 8.<\/td>\n<\/tr>\n<tr style=\"height: 33px\">\n<td style=\"width: 16.6667%;height: 33px\">12:00-12:45<\/td>\n<td style=\"width: 16.6667%;height: 33px\">\u00c9lettan szemin\u00e1rium 9.<\/td>\n<td style=\"width: 16.6667%;height: 33px\">Biofizika gyakorlat 4.<\/td>\n<td style=\"width: 16.6667%;height: 33px\">Fogp\u00f3tl\u00e1stan III szemin\u00e1rium 11.<\/td>\n<td style=\"width: 16.6667%;height: 33px\">Or\u00e1lis diagnosztika szemin\u00e1rium 9.<\/td>\n<td style=\"width: 16.6667%;height: 33px\">Jogi alapismeretek szemin\u00e1rium 9.<\/td>\n<\/tr>\n<tr style=\"height: 33px\">\n<td style=\"width: 16.6667%;height: 33px\">13:00-13:45<\/td>\n<td style=\"width: 16.6667%;height: 33px\">Fogp\u00f3tl\u00e1stan III szemin\u00e1rium 8.\u00a0<\/td>\n<td style=\"width: 16.6667%;height: 33px\">\u00a0<\/td>\n<td style=\"width: 16.6667%;height: 33px\">Fogp\u00f3tl\u00e1stan III szemin\u00e1rium 12.<\/td>\n<td style=\"width: 16.6667%;height: 33px\">Fogp\u00f3tl\u00e1stan III szemin\u00e1rium 14.<\/td>\n<td style=\"width: 16.6667%;height: 33px\">Pszichol\u00f3gia (szabadon v\u00e1laszthat\u00f3) 8.<\/td>\n<\/tr>\n<tr style=\"height: 33px\">\n<td style=\"width: 16.6667%;height: 33px\">14:00-14:45<\/td>\n<td style=\"width: 16.6667%;height: 33px\">Fogp\u00f3tl\u00e1stan III szemin\u00e1rium 9.<\/td>\n<td style=\"width: 16.6667%;height: 33px\">\u00a0<\/td>\n<td style=\"width: 16.6667%;height: 33px\">Fogp\u00f3tl\u00e1stan III szemin\u00e1rium 13.<\/td>\n<td style=\"width: 16.6667%;height: 33px\">Fogp\u00f3tl\u00e1stan III szemin\u00e1rium 15.<\/td>\n<td style=\"width: 16.6667%;height: 33px\">Pszichol\u00f3gia (szabadon v\u00e1laszthat\u00f3) 9.<\/td>\n<\/tr>\n<\/tbody>\n<\/table>\n<p>&nbsp;<\/p>\n<p><strong>Kontakt \u00f3r\u00e1k id\u0151pontja a Neumann J\u00e1nos Egyetemen:<\/strong><br \/>\n2025.12.08-12.<\/p>\n","protected":false},"excerpt":{"rendered":"<p>2025\/2026-os tan\u00e9v I. f\u00e9l\u00e9v Tant\u00e1rgyak Tant\u00e1rgy neve Felv\u00e9tel t\u00edpusa Tant\u00e1rgy felel\u0151se Kredit\u00e9rt\u00e9k Kontakt \u00f3rasz\u00e1m Vizsgaforma Kurzusk\u00f3d <a href=\"https:\/\/semmelweis.hu\/dft\/2-evfolyam\/3-felev\/biofizika\/\">Biofizika<\/a> k\u00f6telez\u0151 Prof. Dr. Kellermayer Mikl\u00f3s, Dr. Liliom K\u00e1roly 2 kredit 5 szemin\u00e1rium 4 gyakorlat kollokvium FODKOFIZ006_1M <a href=\"https:\/\/semmelweis.hu\/dft\/2-evfolyam\/3-felev\/elettan\/\">\u00c9lettan<\/a> k\u00f6telez\u0151 Dr. Zsembery \u00c1kos 2 kredit 9 szemin\u00e1rium kollokvium FODKOOBT007_1M Fog\u00e1szati Anyagtan \u00e9s Odontotechnol\u00f3gia III k\u00f6telez\u0151 Prof. Dr. Hermann P\u00e9ter 9 kredit 16 &hellip;<\/p>\n","protected":false},"author":101231,"featured_media":0,"parent":7785,"menu_order":1,"comment_status":"closed","ping_status":"closed","template":"","meta":{"_acf_changed":false,"footnotes":""},"categories":[],"tags":[],"class_list":["post-8745","page","type-page","status-publish","hentry"],"acf":[],"_links":{"self":[{"href":"https:\/\/semmelweis.hu\/dft\/wp-json\/wp\/v2\/pages\/8745","targetHints":{"allow":["GET"]}}],"collection":[{"href":"https:\/\/semmelweis.hu\/dft\/wp-json\/wp\/v2\/pages"}],"about":[{"href":"https:\/\/semmelweis.hu\/dft\/wp-json\/wp\/v2\/types\/page"}],"author":[{"embeddable":true,"href":"https:\/\/semmelweis.hu\/dft\/wp-json\/wp\/v2\/users\/101231"}],"replies":[{"embeddable":true,"href":"https:\/\/semmelweis.hu\/dft\/wp-json\/wp\/v2\/comments?post=8745"}],"version-history":[{"count":10,"href":"https:\/\/semmelweis.hu\/dft\/wp-json\/wp\/v2\/pages\/8745\/revisions"}],"predecessor-version":[{"id":9590,"href":"https:\/\/semmelweis.hu\/dft\/wp-json\/wp\/v2\/pages\/8745\/revisions\/9590"}],"up":[{"embeddable":true,"href":"https:\/\/semmelweis.hu\/dft\/wp-json\/wp\/v2\/pages\/7785"}],"wp:attachment":[{"href":"https:\/\/semmelweis.hu\/dft\/wp-json\/wp\/v2\/media?parent=8745"}],"wp:term":[{"taxonomy":"category","embeddable":true,"href":"https:\/\/semmelweis.hu\/dft\/wp-json\/wp\/v2\/categories?post=8745"},{"taxonomy":"post_tag","embeddable":true,"href":"https:\/\/semmelweis.hu\/dft\/wp-json\/wp\/v2\/tags?post=8745"}],"curies":[{"name":"wp","href":"https:\/\/api.w.org\/{rel}","templated":true}]}}