{"id":8,"date":"2023-07-18T09:27:28","date_gmt":"2023-07-18T07:27:28","guid":{"rendered":"https:\/\/semmelweis.hu\/dft\/?page_id=8"},"modified":"2026-04-15T08:45:02","modified_gmt":"2026-04-15T06:45:02","slug":"kapcsolat","status":"publish","type":"page","link":"https:\/\/semmelweis.hu\/dft\/kapcsolat\/","title":{"rendered":"Kapcsolat"},"content":{"rendered":"<p><strong>Prof. Dr. Hermann P\u00e9ter<\/strong><br \/>\n<em>szakvezet\u0151<\/em><br \/>\nhermann.peter@semmelweis.hu<\/p>\n<p><strong>Kov\u00e1csn\u00e9 Dr. K\u00f6rmendi Szandra Katalin<\/strong><br \/>\n<em>szakvezet\u0151-helyettes<\/em><br \/>\nkormendi.szandra@semmelweis.hu<\/p>\n<p><strong>Schuster Merc\u00e9desz<\/strong><br \/>\ntanulm\u00e1nyi \u00fcgyint\u00e9z\u0151<br \/>\n<a href=\"mailto:schuster.mercedesz@semmelweis.hu\">schuster.mercedesz@semmelweis.hu<\/a><\/p>\n\n<!-- iframe plugin v.4.9 wordpress.org\/plugins\/iframe\/ -->\n<iframe loading=\"lazy\" src=\"https:\/\/www.google.com\/maps\/embed?pb=!1m18!1m12!1m3!1d2696.135986131693!2d19.06511575142768!3d47.487264179074764!2m3!1f0!2f0!3f0!3m2!1i1024!2i768!4f13.1!3m3!1m2!1s0x4741dc59c3ad1883%3A0xd8217471b645cdd4!2zQnVkYXBlc3QsIMOcbGzFkWkgw7p0IDI2LCAxMDg1!5e0!3m2!1shu!2shu!4v1490350781936\" width=\"100%\" height=\"300\" scrolling=\"yes\" class=\"iframe-class\" frameborder=\"0\"><\/iframe>\n\n<p><span style=\"font-size: 12pt\"><strong><em>A fenti el\u00e9rhet\u0151s\u00e9gi adatok nem haszn\u00e1lhat\u00f3k fel az 1995. \u00e9vi CXIX. t\u00f6rv\u00e9ny szerinti kutat\u00e1s \u00e9s k\u00f6zvetlen \u00fczletszerz\u00e9s c\u00e9lj\u00e1ra.<\/em><\/strong><\/span><\/p>\n","protected":false},"excerpt":{"rendered":"<p>Prof. Dr. Hermann P\u00e9ter<br \/>\nszakvezet\u0151<br \/>\nhermann.peter@semmelweis.hu<br \/>\nKov\u00e1csn\u00e9 Dr. K\u00f6rmendi Szandra Katalin<br \/>\nszakvezet\u0151-helyettes<br \/>\nkormendi.szandra@semmelweis.hu<br \/>\nSchuster Merc\u00e9desz<br \/>\ntanulm\u00e1nyi \u00fcgyint\u00e9z\u0151<br \/>\n<a href=\"mailto:schuster.mercedesz@semmelweis.hu\">schuster.mercedesz@semmelweis.hu<\/a><\/p>\n<p>A fenti el\u00e9rhet\u0151s\u00e9gi adatok nem haszn\u00e1lhat\u00f3k fel az 1995. \u00e9vi CXIX. t\u00f6rv\u00e9ny szerinti kutat\u00e1s \u00e9s k\u00f6zvetlen \u00fczletszerz\u00e9s c\u00e9lj\u00e1ra.<\/p>\n","protected":false},"author":101231,"featured_media":0,"parent":0,"menu_order":8,"comment_status":"closed","ping_status":"closed","template":"","meta":{"_acf_changed":false,"footnotes":""},"categories":[],"tags":[],"class_list":["post-8","page","type-page","status-publish","hentry"],"acf":[],"_links":{"self":[{"href":"https:\/\/semmelweis.hu\/dft\/wp-json\/wp\/v2\/pages\/8","targetHints":{"allow":["GET"]}}],"collection":[{"href":"https:\/\/semmelweis.hu\/dft\/wp-json\/wp\/v2\/pages"}],"about":[{"href":"https:\/\/semmelweis.hu\/dft\/wp-json\/wp\/v2\/types\/page"}],"author":[{"embeddable":true,"href":"https:\/\/semmelweis.hu\/dft\/wp-json\/wp\/v2\/users\/101231"}],"replies":[{"embeddable":true,"href":"https:\/\/semmelweis.hu\/dft\/wp-json\/wp\/v2\/comments?post=8"}],"version-history":[{"count":9,"href":"https:\/\/semmelweis.hu\/dft\/wp-json\/wp\/v2\/pages\/8\/revisions"}],"predecessor-version":[{"id":9742,"href":"https:\/\/semmelweis.hu\/dft\/wp-json\/wp\/v2\/pages\/8\/revisions\/9742"}],"wp:attachment":[{"href":"https:\/\/semmelweis.hu\/dft\/wp-json\/wp\/v2\/media?parent=8"}],"wp:term":[{"taxonomy":"category","embeddable":true,"href":"https:\/\/semmelweis.hu\/dft\/wp-json\/wp\/v2\/categories?post=8"},{"taxonomy":"post_tag","embeddable":true,"href":"https:\/\/semmelweis.hu\/dft\/wp-json\/wp\/v2\/tags?post=8"}],"curies":[{"name":"wp","href":"https:\/\/api.w.org\/{rel}","templated":true}]}}

<p><strong>Prof. Dr. Hermann Péter</strong><br />
<em>szakvezető</em><br />
hermann.peter@semmelweis.hu</p>
<p><strong>Kovácsné Dr. Körmendi Szandra Katalin</strong><br />
<em>szakvezető-helyettes</em><br />
kormendi.szandra@semmelweis.hu</p>
<p><strong>Schuster Mercédesz</strong><br />
tanulmányi ügyintéző<br />
<a href="mailto:schuster.mercedesz@semmelweis.hu">schuster.mercedesz@semmelweis.hu</a></p>

<!-- iframe plugin v.4.9 wordpress.org/plugins/iframe/ -->
<iframe loading="lazy" src="https://www.google.com/maps/embed?pb=!1m18!1m12!1m3!1d2696.135986131693!2d19.06511575142768!3d47.487264179074764!2m3!1f0!2f0!3f0!3m2!1i1024!2i768!4f13.1!3m3!1m2!1s0x4741dc59c3ad1883%3A0xd8217471b645cdd4!2zQnVkYXBlc3QsIMOcbGzFkWkgw7p0IDI2LCAxMDg1!5e0!3m2!1shu!2shu!4v1490350781936" width="100%" height="300" scrolling="yes" class="iframe-class" frameborder="0"></iframe>

<p><span style="font-size: 12pt"><strong><em>A fenti elérhetőségi adatok nem használhatók fel az 1995. évi CXIX. törvény szerinti kutatás és közvetlen üzletszerzés céljára.</em></strong></span></p>

<p>Prof. Dr. Hermann Péter<br />
szakvezető<br />
hermann.peter@semmelweis.hu<br />
Kovácsné Dr. Körmendi Szandra Katalin<br />
szakvezető-helyettes<br />
kormendi.szandra@semmelweis.hu<br />
Schuster Mercédesz<br />
tanulmányi ügyintéző<br />
<a href="mailto:schuster.mercedesz@semmelweis.hu">schuster.mercedesz@semmelweis.hu</a></p>
<p>A fenti elérhetőségi adatok nem használhatók fel az 1995. évi CXIX. törvény szerinti kutatás és közvetlen üzletszerzés céljára.</p>
