{"id":6428,"date":"2020-06-26T15:45:58","date_gmt":"2020-06-26T13:45:58","guid":{"rendered":"https:\/\/semmelweis.hu\/deutsch\/?page_id=6428"},"modified":"2026-02-10T16:14:32","modified_gmt":"2026-02-10T15:14:32","slug":"demonstratortaetigkeit","status":"publish","type":"page","link":"https:\/\/semmelweis.hu\/deutsch\/studium\/demonstratortaetigkeit\/","title":{"rendered":"Demonstratort\u00e4tigkeit"},"content":{"rendered":"<h5>Demonstratoren-Ausschreibungen 2025\/2026<\/h5>\n<p><em>Aktualisiert am 29.01.2026<\/em><\/p>\n<ul style=\"list-style-type: circle\">\n<li style=\"list-style-type: none\">\n<ul style=\"list-style-type: circle\">\n<li>Institut f\u00fcr\u00a0<strong>Anatomie<\/strong>\u00a0<a class=\"btn btn-secondary btn-sm\" href=\"https:\/\/semmelweis.hu\/deutsch\/files\/2026\/01\/Anatomia_nemet_II.-felev.pdf\" target=\"_blank\" rel=\"noopener\">AUSSCHREIBUNG 2025\/2026\/2<\/a> <a href=\"https:\/\/semmelweis.hu\/anatomia\/de\/unterricht\/demonstrator-tutor-taetigkeit-und-stipendium\/\" target=\"_blank\" rel=\"noopener\">Tutor-Webseite \u2192\u00a0<\/a><\/li>\n<\/ul>\n<\/li>\n<li style=\"list-style-type: none\">\n<h6><span style=\"font-size: 14pt\"><strong>Bewerbungsfrist: <span style=\"color: #ff6600\">Donnerstag, 12. Februar 2026<\/span><\/strong><\/span><\/h6>\n<hr \/>\n<\/li>\n<\/ul>\n<ul style=\"list-style-type: circle\">\n<li style=\"list-style-type: none\">\n<ul style=\"list-style-type: circle\">\n<li>Institut f\u00fcr\u00a0<strong>Anatomie<\/strong>\u00a0<a class=\"btn btn-secondary btn-sm\" href=\"https:\/\/semmelweis.hu\/deutsch\/files\/2024\/05\/Anatomiai-Szoevet-es-Fejlodestani-Intezet_nemet-1.pdf\" target=\"_blank\" rel=\"noopener\">AUSSCHREIBUNG<\/a>\u00a0\u00a0<a href=\"https:\/\/semmelweis.hu\/anatomia\/de\/unterricht\/demonstrator-tutor-taetigkeit-und-stipendium\/\" target=\"_blank\" rel=\"noopener\">Tutor-Webseite \u2192\u00a0<\/a><\/li>\n<li>Lehrstuhl f\u00fcr <strong>exp. und chirurg. Operationslehre <\/strong><a class=\"btn btn-secondary btn-sm\" href=\"https:\/\/semmelweis.hu\/deutsch\/files\/2024\/05\/Kiserletes-Kardiologiai-es-Sebeszeti-Mutettani-Tanszek_nemet-1.pdf\" target=\"_blank\" rel=\"noopener\">AUSSCHREIBUNG<\/a> <a href=\"https:\/\/semmelweis.hu\/mutettan\/de\/studiumlehre\/demonstrator\/\" target=\"_blank\" rel=\"noopener\">Tutor-Webseite \u2192\u00a0<\/a><\/li>\n<li>Institut f\u00fcr <strong>Fachsprachen\u00a0<\/strong><a class=\"btn btn-secondary btn-sm\" href=\"https:\/\/semmelweis.hu\/deutsch\/files\/2024\/05\/Szaknyelvi-Intezet_nemet-1.pdf\" target=\"_blank\" rel=\"noopener\">AUSSCHREIBUNG\u00a0<\/a> <a href=\"https:\/\/semmelweis.hu\/szaknyelv\/de\/lehre\/studentische-hilfskraefte\/\" target=\"_blank\" rel=\"noopener\">Tutor-Webseite \u2192<\/a><\/li>\n<li>Institut f\u00fcr <strong>Verhaltenswissenschaften\u00a0<\/strong><a class=\"btn btn-secondary btn-sm\" href=\"https:\/\/semmelweis.hu\/deutsch\/files\/2024\/05\/Magatartastudomanyi-Intezet_nemet-1.pdf\" target=\"_blank\" rel=\"noopener\">AUSSCHREIBUNG<\/a>\u00a0<\/li>\n<li>Institut f\u00fcr <strong>Translationsmedizin\u00a0<\/strong><a class=\"btn btn-secondary btn-sm\" href=\"https:\/\/semmelweis.hu\/deutsch\/files\/2024\/05\/Transzlacios-Medicina-Intezet_nemet.pdf\" target=\"_blank\" rel=\"noopener\">AUSSCHREIBUNG<\/a><\/li>\n<li>Klinik f\u00fcr <strong>Notfallmedizin<\/strong> <a class=\"btn btn-secondary btn-sm\" href=\"https:\/\/semmelweis.hu\/deutsch\/files\/2024\/05\/Suergossegi-Orvostani-Klinika_nemet.pdf\" target=\"_blank\" rel=\"noopener\">AUSSCHREIBUNG<\/a>\u00a0<a href=\"https:\/\/semmelweis.hu\/surgosseg\/de\/unterrichtsangelegenheiten\/demonstratorposition\/\" target=\"_blank\" rel=\"noopener\">Tutor-Webseite \u2192\u00a0<\/a><\/li>\n<li>Institut f\u00fcr <strong>Physiologie<\/strong> <a class=\"btn btn-secondary btn-sm\" href=\"https:\/\/semmelweis.hu\/deutsch\/files\/2024\/05\/Elettani-Intezet_nemet-1.pdf\" target=\"_blank\" rel=\"noopener\">AUSSCHREIBUNG<\/a> <a href=\"https:\/\/semmelweis.hu\/elettan\/de\/wissenschaftlicher-studentenkreis\/demostratoren\/\" target=\"_blank\" rel=\"noopener\">Tutor-Webseite \u2192 <\/a><\/li>\n<li>Lehrstuhl f\u00fcr <strong>Molekulare Biologie<\/strong>\u00a0<a class=\"btn btn-secondary btn-sm\" href=\"https:\/\/semmelweis.hu\/deutsch\/files\/2024\/05\/Molekularis-Biologiai-Tanszek_nemet-1.pdf\" target=\"_blank\" rel=\"noopener\">AUSSCHREIBUNG<\/a>\u00a0<\/li>\n<li>Institut f\u00fcr <strong>Pathologie, Rechts- und Versicherungsmedizin<\/strong> <a class=\"btn btn-secondary btn-sm\" href=\"https:\/\/semmelweis.hu\/deutsch\/files\/2024\/05\/Patologiai-Igazsaguegyi-es-Biztositasi-Orvostani-Intezet_nemet-1.pdf\" target=\"_blank\" rel=\"noopener\">AUSSCHREIBUNG<\/a><\/li>\n<li>Institut f\u00fcr <strong>Genetik, Zell- und Immunbiologie <\/strong>\u00a0<a class=\"btn btn-secondary btn-sm\" href=\"https:\/\/semmelweis.hu\/deutsch\/files\/2025\/07\/Genetikai-Sejt-es-Immunbiologiai-Intezet_nemet.pdf\" target=\"_blank\" rel=\"noopener\">AUSSCHREIBUNG<\/a><\/li>\n<li>Institut f\u00fcr <strong>Gef\u00e4\u00dfchirurgie und Endovaskul\u00e4re Medizin <a class=\"btn btn-secondary btn-sm\" href=\"https:\/\/semmelweis.hu\/deutsch\/files\/2025\/07\/Ersebeszeti-es-Endovaszkularis-Tanszek_nemet.pdf\" target=\"_blank\" rel=\"noopener\">AUSSCHREIBUNG<\/a><\/strong><\/li>\n<\/ul>\n<\/li>\n<\/ul>\n<ul style=\"list-style-type: circle\">\n<li style=\"list-style-type: none\">\n<h6><span style=\"font-size: 14pt\"><strong>Bewerbungsfrist: <span style=\"color: #ff6600\">Freitag, 4. Juli 2025<\/span><\/strong><\/span><\/h6>\n<\/li>\n<li style=\"list-style-type: none\">\n<p>Jede Bewerberin \/ jeder Bewerber darf nur einen Demonstratorenplatz besetzen, kann aber f\u00fcr mehrere Pl\u00e4tze eine Bewerbung einreichen.<\/p>\n<p>Bewerbungsunterlagen:<\/p>\n<ul style=\"list-style-type: square\">\n<li>Antragsformular (<a href=\"https:\/\/semmelweis.hu\/deutsch\/files\/2023\/06\/DEMONSTRATORI-OeSZTOeNDIJ-PALYAZAT_nemet.pdf\" target=\"_blank\" rel=\"noopener\">PDF<\/a> \/ <a href=\"https:\/\/semmelweis.hu\/deutsch\/files\/2023\/06\/DEMONSTARTORI-OeSZTOeNDIJ-PALYAZAT_nemet.docx\" target=\"_blank\" rel=\"noopener\">Word<\/a>) \u2212 falls es auf der Webseite des jeweiligen Instituts kein eigenes Formular gibt<\/li>\n<li><a href=\"https:\/\/semmelweis.hu\/deutsch\/files\/2022\/05\/Adatkezelesi-tajekoztato_nemet-1.pdf\" target=\"_blank\" rel=\"noopener\">Datenschutzinformation<\/a>\u00a0<\/li>\n<li><a href=\"https:\/\/semmelweis.hu\/deutsch\/files\/2023\/06\/Einwilligung-zur-Datenverarbeitung_.docx\" target=\"_blank\" rel=\"noopener\">Einwilligung zur Datenverarbeitung<\/a> (bitte ausf\u00fcllen und einreichen)<\/li>\n<\/ul>\n<p>Weitere Informationen:<\/p>\n<ul>\n<li><a href=\"https:\/\/semmelweis.hu\/deutsch\/files\/2021\/10\/Regelungen-Demonstratortaetigkeit.pdf\" target=\"_blank\" rel=\"noopener noreferrer\"><strong>Regelungen f\u00fcr Demonstratort\u00e4tigkeit<\/strong> \u2212 Auszug aus: &#8222;Semmelweis Universit\u00e4t Organisations- und Betriebsordnung, Teil III. Regelwerk f\u00fcr Studierende&#8220;<\/a>\u00a0<\/li>\n<li><a href=\"https:\/\/semmelweis.hu\/deutsch\/files\/2022\/06\/Information-Demonstratortaetigkeit-2022.pdf\" target=\"_blank\" rel=\"noopener noreferrer\">Fakult\u00e4t f\u00fcr Zahnheilkunde: <\/a><a href=\"https:\/\/semmelweis.hu\/deutsch\/files\/2022\/06\/Information-Demonstratortaetigkeit-2022.pdf\" target=\"_blank\" rel=\"noopener noreferrer\">Informationen bez\u00fcglich der Demonstratort\u00e4tigkeit<\/a>\u00a0&#8211; aktualisierte Version f\u00fcr 2022<br \/>\n<a href=\"https:\/\/semmelweis.hu\/deutsch\/files\/2022\/06\/Bewerbung-des_der-Studierenden_Demonstratortaetigkeit.docx\" target=\"_blank\" rel=\"noopener noreferrer\">Bewerbung des\/der Studierenden (Fakult\u00e4t f\u00fcr Zahnheilkunde)<\/a><\/li>\n<\/ul>\n<hr \/>\n<p>&nbsp;<\/p>\n<div id=\"GroupWiseSection_1621933374000_somfai.boglarka@semmelweis-univ.hu_20FC8F0118E50000B4706F6437386235_\" class=\"GroupWiseMessageBody active\">\n<div id=\"GroupWiseSection_1621579073000_somfai.boglarka@semmelweis-univ.hu_20FC8F0118E50000B4706F6437386235_\" class=\"GroupWiseMessageBody\">\n<p><em><span style=\"font-family: Arial;font-size: 12pt\">Liebe Studentinnen, liebe Studenten!<\/span><\/em><\/p>\n<p><em><span style=\"font-family: Arial;font-size: 12pt\">In den Instituten, Lehrst\u00fchlen und Kliniken wird eine gro\u00dfe Anzahl an internationalen Studierenden unterrichtet. In den Unterrichtsstunden\/Praktika wird von den Demonstrator\/innen eine enorm hilfreiche Arbeit geleistet, die sehr gesch\u00e4tzt wird.<br \/>\nDie Studierenden k\u00f6nnen sich f\u00fcr die von den einzelnen Instituten, Lehrst\u00fchlen und Kliniken angebotenen Demonstratorenpl\u00e4tzen bewerben. Es gibt Demonstratorenpl\u00e4tze mit oder ohne Verg\u00fctung. \u00dcber die Bewerbungen wird vom Dekan der jeweiligen Fakult\u00e4t entschieden.<br \/>\nDie diesbez\u00fcglichen Demonstratoren-Ausschreibungen der einzelnen Institute, Lehrst\u00fchle und Kliniken finden Sie auf dieser Webseite. Hier werden die aktuell eingegangenen Demonstratoren-Ausschreibungen hochgeladen. Der Pool kann sich also von Zeit zu Zeit \u00e4ndern. <\/span><\/em><\/p>\n<p><em><span style=\"font-family: Arial;font-size: 12pt\">Wie auch schon in den vergangenen Jahren freuen wir uns auf Ihre Bewerbung um diese verantwortungsvolle Arbeit! Die Institute, Lehrst\u00fchle und Kliniken rechnen mit Ihrer Unterst\u00fctzung als Demonstrator\/in.<\/span><\/em><\/p>\n<p><em><span style=\"font-family: Arial;font-size: 12pt\">Mit freundlichen Gr\u00fc\u00dfen<br \/>\nEdit Gimpl<\/span><\/em><\/p>\n<p><em><span style=\"font-family: Arial;font-size: 12pt\">Administrative Leiterin<br \/>\nStudentensekretariat des Deutschsprachigen Studiums<br \/>\nSemmelweis Universit\u00e4t, Budapest<\/span><\/em><\/p>\n<\/div>\n<\/div>\n<\/li>\n<\/ul>\n","protected":false},"excerpt":{"rendered":"<p>Demonstratoren-Ausschreibungen 2025\/2026 Aktualisiert am 29.01.2026 Institut f\u00fcr\u00a0Anatomie\u00a0 <a class=\"btn btn-secondary btn-sm\" href=\"https:\/\/semmelweis.hu\/deutsch\/files\/2026\/01\/Anatomia_nemet_II.-felev.pdf\" target=\"_blank\" rel=\"noopener\">AUSSCHREIBUNG 2025\/2026\/2<\/a> <a href=\"https:\/\/semmelweis.hu\/anatomia\/de\/unterricht\/demonstrator-tutor-taetigkeit-und-stipendium\/\" target=\"_blank\" rel=\"noopener\">Tutor-Webseite \u2192\u00a0<\/a> Bewerbungsfrist: Donnerstag, 12. Februar 2026 Institut f\u00fcr\u00a0Anatomie\u00a0 <a class=\"btn btn-secondary btn-sm\" href=\"https:\/\/semmelweis.hu\/deutsch\/files\/2024\/05\/Anatomiai-Szoevet-es-Fejlodestani-Intezet_nemet-1.pdf\" target=\"_blank\" rel=\"noopener\">AUSSCHREIBUNG<\/a> \u00a0\u00a0 <a href=\"https:\/\/semmelweis.hu\/anatomia\/de\/unterricht\/demonstrator-tutor-taetigkeit-und-stipendium\/\" target=\"_blank\" rel=\"noopener\">Tutor-Webseite \u2192\u00a0<\/a> Lehrstuhl f\u00fcr exp. und chirurg. Operationslehre <a class=\"btn btn-secondary btn-sm\" href=\"https:\/\/semmelweis.hu\/deutsch\/files\/2024\/05\/Kiserletes-Kardiologiai-es-Sebeszeti-Mutettani-Tanszek_nemet-1.pdf\" target=\"_blank\" rel=\"noopener\">AUSSCHREIBUNG<\/a> <a href=\"https:\/\/semmelweis.hu\/mutettan\/de\/studiumlehre\/demonstrator\/\" target=\"_blank\" rel=\"noopener\">Tutor-Webseite \u2192\u00a0<\/a> Institut f\u00fcr Fachsprachen\u00a0 <a class=\"btn btn-secondary btn-sm\" href=\"https:\/\/semmelweis.hu\/deutsch\/files\/2024\/05\/Szaknyelvi-Intezet_nemet-1.pdf\" target=\"_blank\" rel=\"noopener\">AUSSCHREIBUNG\u00a0<\/a> <a href=\"https:\/\/semmelweis.hu\/szaknyelv\/de\/lehre\/studentische-hilfskraefte\/\" target=\"_blank\" rel=\"noopener\">Tutor-Webseite \u2192<\/a> Institut f\u00fcr Verhaltenswissenschaften\u00a0 <a class=\"btn btn-secondary btn-sm\" href=\"https:\/\/semmelweis.hu\/deutsch\/files\/2024\/05\/Magatartastudomanyi-Intezet_nemet-1.pdf\" target=\"_blank\" rel=\"noopener\">AUSSCHREIBUNG<\/a> \u00a0 Institut f\u00fcr Translationsmedizin\u00a0 <a class=\"btn btn-secondary btn-sm\" href=\"https:\/\/semmelweis.hu\/deutsch\/files\/2024\/05\/Transzlacios-Medicina-Intezet_nemet.pdf\" target=\"_blank\" rel=\"noopener\">AUSSCHREIBUNG<\/a> Klinik f\u00fcr Notfallmedizin <a class=\"btn btn-secondary btn-sm\" href=\"https:\/\/semmelweis.hu\/deutsch\/files\/2024\/05\/Suergossegi-Orvostani-Klinika_nemet.pdf\" target=\"_blank\" rel=\"noopener\">AUSSCHREIBUNG<\/a> \u00a0 <a href=\"https:\/\/semmelweis.hu\/surgosseg\/de\/unterrichtsangelegenheiten\/demonstratorposition\/\" target=\"_blank\" rel=\"noopener\">Tutor-Webseite \u2192\u00a0<\/a> Institut f\u00fcr Physiologie <a class=\"btn btn-secondary btn-sm\" href=\"https:\/\/semmelweis.hu\/deutsch\/files\/2024\/05\/Elettani-Intezet_nemet-1.pdf\" target=\"_blank\" rel=\"noopener\">AUSSCHREIBUNG<\/a> <a href=\"https:\/\/semmelweis.hu\/elettan\/de\/wissenschaftlicher-studentenkreis\/demostratoren\/\" target=\"_blank\" rel=\"noopener\">Tutor-Webseite \u2192 <\/a> Lehrstuhl f\u00fcr Molekulare Biologie\u00a0 <a class=\"btn btn-secondary btn-sm\" href=\"https:\/\/semmelweis.hu\/deutsch\/files\/2024\/05\/Molekularis-Biologiai-Tanszek_nemet-1.pdf\" target=\"_blank\" rel=\"noopener\">AUSSCHREIBUNG<\/a> \u00a0 Institut f\u00fcr Pathologie, Rechts- und Versicherungsmedizin <a class=\"btn btn-secondary btn-sm\" href=\"https:\/\/semmelweis.hu\/deutsch\/files\/2024\/05\/Patologiai-Igazsaguegyi-es-Biztositasi-Orvostani-Intezet_nemet-1.pdf\" target=\"_blank\" rel=\"noopener\">AUSSCHREIBUNG<\/a> Institut f\u00fcr Genetik, Zell- und Immunbiologie &hellip;<\/p>\n","protected":false},"author":101640,"featured_media":0,"parent":2386,"menu_order":10,"comment_status":"closed","ping_status":"closed","template":"","meta":{"_acf_changed":false,"footnotes":""},"categories":[],"tags":[],"class_list":["post-6428","page","type-page","status-publish","hentry"],"acf":[],"_links":{"self":[{"href":"https:\/\/semmelweis.hu\/deutsch\/wp-json\/wp\/v2\/pages\/6428","targetHints":{"allow":["GET"]}}],"collection":[{"href":"https:\/\/semmelweis.hu\/deutsch\/wp-json\/wp\/v2\/pages"}],"about":[{"href":"https:\/\/semmelweis.hu\/deutsch\/wp-json\/wp\/v2\/types\/page"}],"author":[{"embeddable":true,"href":"https:\/\/semmelweis.hu\/deutsch\/wp-json\/wp\/v2\/users\/101640"}],"replies":[{"embeddable":true,"href":"https:\/\/semmelweis.hu\/deutsch\/wp-json\/wp\/v2\/comments?post=6428"}],"version-history":[{"count":11,"href":"https:\/\/semmelweis.hu\/deutsch\/wp-json\/wp\/v2\/pages\/6428\/revisions"}],"predecessor-version":[{"id":39928,"href":"https:\/\/semmelweis.hu\/deutsch\/wp-json\/wp\/v2\/pages\/6428\/revisions\/39928"}],"up":[{"embeddable":true,"href":"https:\/\/semmelweis.hu\/deutsch\/wp-json\/wp\/v2\/pages\/2386"}],"wp:attachment":[{"href":"https:\/\/semmelweis.hu\/deutsch\/wp-json\/wp\/v2\/media?parent=6428"}],"wp:term":[{"taxonomy":"category","embeddable":true,"href":"https:\/\/semmelweis.hu\/deutsch\/wp-json\/wp\/v2\/categories?post=6428"},{"taxonomy":"post_tag","embeddable":true,"href":"https:\/\/semmelweis.hu\/deutsch\/wp-json\/wp\/v2\/tags?post=6428"}],"curies":[{"name":"wp","href":"https:\/\/api.w.org\/{rel}","templated":true}]}}