{"id":3422,"date":"2019-09-19T23:05:55","date_gmt":"2019-09-19T21:05:55","guid":{"rendered":"http:\/\/test.semmelweis.hu\/medizinstudium\/?page_id=3422"},"modified":"2024-08-29T12:46:57","modified_gmt":"2024-08-29T10:46:57","slug":"e-learning","status":"publish","type":"page","link":"https:\/\/semmelweis.hu\/deutsch\/studium\/e-learning\/","title":{"rendered":"IT (SeKA, Moodle, Office)"},"content":{"rendered":"<h6><strong>Aktivierung der Semmelweis IT Identifikation<\/strong><\/h6>\n<p><a class=\"btn btn-secondary\" href=\"https:\/\/o365portal.semmelweis.hu\/Home\/\" target=\"_blank\" rel=\"noopener noreferrer\">O365 Portal<\/a><\/p>\n<h6>1. Schritt: Aktivierung der <strong>Universit\u00e4ts-E-Mail-Adresse<\/strong><\/h6>\n<p><a href=\"https:\/\/o365portal.semmelweis.hu\/Home\/ManualUserActivation\">https:\/\/o365portal.semmelweis.hu\/Home\/ManualUserActivation<\/a><\/p>\n<p>F\u00fcllen Sie bitte die erforderlichen Informationen aus, a<span style=\"font-size: 1rem\">kzeptieren Sie die Datumsschutzinformationen, und g<\/span>eben Sie bitte eine aktuelle private E-Mail-Adresse an. Folgen Sie den Schritten in der E-Mail, die Sie an Ihre pers\u00f6nliche E-Mail-Adresse erhalten haben, und legen Sie ein neues Passwort f\u00fcr sich selbst fest. WICHTIG: Dies wird von nun an auch Ihr <strong>SeKA<\/strong>-Passwort sein. (<a href=\"https:\/\/seka.semmelweis.hu\/en\" target=\"_blank\" rel=\"noopener noreferrer\">SeKA<\/a> = Zentrale Authentikation Semmelweis Universit\u00e4t). Wenn Sie sich zum Beispiel auf der Moodle-Seite anmelden, bleibt Ihr Benutzername Ihre Neptun-ID, aber Ihr Passwort wird das neu erstellte sein.<\/p>\n<p>Wenn Sie Ihr O365\/SeKa-Passwort vergessen haben, k\u00f6nnen Sie auf der folgenden Seite ein neues Passwort festlegen: <a href=\"https:\/\/o365portal.semmelweis.hu\/Home\/ForgottenPwd\">https:\/\/o365portal.semmelweis.hu\/Home\/ForgottenPwd.\u00a0<\/a>Der Link zum Zur\u00fccksetzen des Passworts wird an die zuvor angegebene private E-Mail-Adresse gesendet.\u00a0Sollte er nicht ankommen, \u00fcberpr\u00fcfen Sie bitte Ihren Spam-Ordner.<\/p>\n<p>Sollten Sie Probleme mit der Aktivierung haben, wenden Sie sich bitte an diesen Helpdesk: <a href=\"mailto:o365helpdesk@semmelweis.hu\">o365helpdesk@semmelweis.hu<\/a><\/p>\n<div id=\"name-and-slogan\" class=\"header__name-and-slogan\">\n<div id=\"site-slogan\" class=\"header__site-slogan\">\n<h6>2. Schritt: Aktivierung von <strong>SeKA\u00a0und Moodle<\/strong> (E-learning System der Universit\u00e4t)<\/h6>\n<p><a class=\"btn btn-secondary\" href=\"https:\/\/itc.semmelweis.hu\/moodle\/?lang=de\" target=\"_blank\" rel=\"noopener noreferrer\">E-learning Portal (MOODLE)<\/a><\/p>\n<p>F\u00fcr diverse Dienstleistungen (z.B.: Zugriff zum E-Learning System, Universit\u00e4ts-WLAN-Benutzung) an der Semmelweis Universit\u00e4t brauchen die Studierenden den sogenannten <strong>SeKA-Login<\/strong> (SeKA: Zentrale Authentikation Semmelweis Universit\u00e4t). Der SeKA-Login ist erst nach der Einschreibung und Einstellung Aktivierung der Universit\u00e4ts-E-Mail-Adresse freigeschaltet.\u00a0<\/p>\n<p>Das Moodle-System ist sehr wichtig f\u00fcr Dozierende und Studierende. <strong>In MOODLE befinden sich online Materialien f\u00fcr Vorlesungen und Praktika<\/strong>.<\/p>\n<p>Aktivierung von MOODLE:<\/p>\n<ul>\n<li>\u00d6ffnen Sie die folgende Seite in Ihrem Browser: <a href=\"https:\/\/itc.semmelweis.hu\/moodle\/login\/index.php\">https:\/\/itc.semmelweis.hu\/moodle\/login\/index.php<\/a><\/li>\n<li>Auf \u201eSEKA login\u201c klicken (im Quadrat mit einem H\u00e4ngeschloss und dem Text \u201eSEKA login\u201c).\u00a0<\/li>\n<li>In dem sich \u00f6ffnenden SeKA-Fenster geben Sie Ihre Daten ein. <br \/>\nSeKA-Benutzername: Ihr Neptun-Code<br \/>\nSeKA-Passwort: das gleiche Passwort, das Sie bei der Aktivierung von O365 eingegeben haben.<\/li>\n<\/ul>\n<p>Wenn Sie sich auf Ihrer Moodle-Seite einloggen, k\u00f6nnen Sie auf \u201eMeine Kurse\u201c klicken, um die Kurse zu sehen, die Sie in Neptun belegt haben.\u00a0\u00a0<\/p>\n<\/div>\n<\/div>\n<p>&nbsp;<\/p>\n<div id=\"GroupWiseSection_1568820006000_gimpl.edit@semmelweis-univ.hu_D650A502132F0000A0FF000000000000_\" class=\"GroupWiseMessageBody active\">\n<p><strong>Arbeits- und Feuerschutzbelehrungskurs im Moodle\u00a0<\/strong><br \/>\n<span style=\"font-size: 1rem\">(am Beginn des Studiums an der Semmelweis Universit\u00e4t <\/span><span style=\"font-size: 1rem\">zu absolvieren)<br \/>\n<\/span><a href=\"https:\/\/itc.semmelweis.hu\/moodle\/?lang=de\" target=\"_blank\" rel=\"noopener noreferrer\">Lehrstoff mit Testfragen <\/a><span style=\"font-size: 1rem\">(s. unter: &#8222;Sicherheitstechnischer Unterricht&#8220;)<\/span><\/p>\n<\/div>\n<header class=\"entry-header\">\n<div class=\"entry-content\">\n<div class=\"entry-content\">\n<p>&nbsp;<\/p>\n<\/div>\n<h6 class=\"entry-title\"><strong>Internet-Zugang f\u00fcr Studierende<\/strong><\/h6>\n<div class=\"entry-content\">\n<ul>\n<li><strong>eduroam<br \/>\n<\/strong>Universit\u00e4ts-WLAN,\u00a0Benutzung mit aktiviertem\u00a0<a href=\"https:\/\/seka.semmelweis.hu\/en\" target=\"_blank\" rel=\"noopener noreferrer\">SeKA Account<\/a>\u00a0m\u00f6glich.\u00a0<\/li>\n<li><strong>EOKGuest<br \/>\n<\/strong>Internetzugriff f\u00fcr eine Stunde im EOK Geb\u00e4ude. Passwort: eokguest<\/li>\n<\/ul>\n<\/div>\n<h6>Weitere Informationen:\u00a0<\/h6>\n<h6>Fernstudium <a href=\"https:\/\/semmelweis.hu\/oktatasmodszertan\/de\/\" target=\"_blank\" rel=\"noopener\">\u2192 Methodisches und organisatorisches Zentrum f\u00fcr Bildungsentwicklung<\/a><\/h6>\n<h6>\u00a0<\/h6>\n<\/div>\n<\/header>\n","protected":false},"excerpt":{"rendered":"<p>Aktivierung der Semmelweis IT Identifikation <a class=\"btn btn-secondary\" href=\"https:\/\/o365portal.semmelweis.hu\/Home\/\" target=\"_blank\" rel=\"noopener noreferrer\">O365 Portal<\/a> 1. Schritt: Aktivierung der Universit\u00e4ts-E-Mail-Adresse <a href=\"https:\/\/o365portal.semmelweis.hu\/Home\/ManualUserActivation\">https:\/\/o365portal.semmelweis.hu\/Home\/ManualUserActivation<\/a> F\u00fcllen Sie bitte die erforderlichen Informationen aus, akzeptieren Sie die Datumsschutzinformationen, und geben Sie bitte eine aktuelle private E-Mail-Adresse an. Folgen Sie den Schritten in der E-Mail, die Sie an Ihre pers\u00f6nliche E-Mail-Adresse erhalten haben, und legen Sie ein neues Passwort f\u00fcr sich selbst fest. &hellip;<\/p>\n","protected":false},"author":101614,"featured_media":0,"parent":2386,"menu_order":14,"comment_status":"closed","ping_status":"closed","template":"","meta":{"_acf_changed":false,"footnotes":""},"categories":[],"tags":[],"class_list":["post-3422","page","type-page","status-publish","hentry"],"acf":[],"_links":{"self":[{"href":"https:\/\/semmelweis.hu\/deutsch\/wp-json\/wp\/v2\/pages\/3422","targetHints":{"allow":["GET"]}}],"collection":[{"href":"https:\/\/semmelweis.hu\/deutsch\/wp-json\/wp\/v2\/pages"}],"about":[{"href":"https:\/\/semmelweis.hu\/deutsch\/wp-json\/wp\/v2\/types\/page"}],"author":[{"embeddable":true,"href":"https:\/\/semmelweis.hu\/deutsch\/wp-json\/wp\/v2\/users\/101614"}],"replies":[{"embeddable":true,"href":"https:\/\/semmelweis.hu\/deutsch\/wp-json\/wp\/v2\/comments?post=3422"}],"version-history":[{"count":10,"href":"https:\/\/semmelweis.hu\/deutsch\/wp-json\/wp\/v2\/pages\/3422\/revisions"}],"predecessor-version":[{"id":37401,"href":"https:\/\/semmelweis.hu\/deutsch\/wp-json\/wp\/v2\/pages\/3422\/revisions\/37401"}],"up":[{"embeddable":true,"href":"https:\/\/semmelweis.hu\/deutsch\/wp-json\/wp\/v2\/pages\/2386"}],"wp:attachment":[{"href":"https:\/\/semmelweis.hu\/deutsch\/wp-json\/wp\/v2\/media?parent=3422"}],"wp:term":[{"taxonomy":"category","embeddable":true,"href":"https:\/\/semmelweis.hu\/deutsch\/wp-json\/wp\/v2\/categories?post=3422"},{"taxonomy":"post_tag","embeddable":true,"href":"https:\/\/semmelweis.hu\/deutsch\/wp-json\/wp\/v2\/tags?post=3422"}],"curies":[{"name":"wp","href":"https:\/\/api.w.org\/{rel}","templated":true}]}}