{"id":2799,"date":"2023-02-01T06:10:20","date_gmt":"2023-02-01T05:10:20","guid":{"rendered":"http:\/\/test.semmelweis.hu\/medizinstudium\/?page_id=2799"},"modified":"2025-04-08T09:56:30","modified_gmt":"2025-04-08T07:56:30","slug":"krankheitsfall","status":"publish","type":"page","link":"https:\/\/semmelweis.hu\/deutsch\/studentenleben\/krankheitsfall\/","title":{"rendered":"Krankheitsfall"},"content":{"rendered":"<h6><strong>In einem Notfall <\/strong>oder bei dringendem \u00e4rztlichen Versorgungsbedarf<\/h6>\n<div>Notaufnahme der Semmelweis Universit\u00e4t:\u00a0<strong><a href=\"https:\/\/semmelweis.hu\/surgosseg\/de\/\" target=\"_blank\" rel=\"noopener noreferrer\">S\u00fcrg\u0151ss\u00e9gi Betegell\u00e1t\u00f3 Oszt\u00e1ly<\/a><\/strong><\/div>\n<div>\u00a0<\/div>\n<ul style=\"list-style-type: disc\">\n<li>Telefon: +36 20 825-9100 bzw. die Notrufnummer <strong>112<\/strong> f\u00fcr Rettungsdienst (beide k\u00f6nnen rund um die Uhr verwendet werden)\u00a0<\/li>\n<li>E-Mail: <a href=\"mailto:sbo@semmelweis.hu\">sbo@semmelweis.hu<\/a><\/li>\n<li>1082 Budapest, \u00dcll\u0151i \u00fat 78.\/A. Die Abteilung befindet sich im Erdgeschoss des Hauptgeb\u00e4udes \u201eK\u00f6zponti Betegell\u00e1t\u00f3 \u00c9p\u00fclet\u201c. Der k\u00fcrzeste Zugang ist von der Szigony-Stra\u00dfe, neben dem Krankenwageneingang.<\/li>\n<\/ul>\n\n<!-- iframe plugin v.4.9 wordpress.org\/plugins\/iframe\/ -->\n<iframe loading=\"lazy\" src=\"https:\/\/www.google.com\/maps\/embed?pb=!1m18!1m12!1m3!1d801.6399918962452!2d19.0809023898263!3d47.482419191489285!2m3!1f0!2f0!3f0!3m2!1i1024!2i768!4f13.1!3m3!1m2!1s0x4741dcfa8bf61e57%3A0xbcd2f902341d8454!2zU2VtbWVsd2VpcyBFZ3lldGVtIFPDvHJnxZFzc8OpZ2kgQmV0ZWdlbGzDoXTDsyBPc3p0w6FseQ!5e0!3m2!1shu!2shu!4v1568440616991!5m2!1shu!2shu\" width=\"100%\" height=\"300\" scrolling=\"yes\" class=\"iframe-class\" frameborder=\"0\"><\/iframe>\n\n<p>&nbsp;<\/p>\n<div>\n<hr \/>\n<\/div>\n<h6><strong>Im nicht akuten Krankheitsfall <\/strong>oder bei nicht akuten gesundheitlichen Beschwerden (planbarer Arztbesuch, planbare Untersuchungen)<\/h6>\n<p>Auskunft und Organisation des Patientenweges<\/p>\n<ul>\n<li><span style=\"font-size: 1rem\">f\u00fcr Studierende, die durch <a href=\"https:\/\/www.semmelweispremium.hu\/de\/health-service\">&#8222;Semmelweis Premium&#8220; krankenversichert<\/a> sind (Studierende mit Studiumbeginn ab 2024):<\/span>\n<ul>\n<li>Telefon:<strong> +36 1 776 7300<\/strong> <span style=\"font-size: 1rem\">(rund um die Uhr erreichbar)<\/span><\/li>\n<li><a href=\"mailto:operation@teladoc.hu\">operation@teladoc.hu<\/a><\/li>\n<\/ul>\n<\/li>\n<\/ul>\n<ul>\n<li><span style=\"font-size: 1rem\">f\u00fcr Studierende, die durch <a href=\"https:\/\/semmelweis.hu\/deutsch\/studentenleben\/krankenversicherung\/\">&#8222;Generali&#8220; krankenversichert<\/a> sind (Studiumbeginn vor 2024):<\/span>\n<ul style=\"list-style-type: circle\">\n<li><a href=\"https:\/\/semmelweis.hu\/deutsch\/files\/2023\/08\/Generali-Versicherung-Termin-buchen.pdf\">Online Terminbuchung (pdf)<\/a><\/li>\n<li>Telefon: <strong style=\"font-size: 1rem\">+36 1 465 3784 <\/strong><span style=\"font-size: 1rem\">(rund um die Uhr erreichbar)<\/span><\/li>\n<\/ul>\n<\/li>\n<\/ul>\n<hr \/>\n<div>\n<h6><strong>Psychologische Beratung<\/strong><\/h6>\n<p><a href=\"https:\/\/semmelweis.hu\/magtud\/de\/heilung\/\" target=\"_blank\" rel=\"noopener noreferrer\">Informationen auf der Webseite des Instituts f\u00fcr Verhaltenswissenschaften\u00a0<\/a><span style=\"font-size: 1rem\">\u00a0\u2192 Studentenberatung<\/span><\/p>\n<\/div>\n","protected":false},"excerpt":{"rendered":"<p>In einem Notfall oder bei dringendem \u00e4rztlichen Versorgungsbedarf Notaufnahme der Semmelweis Universit\u00e4t:\u00a0 <a href=\"https:\/\/semmelweis.hu\/surgosseg\/de\/\" target=\"_blank\" rel=\"noopener noreferrer\">S\u00fcrg\u0151ss\u00e9gi Betegell\u00e1t\u00f3 Oszt\u00e1ly<\/a> \u00a0 Telefon: +36 20 825-9100 bzw. die Notrufnummer 112 f\u00fcr Rettungsdienst (beide k\u00f6nnen rund um die Uhr verwendet werden)\u00a0 E-Mail: <a href=\"mailto:sbo@semmelweis.hu\">sbo@semmelweis.hu<\/a> 1082 Budapest, \u00dcll\u0151i \u00fat 78.\/A. Die Abteilung befindet sich im Erdgeschoss des Hauptgeb\u00e4udes \u201eK\u00f6zponti Betegell\u00e1t\u00f3 \u00c9p\u00fclet\u201c. Der k\u00fcrzeste Zugang ist von der Szigony-Stra\u00dfe, &hellip;<\/p>\n","protected":false},"author":101614,"featured_media":33680,"parent":2119,"menu_order":3,"comment_status":"closed","ping_status":"closed","template":"","meta":{"_acf_changed":false,"footnotes":""},"categories":[99],"tags":[],"class_list":["post-2799","page","type-page","status-publish","has-post-thumbnail","hentry","category-studentenleben"],"acf":[],"_links":{"self":[{"href":"https:\/\/semmelweis.hu\/deutsch\/wp-json\/wp\/v2\/pages\/2799","targetHints":{"allow":["GET"]}}],"collection":[{"href":"https:\/\/semmelweis.hu\/deutsch\/wp-json\/wp\/v2\/pages"}],"about":[{"href":"https:\/\/semmelweis.hu\/deutsch\/wp-json\/wp\/v2\/types\/page"}],"author":[{"embeddable":true,"href":"https:\/\/semmelweis.hu\/deutsch\/wp-json\/wp\/v2\/users\/101614"}],"replies":[{"embeddable":true,"href":"https:\/\/semmelweis.hu\/deutsch\/wp-json\/wp\/v2\/comments?post=2799"}],"version-history":[{"count":11,"href":"https:\/\/semmelweis.hu\/deutsch\/wp-json\/wp\/v2\/pages\/2799\/revisions"}],"predecessor-version":[{"id":38647,"href":"https:\/\/semmelweis.hu\/deutsch\/wp-json\/wp\/v2\/pages\/2799\/revisions\/38647"}],"up":[{"embeddable":true,"href":"https:\/\/semmelweis.hu\/deutsch\/wp-json\/wp\/v2\/pages\/2119"}],"wp:featuredmedia":[{"embeddable":true,"href":"https:\/\/semmelweis.hu\/deutsch\/wp-json\/wp\/v2\/media\/33680"}],"wp:attachment":[{"href":"https:\/\/semmelweis.hu\/deutsch\/wp-json\/wp\/v2\/media?parent=2799"}],"wp:term":[{"taxonomy":"category","embeddable":true,"href":"https:\/\/semmelweis.hu\/deutsch\/wp-json\/wp\/v2\/categories?post=2799"},{"taxonomy":"post_tag","embeddable":true,"href":"https:\/\/semmelweis.hu\/deutsch\/wp-json\/wp\/v2\/tags?post=2799"}],"curies":[{"name":"wp","href":"https:\/\/api.w.org\/{rel}","templated":true}]}}