{"id":2365,"date":"2019-09-04T15:01:13","date_gmt":"2019-09-04T13:01:13","guid":{"rendered":"http:\/\/test.semmelweis.hu\/medizinstudium\/?page_id=2365"},"modified":"2026-03-17T11:51:09","modified_gmt":"2026-03-17T10:51:09","slug":"forschungs-und-diplomarbeit-pj","status":"publish","type":"page","link":"https:\/\/semmelweis.hu\/deutsch\/studium\/forschungs-und-diplomarbeit-pj\/","title":{"rendered":"Diplomarbeit, Forschungsarbeit, PJ"},"content":{"rendered":"<h5>Themen zur Forschungs- und Diplomarbeit<\/h5>\n<table style=\"border-collapse: collapse;width: 100%\">\n<tbody>\n<tr>\n<td style=\"width: 50%\"><a href=\"https:\/\/semmelweis.hu\/deutsch\/files\/2026\/03\/Themen-zur-Forschungs-und-Diplomarbeit-Medizinische-Fakultaet.pdf\" target=\"_blank\" rel=\"noopener noreferrer\">Themen zur Forschungs- und Diplomarbeit (Medizinische Fakult\u00e4t)<\/a><\/td>\n<\/tr>\n<tr>\n<td style=\"width: 50%\"><a href=\"https:\/\/semmelweis.hu\/deutsch\/files\/2026\/03\/Themen-zur-Forschungs-und-Diplomarbeit-Fakultaet-fuer-Zahnheilkunde.pdf\" target=\"_blank\" rel=\"noopener noreferrer\">Themen zur Forschungs- und Diplomarbeit (Fakult\u00e4t f\u00fcr Zahnheilkunde)<\/a><\/td>\n<\/tr>\n<\/tbody>\n<\/table>\n<p>&nbsp;<\/p>\n<h5>Diplomarbeit<\/h5>\n<div>\n<table style=\"width: 100%;height: 198px\">\n<tbody>\n<tr style=\"height: 33px\">\n<td style=\"width: 50%;text-align: left;vertical-align: middle;height: 33px\"><a href=\"https:\/\/semmelweis.hu\/deutsch\/files\/2023\/12\/Studien-und-Pruefungsordnung_DE_10-11-2023-1.pdf#page=66\" target=\"_blank\" rel=\"noopener\">Informationen zur Diplomarbeit (\u00a746)<\/a><\/td>\n<\/tr>\n<tr style=\"height: 33px\">\n<td style=\"text-align: left;vertical-align: middle;width: 50%;height: 33px\"><a href=\"https:\/\/semmelweis.hu\/deutsch\/files\/2019\/11\/Best\u00e4tigung_Themenwahl_Diplomarbeit.pdf\" target=\"_blank\" rel=\"noopener noreferrer\">Best\u00e4tigung \u00fcber die Themenwahl zur Facharbeit<\/a><\/td>\n<\/tr>\n<tr style=\"height: 33px\">\n<td style=\"width: 50%;text-align: left;vertical-align: middle;height: 33px\"><a href=\"https:\/\/semmelweis.hu\/deutsch\/files\/2020\/01\/Plagiat-Erkl\u00e4rung_Formular.pdf\" target=\"_blank\" rel=\"noopener noreferrer\">Plagiat-Erkl\u00e4rung<\/a><\/td>\n<\/tr>\n<tr style=\"height: 33px\">\n<td style=\"width: 50%;text-align: left;vertical-align: middle;height: 33px\"><a href=\"https:\/\/semmelweis.hu\/deutsch\/files\/2020\/01\/Antrag-auf-Verschiebung-der-Abgabefrist-f\u00fcr-die-Diplomarbeit-1.pdf\" target=\"_blank\" rel=\"noopener noreferrer\">Antrag auf Verschiebung der Abgabefrist f\u00fcr die Diplomarbeit<\/a><\/td>\n<\/tr>\n<tr style=\"height: 33px\">\n<td style=\"width: 50%;text-align: left;vertical-align: middle;height: 33px\">Meldung und Protokoll \u00fcber die Anfertigung und Verteidigung der Diplomarbeit sind vom Neptun-System aus herunterzuladen: Informationen &gt; Allgemeine Formulare &gt; Diplomarbeit Meldung und Protokoll 2021_AONEM_de<\/td>\n<\/tr>\n<\/tbody>\n<\/table>\n<\/div>\n<h5>\u00a0<\/h5>\n<h5>Praktisches Jahr<\/h5>\n<p><a href=\"https:\/\/semmelweis.hu\/deutsch\/files\/2026\/02\/Informationen-zur-Ableistung-des-Praktischen-Jahres-2026_27_2026.02.11.pdf\" target=\"_blank\" rel=\"noopener\">Informationen zur Ableistung des Praktischen Jahres (2026\/2027)<\/a><\/p>\n<p><a href=\"https:\/\/semmelweis.hu\/deutsch\/files\/2026\/03\/Information_Ableistung-PJ-2027_28_2026.03.11_.pdf\" target=\"_blank\" rel=\"noopener\">Informationen zur Ableistung des Praktischen Jahres (2027\/2028)<\/a><\/p>\n<table style=\"width: 100%;height: 181px\">\n<thead>\n<tr style=\"height: 31px\">\n<td style=\"width: 40.1823%;text-align: left;vertical-align: middle;height: 31px\">Formular<\/td>\n<td style=\"width: 17.6648%;text-align: left;vertical-align: middle;height: 31px\">Aktualisiert f\u00fcr<\/td>\n<td style=\"width: 42.1529%;text-align: left;vertical-align: middle;height: 31px\">Information<\/td>\n<\/tr>\n<\/thead>\n<tbody>\n<tr style=\"height: 33px\">\n<td style=\"width: 40.1823%;text-align: left;vertical-align: middle;height: 33px\">\n<p><a href=\"https:\/\/semmelweis.hu\/deutsch\/files\/2026\/02\/2026_27_PJ-Turnusplan_Tabelle_2026.02.11.pdf\" target=\"_blank\" rel=\"noopener noreferrer\">Turnusplan 6. Jahr_2026\/27 (PDF<\/a>)<\/p>\n<\/td>\n<td style=\"width: 17.6648%;text-align: left;vertical-align: middle;height: 33px\">\n<p>2026\/2027<\/p>\n<\/td>\n<td style=\"width: 42.1529%;text-align: left;vertical-align: middle;height: 33px\">\n<p><a href=\"https:\/\/semmelweis.hu\/deutsch\/files\/2025\/08\/2025_26_PJ-Turnuseinteilung_detailliert.pdf\" target=\"_blank\" rel=\"noopener\">PJ Turnuseinteilung (detailliert)<\/a><\/p>\n<\/td>\n<\/tr>\n<tr style=\"height: 53px\">\n<td style=\"width: 40.1823%;text-align: left;vertical-align: middle;height: 53px\">\n<p>Durchzuf\u00fchrende Pflichtthematiken<\/p>\n<\/td>\n<td style=\"width: 17.6648%;text-align: left;vertical-align: middle;height: 53px\">\n<p>g\u00fcltig ab 2022<\/p>\n<\/td>\n<td style=\"width: 42.1529%;text-align: left;vertical-align: middle;height: 53px\">s. Best\u00e4tigungsformulare<\/td>\n<\/tr>\n<tr style=\"height: 31px\">\n<td style=\"width: 40.1823%;text-align: left;vertical-align: middle;height: 31px\"><a href=\"https:\/\/semmelweis.hu\/deutsch\/files\/2024\/05\/Information_Famulaturen_Praktika-im-Ausland_2025.09.25.pdf\" target=\"_blank\" rel=\"noopener noreferrer\">Praktikumsorte im Ausland<\/a><\/td>\n<td style=\"width: 17.6648%;text-align: left;vertical-align: middle;height: 31px\">\u00a0<\/td>\n<td style=\"width: 42.1529%;text-align: left;vertical-align: middle;height: 31px\">g\u00fcltig ab 25. September 2025 (bis auf Weiteres)<\/td>\n<\/tr>\n<tr style=\"height: 33px\">\n<td style=\"width: 40.1823%;text-align: left;vertical-align: middle;height: 33px\"><a href=\"https:\/\/semmelweis.hu\/deutsch\/files\/2022\/05\/Wahlpflichtfach_Liste-Praktikumsorte_2022_23_aktualisiert-am-01.03.2022.pdf\" target=\"_blank\" rel=\"noopener\">Praktikum im Wahlpflichtfach<\/a>: Kliniken, Institute, Lehrst\u00fchle\u00a0<\/td>\n<td style=\"width: 17.6648%;text-align: left;vertical-align: middle;height: 33px\">\u00a0<\/td>\n<td style=\"width: 42.1529%;text-align: left;vertical-align: middle;height: 33px\">g\u00fcltig ab 1. M\u00e4rz 2022 (bis auf Weiteres)<\/td>\n<\/tr>\n<\/tbody>\n<\/table>\n<p><strong>Best\u00e4tigungsformulare (aktualisiert f\u00fcr 2025\/2026):<\/strong><\/p>\n<ul>\n<li id=\"GroupWiseSection_1588865829000_gimpl.edit@semmelweis-univ.hu_D650A502132F0000A0FF000000000000_\" class=\"GroupWiseMessageBody\"><span style=\"font-size: 12pt\"><a href=\"https:\/\/semmelweis.hu\/deutsch\/files\/2023\/09\/PJ_BES4.pdf\" target=\"_blank\" rel=\"noopener noreferrer\">PJ Best\u00e4tigungsformular Innere Medizin<\/a><\/span><\/li>\n<li><span style=\"font-size: 12pt\"><a href=\"https:\/\/semmelweis.hu\/deutsch\/files\/2023\/09\/PJ_BES3.pdf\" target=\"_blank\" rel=\"noopener noreferrer\">PJ Best\u00e4tigungsformular Infektologie (Innere Medizin)<\/a><\/span><\/li>\n<li><span style=\"font-size: 12pt\"><a href=\"https:\/\/semmelweis.hu\/deutsch\/files\/2023\/09\/PJ_BES2.pdf\" target=\"_blank\" rel=\"noopener noreferrer\">PJ Best\u00e4tigungsformular Allgemeinmedizin (Familienmedizin)<\/a><\/span><\/li>\n<li><span style=\"font-size: 12pt\"><a href=\"https:\/\/semmelweis.hu\/deutsch\/files\/2023\/09\/PJAEA21.pdf\" target=\"_blank\" rel=\"noopener noreferrer\">PJ Best\u00e4tigungsformular Chirurgie<\/a><\/span><\/li>\n<li><span style=\"font-size: 12pt\"><a href=\"https:\/\/semmelweis.hu\/deutsch\/files\/2023\/09\/PJ_Bestaetigung_Gefaesschirurgie_2023_24-1.pdf\" target=\"_blank\" rel=\"noopener noreferrer\">PJ Best\u00e4tigungsformular Gef\u00e4\u00dfchirurgie<\/a><\/span><\/li>\n<li><span style=\"font-size: 12pt\"><a href=\"https:\/\/semmelweis.hu\/deutsch\/files\/2023\/09\/PJ_Bestaetigung_Traumatologie_2023_24-1.pdf\" target=\"_blank\" rel=\"noopener noreferrer\">PJ Best\u00e4tigungsformular Traumatologie<\/a><\/span><\/li>\n<li><span style=\"font-size: 12pt\"><a href=\"https:\/\/semmelweis.hu\/deutsch\/files\/2023\/09\/PJ_Bestaetigung_Kinderheilkunde_2023_24-1.pdf\" target=\"_blank\" rel=\"noopener noreferrer\">PJ Best\u00e4tigungsformular Kinderheilkunde<\/a><\/span><\/li>\n<li><span style=\"font-size: 12pt\"><a href=\"https:\/\/semmelweis.hu\/deutsch\/files\/2023\/09\/PJ_Bestaetigung_Geburtshilfe_Frauenheilkunde_2023_24-1.pdf\" target=\"_blank\" rel=\"noopener noreferrer\">PJ Best\u00e4tigungsformular Geburtshilfe und Frauenheilkunde<\/a><\/span><\/li>\n<li><span style=\"font-size: 12pt\"><a href=\"https:\/\/semmelweis.hu\/deutsch\/files\/2023\/09\/PJ_Bestaetigung_Neurologie_2023_24-1.pdf\" target=\"_blank\" rel=\"noopener noreferrer\">PJ Best\u00e4tigungsformular Neurologie<\/a><\/span><\/li>\n<li><span style=\"font-size: 12pt\"><a href=\"https:\/\/semmelweis.hu\/deutsch\/files\/2023\/09\/PJ_Bestaetigung_Psychiatrie_2023_24-1.pdf\" target=\"_blank\" rel=\"noopener noreferrer\">PJ Best\u00e4tigungsformular Psychiatrie<\/a><\/span><\/li>\n<li><span style=\"font-size: 12pt\"><a href=\"https:\/\/semmelweis.hu\/deutsch\/files\/2023\/09\/PJ_Bestaetigung_Rettungsdienst_2023_24-1.pdf\" target=\"_blank\" rel=\"noopener noreferrer\">PJ Best\u00e4tigungsformular Rettungsdienst (Akut- und Notfallmedizin)<\/a><\/span><\/li>\n<li><span style=\"font-size: 12pt\"><a href=\"https:\/\/semmelweis.hu\/deutsch\/files\/2023\/09\/PJ_Bestaetigung_Wahlpflichtfach_2025_26.pdf\" target=\"_blank\" rel=\"noopener noreferrer\">PJ Best\u00e4tigungsformular Wahlpflichtfach<\/a><\/span><\/li>\n<\/ul>\n","protected":false},"excerpt":{"rendered":"<p>Themen zur Forschungs- und Diplomarbeit <a href=\"https:\/\/semmelweis.hu\/deutsch\/files\/2026\/03\/Themen-zur-Forschungs-und-Diplomarbeit-Medizinische-Fakultaet.pdf\" target=\"_blank\" rel=\"noopener noreferrer\">Themen zur Forschungs- und Diplomarbeit (Medizinische Fakult\u00e4t)<\/a> <a href=\"https:\/\/semmelweis.hu\/deutsch\/files\/2026\/03\/Themen-zur-Forschungs-und-Diplomarbeit-Fakultaet-fuer-Zahnheilkunde.pdf\" target=\"_blank\" rel=\"noopener noreferrer\">Themen zur Forschungs- und Diplomarbeit (Fakult\u00e4t f\u00fcr Zahnheilkunde)<\/a> &nbsp; Diplomarbeit <a href=\"https:\/\/semmelweis.hu\/deutsch\/files\/2023\/12\/Studien-und-Pruefungsordnung_DE_10-11-2023-1.pdf#page=66\" target=\"_blank\" rel=\"noopener\">Informationen zur Diplomarbeit (\u00a746)<\/a> <a href=\"https:\/\/semmelweis.hu\/deutsch\/files\/2019\/11\/Best\u00e4tigung_Themenwahl_Diplomarbeit.pdf\" target=\"_blank\" rel=\"noopener noreferrer\">Best\u00e4tigung \u00fcber die Themenwahl zur Facharbeit<\/a> <a href=\"https:\/\/semmelweis.hu\/deutsch\/files\/2020\/01\/Plagiat-Erkl\u00e4rung_Formular.pdf\" target=\"_blank\" rel=\"noopener noreferrer\">Plagiat-Erkl\u00e4rung<\/a> <a href=\"https:\/\/semmelweis.hu\/deutsch\/files\/2020\/01\/Antrag-auf-Verschiebung-der-Abgabefrist-f\u00fcr-die-Diplomarbeit-1.pdf\" target=\"_blank\" rel=\"noopener noreferrer\">Antrag auf Verschiebung der Abgabefrist f\u00fcr die Diplomarbeit<\/a> Meldung und Protokoll \u00fcber die Anfertigung und Verteidigung der Diplomarbeit sind vom Neptun-System aus herunterzuladen: Informationen &gt; Allgemeine Formulare &gt; Diplomarbeit Meldung und Protokoll 2021_AONEM_de \u00a0 Praktisches Jahr <a href=\"https:\/\/semmelweis.hu\/deutsch\/files\/2026\/02\/Informationen-zur-Ableistung-des-Praktischen-Jahres-2026_27_2026.02.11.pdf\" target=\"_blank\" rel=\"noopener\">Informationen zur Ableistung des Praktischen Jahres (2026\/2027)<\/a> <a href=\"https:\/\/semmelweis.hu\/deutsch\/files\/2026\/03\/Information_Ableistung-PJ-2027_28_2026.03.11_.pdf\" target=\"_blank\" rel=\"noopener\">Informationen zur Ableistung des Praktischen Jahres (2027\/2028)<\/a> Formular Aktualisiert f\u00fcr Information <a href=\"https:\/\/semmelweis.hu\/deutsch\/files\/2026\/02\/2026_27_PJ-Turnusplan_Tabelle_2026.02.11.pdf\" target=\"_blank\" rel=\"noopener noreferrer\">Turnusplan 6. Jahr_2026\/27 (PDF<\/a> ) 2026\/2027 <a href=\"https:\/\/semmelweis.hu\/deutsch\/files\/2025\/08\/2025_26_PJ-Turnuseinteilung_detailliert.pdf\" target=\"_blank\" rel=\"noopener\">PJ Turnuseinteilung (detailliert)<\/a> Durchzuf\u00fchrende Pflichtthematiken g\u00fcltig ab 2022 s. Best\u00e4tigungsformulare <a href=\"https:\/\/semmelweis.hu\/deutsch\/files\/2024\/05\/Information_Famulaturen_Praktika-im-Ausland_2025.09.25.pdf\" target=\"_blank\" rel=\"noopener noreferrer\">Praktikumsorte im Ausland<\/a> \u00a0 g\u00fcltig ab 25. September 2025 (bis &hellip;<\/p>\n","protected":false},"author":12,"featured_media":0,"parent":2386,"menu_order":8,"comment_status":"closed","ping_status":"closed","template":"","meta":{"_acf_changed":false,"footnotes":""},"categories":[],"tags":[],"class_list":["post-2365","page","type-page","status-publish","hentry"],"acf":[],"_links":{"self":[{"href":"https:\/\/semmelweis.hu\/deutsch\/wp-json\/wp\/v2\/pages\/2365","targetHints":{"allow":["GET"]}}],"collection":[{"href":"https:\/\/semmelweis.hu\/deutsch\/wp-json\/wp\/v2\/pages"}],"about":[{"href":"https:\/\/semmelweis.hu\/deutsch\/wp-json\/wp\/v2\/types\/page"}],"author":[{"embeddable":true,"href":"https:\/\/semmelweis.hu\/deutsch\/wp-json\/wp\/v2\/users\/12"}],"replies":[{"embeddable":true,"href":"https:\/\/semmelweis.hu\/deutsch\/wp-json\/wp\/v2\/comments?post=2365"}],"version-history":[{"count":12,"href":"https:\/\/semmelweis.hu\/deutsch\/wp-json\/wp\/v2\/pages\/2365\/revisions"}],"predecessor-version":[{"id":40046,"href":"https:\/\/semmelweis.hu\/deutsch\/wp-json\/wp\/v2\/pages\/2365\/revisions\/40046"}],"up":[{"embeddable":true,"href":"https:\/\/semmelweis.hu\/deutsch\/wp-json\/wp\/v2\/pages\/2386"}],"wp:attachment":[{"href":"https:\/\/semmelweis.hu\/deutsch\/wp-json\/wp\/v2\/media?parent=2365"}],"wp:term":[{"taxonomy":"category","embeddable":true,"href":"https:\/\/semmelweis.hu\/deutsch\/wp-json\/wp\/v2\/categories?post=2365"},{"taxonomy":"post_tag","embeddable":true,"href":"https:\/\/semmelweis.hu\/deutsch\/wp-json\/wp\/v2\/tags?post=2365"}],"curies":[{"name":"wp","href":"https:\/\/api.w.org\/{rel}","templated":true}]}}