{"id":2122,"date":"2023-02-01T10:41:43","date_gmt":"2023-02-01T09:41:43","guid":{"rendered":"http:\/\/test.semmelweis.hu\/medizinstudium\/?page_id=2122"},"modified":"2024-08-09T12:30:56","modified_gmt":"2024-08-09T10:30:56","slug":"studentenausweis","status":"publish","type":"page","link":"https:\/\/semmelweis.hu\/deutsch\/studentenleben\/studentenausweis\/","title":{"rendered":"Studentenausweis"},"content":{"rendered":"<h3>Aufenthaltsbest\u00e4tigung \/ Registrationsbest\u00e4tigung<\/h3>\n<p>Alle ausl\u00e4ndischen Studenten \u2013 auch EU-B\u00fcrger \u2013 haben sp\u00e4testens 93 Tage nach der Einreise nach Ungarn eine Aufenthaltsbest\u00e4tigung (Registrationsbest\u00e4tigung) in der Landeshauptdirektion der Ausl\u00e4nderbeh\u00f6rde zu beantragen.<\/p>\n<div class=\"keretes w-100\">\n<p><span style=\"color: #ff6600\"><strong>NEU:<\/strong><\/span> <span style=\"color: #ff6600\">Online Beantragung<\/span> durch die elektronische Plattform <a href=\"https:\/\/enterhungary.gov.hu\/eh\/?en\"><strong style=\"font-size: 1rem\">Enter Hungary <\/strong><\/a><span style=\"font-size: 1rem\">der Ausl\u00e4nderbeh\u00f6rde<\/span><span style=\"font-size: 1rem\">\u00a0(<\/span><a href=\"https:\/\/enterhungary.gov.hu\/eh\/tajekoztato\/en\/DUMA\">Informationen<\/a><span style=\"font-size: 1rem\">; erforderliche <\/span><a href=\"https:\/\/enterhungary.gov.hu\/eh\/tajekoztato\/en\/okmanyegtregigtanulo\">Dokumente<\/a><span style=\"font-size: 1rem\">; <a href=\"https:\/\/enterhungary.gov.hu\/eh\/assets\/en-enter-hungary.pdf\">Benutzerhandbuch (EN).<\/a> Bitte darauf achten, dass die von Ihnen online eingegebenen <a href=\"https:\/\/semmelweis.hu\/deutsch\/files\/2023\/09\/EnterHungary-Form.png\">Daten<\/a> mit den personenbezogenen Daten in Ihren Ausweisdokumenten und im Neptun-System \u00fcbereinstimmen.\u00a0<\/span><\/p>\n<\/div>\n<hr \/>\n<p>Zum Zeitpunkt der Beantragung der Registrationsbest\u00e4tigung muss man \u00fcber eine Miet- oder Eigentumswohnung in Ungarn verf\u00fcgen.\u00a0<\/p>\n<h6>Erforderliche Unterlagen f\u00fcr die Beantragung der Registrationsbest\u00e4tigung:<\/h6>\n<ul>\n<li>G\u00fcltiges Reisedokument (Reisepass oder Personalausweis) des\/der Antragsstellers\/Antragstellerin<\/li>\n<li>Geb\u00fchr der Registration: 1000.- HUF, zu zahlen vor Ort mit Bankkarte<\/li>\n<li>Ausgef\u00fclltes Formular (Datenblatt zur Ausstellung der Registrationsbest\u00e4tigung und zur Wohnsitzanmeldung)<\/li>\n<li>Best\u00e4tigungsdokument \u00fcber Ihr Wohnen in Ungarn (Wohnungsmietvertrag oder Wohnungsbenutzungsvertrag, versehen mit den pers\u00f6nlichen Daten beider Parteien, mit genauer Adresse der Wohnung, mit Datum und Unterschriften und von zwei Zeugen unterzeichnet).<\/li>\n<li>Best\u00e4tigung \u00fcber die Finanzierung Ihres Lebens in Ungarn: entweder Kontoauszug Ihres Bankkontos oder Erkl\u00e4rung dar\u00fcber, dass Sie \u00fcber ausreichende finanzielle Mittel verf\u00fcgen.<\/li>\n<li>Krankenversicherung (Krankenversicherungskarte oder mit einer Privatkrankenversicherung abgeschlossener Vertrag \u00fcber eine, f\u00fcr Ungarn g\u00fcltige Krankenversicherung oder in Ungarn abgeschlossene Krankenversicherung.)<\/li>\n<li>Ihr deutschsprachiges Zulassungsschreiben (Sie haben dieses per E-Mail erhalten) oder Best\u00e4tigung \u00fcber Ihr Studentenrechtsverh\u00e4ltnis (mit Angabe der voraussichtlichen Beendigung Ihres Studiums) \u2013 Diese Best\u00e4tigung in ungarischer Sprache wird Ihnen im Studentensekretariat ab der ersten Unterrichtswoche ausgeh\u00e4ndigt.<\/li>\n<\/ul>\n<hr \/>\n<h3>\nBeantragung des Studentenausweises<\/h3>\n<p>Folgende Informationen sind g\u00fcltig f\u00fcr: <br \/>\n\u2013 Erstbeantragung eines Studentenausweises<br \/>\n\u2013 Beantragung eines neuen Studentenausweises bei Besch\u00e4digung oder verlorenem Dokument<br \/>\n\u2013 Beantragung eines neuen Studentenausweises bei Wechsel an eine andere Hochschuleinrichtung<br \/>\n(z. B. Universit\u00e4t Szeged \u2192 Semmelweis Universit\u00e4t)<\/p>\n<h6>\nSCHRITT 1:<\/h6>\n<p><strong>Beantragung der Registrationsbest\u00e4tigung<\/strong> in der Landeshauptdirektion der Ausl\u00e4nderbeh\u00f6rde (Orsz\u00e1gos Idegenrend\u00e9szeti F\u0151igazgat\u00f3s\u00e1g) \u2013 siehe oben<\/p>\n<p>In der Ladeshauptdirektion der Ausl\u00e4nderbeh\u00f6rde (Orsz\u00e1gos Idegenrend\u00e9szeti F\u0151igazgat\u00f3s\u00e1g) erhalten Sie direkt nach der Beantragung der Aufenthaltsbest\u00e4tigung (Registrationsbest\u00e4tigung) vor Ort Ihre Registrationskarte. <br \/>\nDie <strong>Wohnadressenkarte<\/strong> (lakc\u00edmk\u00e1rtya) wird an den Antragsteller\/an die Antragstellerin per Post \u00fcbermittelt.<br \/>\nSobald Sie die Wohnadressenkarte erhalten haben, unternehmen Sie bitte Schritt 2.<\/p>\n<h6>\nSCHRITT 2:<\/h6>\n<p><strong>Einleitung des Verfahrens f\u00fcr die Beantragung des Studentenausweises <\/strong><br \/>\nin einem der Dokumentenb\u00fcros (Okm\u00e1nyiroda) oder Regierungsfenster (Korm\u00e1nyablak).<\/p>\n<p>Erforderliche Unterlagen f\u00fcr die Sachbearbeitung:<br \/>\n\u2022 G\u00fcltiges Dokument zur Personenidentifizierung (Reisepass, Personalausweis oder F\u00fchrerschein) <br \/>\n\u2022 In Ungarn ausgestellte Wohnadressenkarte (lakc\u00edmk\u00e1rtya)<\/p>\n<p>(Bei \u00c4nderung in Ihren pers\u00f6nlichen Daten oder Ihrer Wohnadresse, ist der Antrag im Sp\u00e4teren erneut zu stellen.)<br \/>\nIm Dokumentenb\u00fcro wird nach Vorlage obiger Dokumente f\u00fcr die Ausstellung des Studentenausweises Ihre elektronische Unterschrift gespeichert und ein Passfoto erstellt (kostenlos). <br \/>\nSie erhalten im Dokumentenb\u00fcro das <strong>NEK-Datenblatt<\/strong> (Nemzeti Egys\u00e9ges K\u00e1rtyarendszer &#8211; Adatlap, kurz NEK) mit Ihren Daten, Ihrem Foto und Ihrer Originalunterschrift. Auf dem Datenblatt ist der sog. NEK Identifizierungscode, bestehend aus 16 Zeichen, angef\u00fchrt. <br \/>\nDer NEK Identifizierungscode ist im Sp\u00e4teren bei der Beantragung des Studentenausweises erforderlich. Bewahren Sie bitte das NEK Datenblatt gut auf.<br \/>\nDie Einleitung des Verfahrens f\u00fcr die Beantragung des Studentenausweises kann in jedem Dokumentenb\u00fcro (Okm\u00e1nyiroda) oder Regierungsfenster (Korm\u00e1nyablak) in Budapest erledigt werden.<\/p>\n<p>Einige der Dokumentenb\u00fcros:<\/p>\n<p>1051 Budapest V. Bezirk, Erzs\u00e9bet t\u00e9r 3; <br \/>\n1062 Budapest VI. Bezirk, Andr\u00e1ssy \u00fat 55.<br \/>\n1082 Budapest VIII. Bezirk, Baross u. 59.; <br \/>\n1092 Budapest IX. Bezirk, Bak\u00e1ts t\u00e9r 14.<br \/>\nWeitere <a href=\"https:\/\/kormanyhivatalok.hu\/kormanyablakok\" target=\"_blank\" rel=\"noopener noreferrer\">Dokumentenb\u00fcros<\/a><\/p>\n<p>&nbsp;<\/p>\n<h6>SCHRITT 3:<\/h6>\n<p><strong>Beantragung des Studentenausweises im Neptun System<\/strong><br \/>\nDie Beantragung erfolgt im Neptunsystem im Men\u00fcpunkt Gesch\u00e4ftsabwicklung\/Gesuch f\u00fcr den Studentenausweis. <br \/>\nNach Anklicken von Neuaufnahme muss der NEK Identifizierungscode im Feld \u201eNEK azonos\u00edt\u00f3\u201c angegeben werden. (Der NEK Identifizierungscode ist ohne Bindestrich einzugeben.)<br \/>\nAuswahl des Anforderungstyps aus der Liste: Erster Antrag, Wegen Daten\u00e4nderung, Ausweis verloren, Neuer Antrag wegen fehlerhafter Daten.<\/p>\n<h6>\nSCHRITT 4:<\/h6>\n<p>Der letzte Schritt f\u00fcr Sie ist, den NEK Datenblatt <strong>im Deutschsprachigen Studentensekretariat abzugeben.<\/strong> Sie k\u00f6nnen dort einen <strong>vorl\u00e4ufigen Studentenausweis<\/strong> beantragen (G\u00fcltigkeit: 60 Tage).<br \/>\nVom Deutschsprachigen Studentensekretariat wird Ihr Antrag auf Erstellung eines Studentenausweises an das Unterrichtsamt (Oktat\u00e1si Hivatal) weitergeleitet. <br \/>\nDen <strong>Studentenausweis<\/strong> erhalten Sie im Deutschsprachigen Studentensekretariat. Sobald Ihr Studentenausweis abholbereit vorliegt, werden Sie per E-Mail benachrichtigt.<\/p>\n","protected":false},"excerpt":{"rendered":"<p>Aufenthaltsbest\u00e4tigung \/ Registrationsbest\u00e4tigung Alle ausl\u00e4ndischen Studenten \u2013 auch EU-B\u00fcrger \u2013 haben sp\u00e4testens 93 Tage nach der Einreise nach Ungarn eine Aufenthaltsbest\u00e4tigung (Registrationsbest\u00e4tigung) in der Landeshauptdirektion der Ausl\u00e4nderbeh\u00f6rde zu beantragen. NEU: Online Beantragung durch die elektronische Plattform <a href=\"https:\/\/enterhungary.gov.hu\/eh\/?en\">Enter Hungary <\/a> der Ausl\u00e4nderbeh\u00f6rde\u00a0( <a href=\"https:\/\/enterhungary.gov.hu\/eh\/tajekoztato\/en\/DUMA\">Informationen<\/a> ; erforderliche <a href=\"https:\/\/enterhungary.gov.hu\/eh\/tajekoztato\/en\/okmanyegtregigtanulo\">Dokumente<\/a> ; <a href=\"https:\/\/enterhungary.gov.hu\/eh\/assets\/en-enter-hungary.pdf\">Benutzerhandbuch (EN).<\/a> Bitte darauf achten, dass die von Ihnen online eingegebenen <a href=\"https:\/\/semmelweis.hu\/deutsch\/files\/2023\/09\/EnterHungary-Form.png\">Daten<\/a> mit den personenbezogenen Daten in &hellip;<\/p>\n","protected":false},"author":101614,"featured_media":35069,"parent":2119,"menu_order":2,"comment_status":"closed","ping_status":"closed","template":"","meta":{"_acf_changed":false,"footnotes":""},"categories":[96,99],"tags":[],"class_list":["post-2122","page","type-page","status-publish","has-post-thumbnail","hentry","category-nach-der-zulassung","category-studentenleben"],"acf":[],"_links":{"self":[{"href":"https:\/\/semmelweis.hu\/deutsch\/wp-json\/wp\/v2\/pages\/2122","targetHints":{"allow":["GET"]}}],"collection":[{"href":"https:\/\/semmelweis.hu\/deutsch\/wp-json\/wp\/v2\/pages"}],"about":[{"href":"https:\/\/semmelweis.hu\/deutsch\/wp-json\/wp\/v2\/types\/page"}],"author":[{"embeddable":true,"href":"https:\/\/semmelweis.hu\/deutsch\/wp-json\/wp\/v2\/users\/101614"}],"replies":[{"embeddable":true,"href":"https:\/\/semmelweis.hu\/deutsch\/wp-json\/wp\/v2\/comments?post=2122"}],"version-history":[{"count":10,"href":"https:\/\/semmelweis.hu\/deutsch\/wp-json\/wp\/v2\/pages\/2122\/revisions"}],"predecessor-version":[{"id":37252,"href":"https:\/\/semmelweis.hu\/deutsch\/wp-json\/wp\/v2\/pages\/2122\/revisions\/37252"}],"up":[{"embeddable":true,"href":"https:\/\/semmelweis.hu\/deutsch\/wp-json\/wp\/v2\/pages\/2119"}],"wp:featuredmedia":[{"embeddable":true,"href":"https:\/\/semmelweis.hu\/deutsch\/wp-json\/wp\/v2\/media\/35069"}],"wp:attachment":[{"href":"https:\/\/semmelweis.hu\/deutsch\/wp-json\/wp\/v2\/media?parent=2122"}],"wp:term":[{"taxonomy":"category","embeddable":true,"href":"https:\/\/semmelweis.hu\/deutsch\/wp-json\/wp\/v2\/categories?post=2122"},{"taxonomy":"post_tag","embeddable":true,"href":"https:\/\/semmelweis.hu\/deutsch\/wp-json\/wp\/v2\/tags?post=2122"}],"curies":[{"name":"wp","href":"https:\/\/api.w.org\/{rel}","templated":true}]}}