{"id":1784,"date":"2019-08-23T15:25:36","date_gmt":"2019-08-23T13:25:36","guid":{"rendered":"http:\/\/wp2.localhost\/z01\/neues-curriculum-ab-2019-20\/"},"modified":"2026-02-04T15:43:58","modified_gmt":"2026-02-04T14:43:58","slug":"curriculum","status":"publish","type":"page","link":"https:\/\/semmelweis.hu\/deutsch\/studium\/curriculum\/","title":{"rendered":"Curriculum"},"content":{"rendered":"<p><img loading=\"lazy\" decoding=\"async\" class=\"aligncenter size-full wp-image-33627\" src=\"https:\/\/semmelweis.hu\/deutsch\/files\/2023\/02\/166174_transform.jpg\" alt=\"\" width=\"1280\" height=\"420\" srcset=\"https:\/\/semmelweis.hu\/deutsch\/files\/2023\/02\/166174_transform.jpg 1280w, https:\/\/semmelweis.hu\/deutsch\/files\/2023\/02\/166174_transform-400x131.jpg 400w, https:\/\/semmelweis.hu\/deutsch\/files\/2023\/02\/166174_transform-1024x336.jpg 1024w, https:\/\/semmelweis.hu\/deutsch\/files\/2023\/02\/166174_transform-768x252.jpg 768w, https:\/\/semmelweis.hu\/deutsch\/files\/2023\/02\/166174_transform-753x247.jpg 753w\" sizes=\"auto, (max-width: 1280px) 100vw, 1280px\" \/><\/p>\n<div class=\"responsive-tabs\">\n<h2 class=\"tabtitle\">Humanmedizin<\/h2>\n<div class=\"tabcontent\">\n\n<h2>Studienabl\u00e4ufe: Humanmedizin<\/h2>\n<p><span style=\"font-family: Montserrat\">[Studienablauf = Musterstudienplan = Curriculum]<\/span><\/p>\n<div class=\"keretes w-100\">\n<p><strong><a href=\"https:\/\/semmelweis.hu\/jogigfoig\/files\/2025\/09\/70_2025_Melleklet_mintatanterv_nemet.pdf\" target=\"_blank\" rel=\"noopener\">\u21d2 Musterstudienplan mit Kreditpunkten und Pr\u00fcfungsformen (pdf)<\/a>\u00a0<\/strong><\/p>\n<p><a href=\"https:\/\/semmelweis.hu\/deutsch\/files\/2025\/09\/AOK-Humanmedizin_Curriculum_2025-2026-Senat_70_2025IX_01.xlsx\" target=\"_blank\" rel=\"noopener\"><strong>\u21d2 Musterstudienplan mit Kreditpunkten und Pr\u00fcfungsformen (xls)\u00a0<\/strong><\/a><\/p>\n<\/div>\n<h3>Studienpl\u00e4ne f\u00fcr die einzelnen Studienjahre &#8211; Budapest<\/h3>\n<p style=\"padding-left: 40px\">\u00a0<a href=\"https:\/\/semmelweis.hu\/deutsch\/files\/2025\/09\/Studienfuhrer_2025_netre-OK.pdf#page=42\" target=\"_blank\" rel=\"noopener\"> I. Studienjahr (Studiumbeginn: 2025)<\/a> \u2013 1.&amp; 2. Fachsemester S. 42<br \/>\n\u00a0<a href=\"https:\/\/semmelweis.hu\/deutsch\/files\/2025\/09\/Studienfuhrer_2025_netre-OK.pdf#page=53\" target=\"_blank\" rel=\"noopener\">II. Studienjahr (Studiumbeginn: 2024)<\/a> \u2013 3.&amp; 4. Fachsem. S. 53<br \/>\n<a href=\"https:\/\/semmelweis.hu\/deutsch\/files\/2025\/09\/Studienfuhrer_2025_netre-OK.pdf#page=63\" target=\"_blank\" rel=\"noopener\">III. Studienjahr (Studiumbeginn: 2023)<\/a> \u2013 5.&amp; 6. Fachsem. S. 63<br \/>\n<a href=\"https:\/\/semmelweis.hu\/deutsch\/files\/2025\/09\/Studienfuhrer_2025_netre-OK.pdf#page=73\" target=\"_blank\" rel=\"noopener\">IV. Studienjahr (Studiumbeginn: 2022)<\/a> \u2013 7.&amp; 8. Fachsem. S. 73 <br \/>\n\u00a0<a href=\"https:\/\/semmelweis.hu\/deutsch\/files\/2025\/09\/Studienfuhrer_2025_netre-OK.pdf#page=73\" target=\"_blank\" rel=\"noopener\">V. Studienjahr (Studiumbeginn: 2021)<\/a> \u2013 9.&amp;10. Fachsem. S. 73\u00a0<br \/>\n<a href=\"https:\/\/semmelweis.hu\/deutsch\/files\/2025\/09\/Studienfuhrer_2025_netre-OK.pdf#page=85\" target=\"_blank\" rel=\"noopener\">VI. Studienjahr (Studiumbeginn: 2020)<\/a> \u2013 11.&amp;12. Fachsem. S. 85<\/p>\n<h3 style=\"padding-left: 40px\"><a href=\"https:\/\/semmelweis.hu\/deutsch\/studium\/stundenplan\/\">Stundenplan \u2192<\/a><\/h3>\n<h3>Studienpl\u00e4ne &#8211; Asklepios Campus Hamburg<\/h3>\n<h5 style=\"padding-left: 40px\"><span style=\"font-family: 'pt serif'\">Studienjahr der\/des Studierenden (g\u00fcltig f\u00fcr 2025\/2026)<\/span><\/h5>\n<p style=\"padding-left: 40px\"><span style=\"font-family: 'pt serif'\"><a href=\"https:\/\/semmelweis.hu\/deutsch\/files\/2025\/09\/Studienfuhrer_2025_netre-OK.pdf#page=194\" target=\"_blank\" rel=\"noopener\">III-VI. Studienjahr (Studiumbeginn: 2025)<\/a> &#8211; ab Seite 194<\/span><\/p>\n<h3>Studienpl\u00e4ne &#8211; Westpfalz-Klinikum Kaiserslautern<\/h3>\n<p style=\"padding-left: 40px\">Ab dem akademischen Jahr 2025\/2026 starteten die Semmelweis Universit\u00e4t und das deutsche <strong>Westpfalz-Klinikum<\/strong>\u00a0ein gemeinsames medizinisches Studienprogramm, die in Budapest und Kaiserslautern durchgef\u00fchrt wird. Unterrichtet wird nach der deutschen Fachliteratur.\u00a0Das Programm besteht aus\u00a0<strong>zwei Phasen<\/strong>: die ersten drei Jahre umfassen\u00a0<strong>das theoretische Studium und ein vorklinischen Modul \u00a0an der Semmelweis Universit\u00e4t<\/strong> in Budapest, w\u00e4hrend die zweiten drei Jahre <strong>die klinische Ausbildung im Westpfalz-Klinikum<\/strong> in der Region Rheinland-Pfalz beinhalten.\u00a0<\/p>\n<p style=\"padding-left: 40px\"><strong>Das theoretische Modul\u00a0<\/strong>(1.-2. Studienjahr) umfasst die grundlegenden Disziplinen: medizinische Chemie, Biologie f\u00fcr Mediziner, Biophysik, Molekular- und Zellbiologie, Anatomie, Histologie, Embryologie, Physiologie, sowie Mikrobiologie und Immunologie. Studienf\u00e4cher\u00a0<strong>im vorklinischen Modul<\/strong>\u00a0(3. Studienjahr) sind unter anderem Pathologie, Pathophysiologie, Pharmakologie, Medizinische Prop\u00e4deutik und klinische Diagnostik.<\/p>\n<p style=\"padding-left: 40px\">Letzteres startet f\u00fcr die ersten betroffenen Studierenden im Studienjahr 2028\/2029, die entsprechenden <strong>Studienpl\u00e4ne werden daher erst sp\u00e4ter ver\u00f6ffentlicht<\/strong>.\u00a0<\/p>\n<div class=\"col-12 px-0\">\n<div class=\"keretes w-100\">\n<h2 style=\"text-align: left\">St\u00e4ndige Erneuerung des Studienplans<\/h2>\n<p style=\"text-align: left\">Seit seiner Einf\u00fchrung wurde das neugestaltete Curriculum der Medizinerausbildung von der Zielsetzung gepr\u00e4gt, dass die Absolventen unserer Universit\u00e4t zu selbst\u00e4ndigen, f\u00fcr kritisches Denken f\u00e4higen und zugleich \u00fcber praktische F\u00e4higkeiten verf\u00fcgenden, f\u00fcr F\u00e4llen \u00e4rztlicher Entscheidungen geeigneten Personen werden. Das Curriculum kennzeichnet sich durch anspruchsvollen naturwissenschaftlichen Inhalt und qualitative Praxis. Die Struktur der Medizinerausbildung wurde in einer logischen und klaren Hierarchie der Studienf\u00e4cher sowie der Inhalt frei von \u00fcberfl\u00fcssigen Redundanzien erstellt. In der klinischen Ausbildung erscheint die Struktur sauberer praktischer Bl\u00f6cke und es wurden Mechanismen eingef\u00fchrt, die die Effizienz der Assistenzzeit der angehenden \u00c4rzte und \u00c4rztinnen erh\u00f6hen. Um den sich dynamisch ver\u00e4ndernden Herausforderungen im Gesundheitswesen gerecht zu werden und die Absolventen der Semmelweis Universit\u00e4t mit modernstem Wissen in den Arbeitsmarkt entlassen zu k\u00f6nnen, wird der Studienplan kontinuierlich \u00fcberwacht und bei Bedarf aktualisiert.\u00a0<\/p>\n<\/div>\n<\/div>\n<p>&nbsp;<\/p>\n\n<\/div><h2 class=\"tabtitle\">Zahnmedizin<\/h2>\n<div class=\"tabcontent\">\n\n<h3>Studienabl\u00e4ufe: Zahnmedizin &#8211; Budapest<\/h3>\n<p>[Studienablauf = Musterstudienplan = Curriculum]<\/p>\n<h5>Akademisches Studienjahr 2025\/2026<\/h5>\n<table style=\"width: 100%;border-collapse: collapse\">\n<thead>\n<tr>\n<td style=\"vertical-align: middle\">G\u00fcltig f\u00fcr Studierende mit Studiumbeginn<\/td>\n<td style=\"vertical-align: middle\">Studienjahr der\/des Studierende<\/td>\n<\/tr>\n<\/thead>\n<tbody>\n<tr>\n<td style=\"vertical-align: middle\">2025\/2026, 2024\/2025, 2023\/2024, 2022\/2023<\/td>\n<td style=\"vertical-align: middle\"><a href=\"https:\/\/semmelweis.hu\/deutsch\/files\/2025\/07\/FOK_Kurrikulum_2.0_2025-26_I_II_III_IV.-evfolyam_nemet.xlsx\" target=\"_blank\" rel=\"noopener\">I., II., III. IV. Studienjahr<\/a><\/td>\n<\/tr>\n<tr>\n<td style=\"vertical-align: middle\">2021\/2022, 2020\/2021<\/td>\n<td style=\"vertical-align: middle\"><a href=\"https:\/\/semmelweis.hu\/deutsch\/files\/2025\/07\/FOK_Kurrikulum_2.0_2025-26_V.-evfolyam_nemet.xlsx\" target=\"_blank\" rel=\"noopener\">V. Studienjahr<\/a><\/td>\n<\/tr>\n<\/tbody>\n<\/table>\n<h5>Akademisches Studienjahr 2024\/2025<\/h5>\n<table style=\"width: 100%;border-collapse: collapse\">\n<thead>\n<tr>\n<td style=\"vertical-align: middle\">G\u00fcltig f\u00fcr Studierende mit Studiumbeginn<\/td>\n<td style=\"vertical-align: middle\">Studienjahr der\/des Studierende<\/td>\n<\/tr>\n<\/thead>\n<tbody>\n<tr>\n<td style=\"vertical-align: middle\">2024\/2025, 2023\/2024, 2022\/2023<\/td>\n<td style=\"vertical-align: middle\"><a href=\"https:\/\/semmelweis.hu\/deutsch\/files\/2024\/07\/Curriculum_Zahnmedizin_2024-25_Jahrgaenge-I_II_III.xlsx\" target=\"_blank\" rel=\"noopener\">I., II., III. Studienjahr<\/a><\/td>\n<\/tr>\n<tr>\n<td style=\"vertical-align: middle\">2021\/2022, 2020\/2021<\/td>\n<td style=\"vertical-align: middle\"><a href=\"https:\/\/semmelweis.hu\/deutsch\/files\/2024\/07\/Curriculum_Zahnmedizin_2024-25_Jahrgaenge_IV-V.xlsx\" target=\"_blank\" rel=\"noopener\">IV-V. Studienjahr<\/a><\/td>\n<\/tr>\n<\/tbody>\n<\/table>\n<h5>Akademisches Studienjahr 2023\/2024<\/h5>\n<table style=\"width: 100%;border-collapse: collapse\">\n<thead>\n<tr>\n<td style=\"vertical-align: middle\">G\u00fcltig f\u00fcr Studierende mit Studiumbeginn<\/td>\n<td style=\"vertical-align: middle\">Studienjahr der\/des Studierende<\/td>\n<\/tr>\n<\/thead>\n<tbody>\n<tr>\n<td style=\"vertical-align: middle\">2023\/2024, 2022\/2023<\/td>\n<td style=\"vertical-align: middle\"><a href=\"https:\/\/semmelweis.hu\/deutsch\/files\/2023\/12\/Curriculum_Zahnmedizin_2023_24_1-Jahrgang.xlsx\" target=\"_blank\" rel=\"noopener\">I., II. Studienjahr<\/a><\/td>\n<\/tr>\n<tr>\n<td style=\"vertical-align: middle\">2021\/2022<\/td>\n<td style=\"vertical-align: middle\"><a href=\"https:\/\/semmelweis.hu\/deutsch\/files\/2023\/12\/Curriculum_Zahnmedizin_2023_24_3-Jahrgang.xlsx\" target=\"_blank\" rel=\"noopener\">III. Studienjahr<\/a><\/td>\n<\/tr>\n<tr>\n<td style=\"vertical-align: middle\">2020\/2021<\/td>\n<td style=\"vertical-align: middle\"><a href=\"https:\/\/semmelweis.hu\/deutsch\/files\/2023\/12\/Curriculum_Zahnmedizin_2023_24_4-Jahrgang.xlsx\" target=\"_blank\" rel=\"noopener\">IV. Studienjahr<\/a><\/td>\n<\/tr>\n<tr>\n<td style=\"vertical-align: middle\">2019\/2020<\/td>\n<td style=\"vertical-align: middle\"><a href=\"https:\/\/semmelweis.hu\/deutsch\/files\/2023\/12\/Curriculum_Zahnmedizin_2023_24_5-Jahrgang.xlsx\" target=\"_blank\" rel=\"noopener\">V. Studienjahr<\/a><\/td>\n<\/tr>\n<\/tbody>\n<\/table>\n<div class=\"col-12 px-0\">\u00a0<\/div>\n<p>&nbsp;<\/p>\n\n<\/div><h2 class=\"tabtitle\">Pharmazie<\/h2>\n<div class=\"tabcontent\">\n\n<h3>Musterstudienplan: Pharmazie &#8211; Budapest<\/h3>\n<p><a href=\"https:\/\/semmelweis.hu\/pharmazie\/studium\/studienplan\/\" target=\"_blank\" rel=\"noopener noreferrer\">Musterstudienplan \u2192<\/a><\/p>\n<\/div><\/div>\n","protected":false},"excerpt":{"rendered":"<p>Studienabl\u00e4ufe: Humanmedizin [Studienablauf = Musterstudienplan = Curriculum] <a href=\"https:\/\/semmelweis.hu\/jogigfoig\/files\/2025\/09\/70_2025_Melleklet_mintatanterv_nemet.pdf\" target=\"_blank\" rel=\"noopener\">\u21d2 Musterstudienplan mit Kreditpunkten und Pr\u00fcfungsformen (pdf)<\/a> \u00a0 <a href=\"https:\/\/semmelweis.hu\/deutsch\/files\/2025\/09\/AOK-Humanmedizin_Curriculum_2025-2026-Senat_70_2025IX_01.xlsx\" target=\"_blank\" rel=\"noopener\">\u21d2 Musterstudienplan mit Kreditpunkten und Pr\u00fcfungsformen (xls)\u00a0<\/a> Studienpl\u00e4ne f\u00fcr die einzelnen Studienjahre &#8211; Budapest \u00a0 <a href=\"https:\/\/semmelweis.hu\/deutsch\/files\/2025\/09\/Studienfuhrer_2025_netre-OK.pdf#page=42\" target=\"_blank\" rel=\"noopener\"> I. Studienjahr (Studiumbeginn: 2025)<\/a> \u2013 1.&amp; 2. Fachsemester S. 42 \u00a0 <a href=\"https:\/\/semmelweis.hu\/deutsch\/files\/2025\/09\/Studienfuhrer_2025_netre-OK.pdf#page=53\" target=\"_blank\" rel=\"noopener\">II. Studienjahr (Studiumbeginn: 2024)<\/a> \u2013 3.&amp; 4. Fachsem. S. 53 <a href=\"https:\/\/semmelweis.hu\/deutsch\/files\/2025\/09\/Studienfuhrer_2025_netre-OK.pdf#page=63\" target=\"_blank\" rel=\"noopener\">III. Studienjahr (Studiumbeginn: 2023)<\/a> \u2013 5.&amp; 6. Fachsem. S. 63 <a href=\"https:\/\/semmelweis.hu\/deutsch\/files\/2025\/09\/Studienfuhrer_2025_netre-OK.pdf#page=73\" target=\"_blank\" rel=\"noopener\">IV. Studienjahr (Studiumbeginn: 2022)<\/a> \u2013 7.&amp; 8. Fachsem. S. 73 \u00a0 <a href=\"https:\/\/semmelweis.hu\/deutsch\/files\/2025\/09\/Studienfuhrer_2025_netre-OK.pdf#page=73\" target=\"_blank\" rel=\"noopener\">V. Studienjahr (Studiumbeginn: 2021)<\/a> \u2013 9.&amp;10. Fachsem. S. 73\u00a0 <a href=\"https:\/\/semmelweis.hu\/deutsch\/files\/2025\/09\/Studienfuhrer_2025_netre-OK.pdf#page=85\" target=\"_blank\" rel=\"noopener\">VI. Studienjahr (Studiumbeginn: 2020)<\/a> \u2013 11.&amp;12. Fachsem. S. 85 <a href=\"https:\/\/semmelweis.hu\/deutsch\/studium\/stundenplan\/\">Stundenplan \u2192<\/a> Studienpl\u00e4ne &#8211; Asklepios &hellip;<\/p>\n","protected":false},"author":101614,"featured_media":0,"parent":2386,"menu_order":0,"comment_status":"closed","ping_status":"closed","template":"template-fullwidth.php","meta":{"_acf_changed":false,"footnotes":""},"categories":[],"tags":[],"class_list":["post-1784","page","type-page","status-publish","hentry"],"acf":[],"_links":{"self":[{"href":"https:\/\/semmelweis.hu\/deutsch\/wp-json\/wp\/v2\/pages\/1784","targetHints":{"allow":["GET"]}}],"collection":[{"href":"https:\/\/semmelweis.hu\/deutsch\/wp-json\/wp\/v2\/pages"}],"about":[{"href":"https:\/\/semmelweis.hu\/deutsch\/wp-json\/wp\/v2\/types\/page"}],"author":[{"embeddable":true,"href":"https:\/\/semmelweis.hu\/deutsch\/wp-json\/wp\/v2\/users\/101614"}],"replies":[{"embeddable":true,"href":"https:\/\/semmelweis.hu\/deutsch\/wp-json\/wp\/v2\/comments?post=1784"}],"version-history":[{"count":10,"href":"https:\/\/semmelweis.hu\/deutsch\/wp-json\/wp\/v2\/pages\/1784\/revisions"}],"predecessor-version":[{"id":39892,"href":"https:\/\/semmelweis.hu\/deutsch\/wp-json\/wp\/v2\/pages\/1784\/revisions\/39892"}],"up":[{"embeddable":true,"href":"https:\/\/semmelweis.hu\/deutsch\/wp-json\/wp\/v2\/pages\/2386"}],"wp:attachment":[{"href":"https:\/\/semmelweis.hu\/deutsch\/wp-json\/wp\/v2\/media?parent=1784"}],"wp:term":[{"taxonomy":"category","embeddable":true,"href":"https:\/\/semmelweis.hu\/deutsch\/wp-json\/wp\/v2\/categories?post=1784"},{"taxonomy":"post_tag","embeddable":true,"href":"https:\/\/semmelweis.hu\/deutsch\/wp-json\/wp\/v2\/tags?post=1784"}],"curies":[{"name":"wp","href":"https:\/\/api.w.org\/{rel}","templated":true}]}}