{"id":89,"date":"2023-11-08T18:08:36","date_gmt":"2023-11-08T17:08:36","guid":{"rendered":"https:\/\/semmelweis.hu\/dentalszkenner\/?page_id=89"},"modified":"2025-10-13T09:28:11","modified_gmt":"2025-10-13T07:28:11","slug":"cerec","status":"publish","type":"page","link":"https:\/\/semmelweis.hu\/dentalszkenner\/intraoralis-szkennerek\/cerec\/","title":{"rendered":"CEREC"},"content":{"rendered":"<div class=\"exp-col-content-holder\"><a class=\"expand-cnt-link\" href=\"#\">PRIMESCAN <img loading=\"lazy\" decoding=\"async\" class=\"size-full wp-image-232 alignnone\" src=\"https:\/\/semmelweis.hu\/dentalszkenner\/files\/2023\/11\/CEREC-Primescan.jpg\" alt=\"\" width=\"128\" height=\"80\" \/><\/a><\/p>\n<div style=\"text-align: left\">\u00a0<\/div>\n<div>\n<div class=\"hidden-content\" style=\"text-align: left\">\n<table style=\"height: 431px;width: 100%;border-collapse: collapse;background-color: #e4e3e1;border-color: #000000;border-style: none\">\n<tbody>\n<tr style=\"height: 38px\">\n<td style=\"width: 99.9196%;height: 38px\" colspan=\"2\"><span style=\"font-size: 18pt;color: #c4af81\"><strong>CEREC PRIMESCAN<\/strong><\/span><\/td>\n<\/tr>\n<tr style=\"height: 30px\">\n<td class=\"px-sm border-borderMain dark:border-borderMainDark min-w-[48px] border\" style=\"width: 39.6302%;height: 30px\"><strong>Forgalomba hozatal<\/strong><\/td>\n<td class=\"px-sm border-borderMain dark:border-borderMainDark min-w-[48px] border\" style=\"width: 60.2894%;height: 30px\">Dentsply-Sirona, 2019<\/td>\n<\/tr>\n<tr style=\"height: 30px\">\n<td class=\"px-sm border-borderMain dark:border-borderMainDark min-w-[48px] border\" style=\"width: 39.6302%;height: 30px\"><strong>Konfigur\u00e1ci\u00f3k<\/strong><\/td>\n<td class=\"px-sm border-borderMain dark:border-borderMainDark min-w-[48px] border\" style=\"width: 60.2894%;height: 30px\">Cart: gurul\u00f3 \u00e1llv\u00e1nyos kiszerel\u00e9s<\/td>\n<\/tr>\n<tr style=\"height: 30px\">\n<td class=\"px-sm border-borderMain dark:border-borderMainDark min-w-[48px] border\" style=\"width: 39.6302%;height: 30px\"><strong>Csomag tartalma<\/strong><\/td>\n<td class=\"px-sm border-borderMain dark:border-borderMainDark min-w-[48px] border\" style=\"width: 60.2894%;height: 30px\">Gurul\u00f3 \u00e1llv\u00e1ny a monitorral, intraor\u00e1lis szkenner k\u00e9zidarab<\/td>\n<\/tr>\n<tr style=\"height: 30px\">\n<td class=\"px-sm border-borderMain dark:border-borderMainDark min-w-[48px] border\" style=\"width: 39.6302%;height: 30px\"><strong>Szkennel\u00e9si strat\u00e9gia<\/strong><\/td>\n<td class=\"px-sm border-borderMain dark:border-borderMainDark min-w-[48px] border\" style=\"width: 60.2894%;height: 30px\">Or\u00e1lis, vesztibul\u00e1ris, okkl\u00faz\u00e1lis felsz\u00edn vagy or\u00e1lis, okkl\u00faz\u00e1lis, vesztibul\u00e1ris felsz\u00edn; Harap\u00e1sregisztr\u00e1ci\u00f3 2 oldalon<\/td>\n<\/tr>\n<tr style=\"height: 30px\">\n<td class=\"px-sm border-borderMain dark:border-borderMainDark min-w-[48px] border\" style=\"width: 39.6302%;height: 30px\"><strong>Szoftver<\/strong><\/td>\n<td class=\"px-sm border-borderMain dark:border-borderMainDark min-w-[48px] border\" style=\"width: 60.2894%;height: 30px\">CEREC Software<\/td>\n<\/tr>\n<tr style=\"height: 30px\">\n<td class=\"px-sm border-borderMain dark:border-borderMainDark min-w-[48px] border\" style=\"width: 39.6302%;height: 30px\"><strong>Lek\u00e9pez\u00e9s<\/strong><\/td>\n<td class=\"px-sm border-borderMain dark:border-borderMainDark min-w-[48px] border\" style=\"width: 60.2894%;height: 30px\">Triangul\u00e1ci\u00f3<\/td>\n<\/tr>\n<tr style=\"height: 30px\">\n<td class=\"px-sm border-borderMain dark:border-borderMainDark min-w-[48px] border\" style=\"width: 39.6302%;height: 30px\"><strong>Indik\u00e1ci\u00f3s k\u00f6r<\/strong><\/td>\n<td class=\"px-sm border-borderMain dark:border-borderMainDark min-w-[48px] border\" style=\"width: 60.2894%;height: 30px\">Els\u0151sorban chairside felhaszn\u00e1l\u00e1s, Fogp\u00f3tl\u00e1stan, Implantol\u00f3gia, Fogszab\u00e1lyoz\u00e1s<\/td>\n<\/tr>\n<tr style=\"height: 183px\">\n<td class=\"px-sm border-borderMain dark:border-borderMainDark min-w-[48px] border\" style=\"width: 39.6302%;height: 183px\"><strong>Speci\u00e1lis tulajdons\u00e1gok<\/strong><\/td>\n<td class=\"px-sm border-borderMain dark:border-borderMainDark min-w-[48px] border\" style=\"width: 60.2894%;height: 183px\">\n<p>Automatikus restaur\u00e1ci\u00f3tervez\u00e9s<\/p>\n<p>Fogsz\u00edn meghat\u00e1roz\u00e1s\u00a0<\/p>\n<p>Smile design<\/p>\n<p>PrepCheck oktat\u00e1si \u00e9s prepar\u00e1ci\u00f3s ellen\u0151rz\u0151 modul<\/p>\n<\/td>\n<\/tr>\n<\/tbody>\n<\/table>\n<p>&nbsp;<\/p>\n<p><img loading=\"lazy\" decoding=\"async\" class=\"alignleft wp-image-1330 size-large\" src=\"https:\/\/semmelweis.hu\/dentalszkenner\/files\/2024\/11\/CEREC-Primescan-1024x624.jpg\" alt=\"\" width=\"753\" height=\"459\" srcset=\"https:\/\/semmelweis.hu\/dentalszkenner\/files\/2024\/11\/CEREC-Primescan-1024x624.jpg 1024w, https:\/\/semmelweis.hu\/dentalszkenner\/files\/2024\/11\/CEREC-Primescan-400x244.jpg 400w, https:\/\/semmelweis.hu\/dentalszkenner\/files\/2024\/11\/CEREC-Primescan-768x468.jpg 768w, https:\/\/semmelweis.hu\/dentalszkenner\/files\/2024\/11\/CEREC-Primescan-753x459.jpg 753w, https:\/\/semmelweis.hu\/dentalszkenner\/files\/2024\/11\/CEREC-Primescan.jpg 1280w\" sizes=\"auto, (max-width: 753px) 100vw, 753px\" \/><\/p>\n<p>&nbsp;<\/p>\n<table style=\"height: 600px;width: 100%;border-collapse: collapse;background-color: #e4e3e1;border-color: #000000;border-style: none\">\n<tbody>\n<tr style=\"height: 38px\">\n<td style=\"width: 110.395%;height: 38px\" colspan=\"2\"><span style=\"font-size: 18pt;color: #c4af81\"><strong>PRIMESCAN<\/strong><\/span><\/td>\n<\/tr>\n<tr style=\"height: 32px\">\n<td class=\"px-sm border-borderMain dark:border-borderMainDark min-w-[48px] border\" style=\"width: 39.6546%;height: 32px\"><strong>T\u00e1vir\u00e1ny\u00edt\u00e1s<\/strong><\/td>\n<td class=\"px-sm border-borderMain dark:border-borderMainDark min-w-[48px] border\" style=\"width: 70.7404%;height: 32px\"><strong>Igen<\/strong>: <strong>1<\/strong>, Nem: 0<\/td>\n<\/tr>\n<tr style=\"height: 32px\">\n<td class=\"px-sm border-borderMain dark:border-borderMainDark min-w-[48px] border\" style=\"width: 39.6546%;height: 32px\"><strong>Konfigur\u00e1ci\u00f3<\/strong><\/td>\n<td class=\"px-sm border-borderMain dark:border-borderMainDark min-w-[48px] border\" style=\"width: 70.7404%;height: 32px\"><strong>Egy el\u00e9rhet\u0151: 0,<\/strong> T\u00f6bb v\u00e1laszthat\u00f3: 1<\/td>\n<\/tr>\n<tr style=\"height: 32px\">\n<td class=\"px-sm border-borderMain dark:border-borderMainDark min-w-[48px] border\" style=\"width: 39.6546%;height: 32px\"><strong>F\u00e1jlok tov\u00e1bb\u00edt\u00e1s\u00e1nak m\u00f3dja<\/strong><\/td>\n<td class=\"px-sm border-borderMain dark:border-borderMainDark min-w-[48px] border\" style=\"width: 70.7404%;height: 32px\">Export\u00e1l\u00e1s ut\u00e1n e-mail: 0, <strong>Saj\u00e1t felh\u0151 alap\u00fa platform: 1<\/strong><\/td>\n<\/tr>\n<tr style=\"height: 32px\">\n<td class=\"px-sm border-borderMain dark:border-borderMainDark min-w-[48px] border\" style=\"width: 39.6546%;height: 32px\"><strong>Ny\u00edlt vs. Z\u00e1rt<\/strong><\/td>\n<td class=\"px-sm border-borderMain dark:border-borderMainDark min-w-[48px] border\" style=\"width: 70.7404%;height: 32px\">Z\u00e1rt: 0, <strong>Ny\u00edlt: 1<\/strong><\/td>\n<\/tr>\n<tr style=\"height: 62px\">\n<td class=\"px-sm border-borderMain dark:border-borderMainDark min-w-[48px] border\" style=\"width: 39.6546%;height: 62px\"><strong>Felhaszn\u00e1l\u00e1s<\/strong><\/td>\n<td class=\"px-sm border-borderMain dark:border-borderMainDark min-w-[48px] border\" style=\"width: 70.7404%;height: 62px\">\n<p><strong>Kezel\u00e9si terv k\u00e9sz\u00edt\u00e9se: 1, <\/strong><\/p>\n<p><strong>Fogp\u00f3tl\u00e1stan: 1, <\/strong><\/p>\n<p><strong>Implantol\u00f3gia: 1, <\/strong><\/p>\n<p><strong>Fogszab\u00e1lyoz\u00e1s: 1<\/strong>,<\/p>\n<p><strong>Chairside rendszer: 1,<\/strong><\/p>\n<\/td>\n<\/tr>\n<tr style=\"height: 152px\">\n<td class=\"px-sm border-borderMain dark:border-borderMainDark min-w-[48px] border\" style=\"width: 39.6546%;height: 152px\"><strong>Speci\u00e1lis tulajdons\u00e1g<\/strong><\/td>\n<td class=\"px-sm border-borderMain dark:border-borderMainDark min-w-[48px] border\" style=\"width: 70.7404%;height: 152px\">\n<p><strong>Fogsz\u00edn-meghat\u00e1roz\u00e1s: 1,<\/strong><\/p>\n<p>Csonksz\u00edn-meghat\u00e1roz\u00e1s: 1,<\/p>\n<p>Egy\u00e9ni mozg\u00e1sp\u00e1ly\u00e1k detekt\u00e1l\u00e1sa: 1,<\/p>\n<p><strong>Preprepar\u00e1ci\u00f3s szkennel\u00e9s: 1,<\/strong><\/p>\n<p>Csap szkennel\u00e9s: 1,<\/p>\n<p>Lenyomat szkennel\u00e9s: 1,<\/p>\n<p><strong>Fogsor munkafolyamat: 1,<\/strong><\/p>\n<p><strong>Smile design: 1,<\/strong><\/p>\n<p>K\u00fcl\u00f6nb\u00f6z\u0151 m\u00e9ret\u0171 szkennerfej: 1,<\/p>\n<p>Caries detekt\u00e1l\u00e1s: 1<\/p>\n<\/td>\n<\/tr>\n<tr style=\"height: 32px\">\n<td class=\"px-sm border-borderMain dark:border-borderMainDark min-w-[48px] border\" style=\"width: 39.6546%;height: 32px\"><strong>T\u00e1mogat\u00e1s<\/strong><\/td>\n<td class=\"px-sm border-borderMain dark:border-borderMainDark min-w-[48px] border\" style=\"width: 70.7404%;height: 32px\">\u00c9venk\u00e9nt meg\u00faj\u00edtand\u00f3 licensz: 0, <strong>Korl\u00e1tlan t\u00e1mogat\u00e1s: 1<\/strong><\/td>\n<\/tr>\n<tr style=\"height: 62px\">\n<td class=\"px-sm border-borderMain dark:border-borderMainDark min-w-[48px] border\" style=\"width: 39.6546%;height: 62px\"><strong>Szerviz<\/strong><\/td>\n<td class=\"px-sm border-borderMain dark:border-borderMainDark min-w-[48px] border\" style=\"width: 70.7404%;height: 62px\">K\u00fclf\u00f6ldi\/online szakszerviz: 0.5, <strong>Hazai szakszerviz vagy 24 \u00f3r\u00e1n bel\u00fcli cserek\u00e9sz\u00fcl\u00e9k biztos\u00edt\u00e1sa: 1<\/strong><\/td>\n<\/tr>\n<tr style=\"height: 32px\">\n<td class=\"px-sm border-borderMain dark:border-borderMainDark min-w-[48px] border\" style=\"width: 39.6546%;height: 32px\"><strong>Oktat\u00e1s<\/strong><\/td>\n<td class=\"px-sm border-borderMain dark:border-borderMainDark min-w-[48px] border\" style=\"width: 70.7404%;height: 32px\">Nem megoldott: 0, <strong>K\u00fclf\u00f6ldi\/online: 0.5, <\/strong>Hazai: 1<\/td>\n<\/tr>\n<\/tbody>\n<\/table>\n<p>&nbsp;<\/p>\n<p><\/p>\n<p>&nbsp;<\/p>\n<table class=\"border-borderMain dark:border-borderMainDark my-[1em] w-full table-auto border\" style=\"height: 347px;width: 80.5797%;background-color: #e4e3e1\">\n<tbody>\n<tr style=\"height: 38px\">\n<td style=\"width: 99.9196%;height: 38px\" colspan=\"2\"><span style=\"font-size: 18pt;color: #c4af81\"><strong>PRIMESCAN<\/strong><\/span><\/td>\n<\/tr>\n<tr style=\"height: 33px\">\n<th class=\"px-sm py-sm whitespace-nowrap\" style=\"text-align: center;height: 33px\" colspan=\"2\"><strong>Eredm\u00e9nyek<\/strong><\/th>\n<\/tr>\n<tr style=\"height: 33px\">\n<td class=\"px-sm border-borderMain dark:border-borderMainDark min-w-[48px] border\" style=\"height: 33px\"><strong>\u00d6sszefoglal\u00f3 t\u00e1bl\u00e1zat<\/strong><\/td>\n<td class=\"px-sm border-borderMain dark:border-borderMainDark min-w-[48px] border\" style=\"height: 33px\">14,5\/22 pont<\/td>\n<\/tr>\n<tr style=\"height: 33px\">\n<td class=\"px-sm border-borderMain dark:border-borderMainDark min-w-[48px] border\" style=\"height: 33px\"><strong>Modell szkennel\u00e9si sebess\u00e9g<\/strong><\/td>\n<td class=\"px-sm border-borderMain dark:border-borderMainDark min-w-[48px] border\" style=\"height: 33px\">5 perc 53 m\u00e1sodperc<\/td>\n<\/tr>\n<tr style=\"height: 63px\">\n<td class=\"px-sm border-borderMain dark:border-borderMainDark min-w-[48px] border\" style=\"height: 63px\"><strong>Szkennerfej ker\u00fclete<\/strong><\/td>\n<td class=\"px-sm border-borderMain dark:border-borderMainDark min-w-[48px] border\" style=\"height: 63px\">75 mm<\/td>\n<\/tr>\n<tr style=\"height: 33px\">\n<td class=\"px-sm border-borderMain dark:border-borderMainDark min-w-[48px] border\" style=\"height: 33px\"><strong>Szkenner k\u00e9zidarab t\u00f6meg<\/strong><\/td>\n<td class=\"px-sm border-borderMain dark:border-borderMainDark min-w-[48px] border\" style=\"height: 33px\">595 gramm<\/td>\n<\/tr>\n<tr style=\"height: 63px\">\n<td class=\"px-sm border-borderMain dark:border-borderMainDark min-w-[48px] border\" style=\"height: 63px\"><strong>Klinikai szkennel\u00e9si sebess\u00e9g<\/strong><\/td>\n<td class=\"px-sm border-borderMain dark:border-borderMainDark min-w-[48px] border\" style=\"height: 63px\">6 perc 42 m\u00e1sodperc<\/td>\n<\/tr>\n<\/tbody>\n<\/table>\n<p>&nbsp;<\/p>\n<p>&nbsp;<\/p>\n<\/div>\n<\/div>\n<\/div>\n","protected":false},"excerpt":{"rendered":"<p><a class=\"expand-cnt-link\" href=\"#\">PRIMESCAN <\/a> \u00a0 CEREC PRIMESCAN Forgalomba hozatal Dentsply-Sirona, 2019 Konfigur\u00e1ci\u00f3k Cart: gurul\u00f3 \u00e1llv\u00e1nyos kiszerel\u00e9s Csomag tartalma Gurul\u00f3 \u00e1llv\u00e1ny a monitorral, intraor\u00e1lis szkenner k\u00e9zidarab Szkennel\u00e9si strat\u00e9gia Or\u00e1lis, vesztibul\u00e1ris, okkl\u00faz\u00e1lis felsz\u00edn vagy or\u00e1lis, okkl\u00faz\u00e1lis, vesztibul\u00e1ris felsz\u00edn; Harap\u00e1sregisztr\u00e1ci\u00f3 2 oldalon Szoftver CEREC Software Lek\u00e9pez\u00e9s Triangul\u00e1ci\u00f3 Indik\u00e1ci\u00f3s k\u00f6r Els\u0151sorban chairside felhaszn\u00e1l\u00e1s, Fogp\u00f3tl\u00e1stan, Implantol\u00f3gia, Fogszab\u00e1lyoz\u00e1s Speci\u00e1lis tulajdons\u00e1gok Automatikus restaur\u00e1ci\u00f3tervez\u00e9s Fogsz\u00edn meghat\u00e1roz\u00e1s\u00a0 Smile &hellip;<\/p>\n","protected":false},"author":102303,"featured_media":0,"parent":116,"menu_order":4,"comment_status":"closed","ping_status":"closed","template":"","meta":{"_acf_changed":false,"footnotes":""},"categories":[],"tags":[],"class_list":["post-89","page","type-page","status-publish","hentry"],"acf":[],"_links":{"self":[{"href":"https:\/\/semmelweis.hu\/dentalszkenner\/wp-json\/wp\/v2\/pages\/89","targetHints":{"allow":["GET"]}}],"collection":[{"href":"https:\/\/semmelweis.hu\/dentalszkenner\/wp-json\/wp\/v2\/pages"}],"about":[{"href":"https:\/\/semmelweis.hu\/dentalszkenner\/wp-json\/wp\/v2\/types\/page"}],"author":[{"embeddable":true,"href":"https:\/\/semmelweis.hu\/dentalszkenner\/wp-json\/wp\/v2\/users\/102303"}],"replies":[{"embeddable":true,"href":"https:\/\/semmelweis.hu\/dentalszkenner\/wp-json\/wp\/v2\/comments?post=89"}],"version-history":[{"count":10,"href":"https:\/\/semmelweis.hu\/dentalszkenner\/wp-json\/wp\/v2\/pages\/89\/revisions"}],"predecessor-version":[{"id":1678,"href":"https:\/\/semmelweis.hu\/dentalszkenner\/wp-json\/wp\/v2\/pages\/89\/revisions\/1678"}],"up":[{"embeddable":true,"href":"https:\/\/semmelweis.hu\/dentalszkenner\/wp-json\/wp\/v2\/pages\/116"}],"wp:attachment":[{"href":"https:\/\/semmelweis.hu\/dentalszkenner\/wp-json\/wp\/v2\/media?parent=89"}],"wp:term":[{"taxonomy":"category","embeddable":true,"href":"https:\/\/semmelweis.hu\/dentalszkenner\/wp-json\/wp\/v2\/categories?post=89"},{"taxonomy":"post_tag","embeddable":true,"href":"https:\/\/semmelweis.hu\/dentalszkenner\/wp-json\/wp\/v2\/tags?post=89"}],"curies":[{"name":"wp","href":"https:\/\/api.w.org\/{rel}","templated":true}]}}