{"id":1423,"date":"2024-11-10T09:56:58","date_gmt":"2024-11-10T08:56:58","guid":{"rendered":"https:\/\/semmelweis.hu\/dentalszkenner\/?page_id=1423"},"modified":"2026-01-07T11:17:55","modified_gmt":"2026-01-07T10:17:55","slug":"fussen","status":"publish","type":"page","link":"https:\/\/semmelweis.hu\/dentalszkenner\/en\/intraoral-scanners\/fussen\/","title":{"rendered":"Fussen"},"content":{"rendered":"<div class=\"exp-col-content-holder\"><!-- A kattinthat\u00f3 fejl\u00e9c: fel\u00fcl\u00edrjuk a lev\u00e1g\u00e1st \u00e9s egy sorba tessz\u00fck a k\u00e9pet --><br \/>\n<a class=\"expand-cnt-link\" href=\"#\"><br \/>\nFUSSEN S6500<br \/>\n<img loading=\"lazy\" decoding=\"async\" class=\"alignnone\" src=\"https:\/\/semmelweis.hu\/dentalszkenner\/files\/2024\/11\/Fussen-S6500.png\" alt=\"FUSSEN S6500\" width=\"152\" height=\"72\" \/><br \/>\n<\/a><\/p>\n<p><!-- EGYETLEN rejtett blokk --><\/p>\n<div class=\"hidden-content\" style=\"text-align: left\">\n<p><!-- Fels\u0151 specifik\u00e1ci\u00f3s t\u00e1bla --><\/p>\n<table style=\"width: 100%;border-collapse: collapse;background-color: #e4e3e1;border: none\">\n<tbody>\n<tr>\n<td style=\"padding: 8px 6px\" colspan=\"2\"><span style=\"font-size: 18pt;color: #c4af81\"><strong>FUSSEN S6500<\/strong><\/span><\/td>\n<\/tr>\n<tr>\n<td class=\"px-sm border-borderMain dark:border-borderMainDark min-w-[48px] border\" style=\"width: 40%;padding: 6px\"><strong>Release<\/strong><\/td>\n<td class=\"px-sm border-borderMain dark:border-borderMainDark min-w-[48px] border\" style=\"padding: 6px\">Fussen, 2023<\/td>\n<\/tr>\n<tr>\n<td class=\"px-sm border-borderMain dark:border-borderMainDark min-w-[48px] border\" style=\"padding: 6px\"><strong>Configurations<\/strong><\/td>\n<td class=\"px-sm border-borderMain dark:border-borderMainDark min-w-[48px] border\" style=\"padding: 6px\">Cart: mobile trolley version; Pod: handpiece dock connects via USB cable to PC or laptop<\/td>\n<\/tr>\n<tr>\n<td class=\"px-sm border-borderMain dark:border-borderMainDark min-w-[48px] border\" style=\"padding: 6px\"><strong>Package Contents<\/strong><\/td>\n<td class=\"px-sm border-borderMain dark:border-borderMainDark min-w-[48px] border\" style=\"padding: 6px\">IOS handpiece, handpiece dock, USB hub, USB cable, four IOS tips (three regular, one small)<\/td>\n<\/tr>\n<tr>\n<td class=\"px-sm border-borderMain dark:border-borderMainDark min-w-[48px] border\" style=\"padding: 6px\"><strong>Scanning Strategy<\/strong><\/td>\n<td class=\"px-sm border-borderMain dark:border-borderMainDark min-w-[48px] border\" style=\"padding: 6px\">Occlusal, oral, and vestibular surfaces; bite registration on one or two sides<\/td>\n<\/tr>\n<tr>\n<td class=\"px-sm border-borderMain dark:border-borderMainDark min-w-[48px] border\" style=\"padding: 6px\"><strong>Software<\/strong><\/td>\n<td class=\"px-sm border-borderMain dark:border-borderMainDark min-w-[48px] border\" style=\"padding: 6px\">ScanFlex 1.0.31.5<\/td>\n<\/tr>\n<tr>\n<td class=\"px-sm border-borderMain dark:border-borderMainDark min-w-[48px] border\" style=\"padding: 6px\"><strong>Scanning Technology<\/strong><\/td>\n<td class=\"px-sm border-borderMain dark:border-borderMainDark min-w-[48px] border\" style=\"padding: 6px\">Accu-3D motion video capture<\/td>\n<\/tr>\n<tr>\n<td class=\"px-sm border-borderMain dark:border-borderMainDark min-w-[48px] border\" style=\"padding: 6px\"><strong>Indications<\/strong><\/td>\n<td class=\"px-sm border-borderMain dark:border-borderMainDark min-w-[48px] border\" style=\"padding: 6px\">Prosthodontics, Implantology, Orthodontics<\/td>\n<\/tr>\n<tr>\n<td class=\"px-sm border-borderMain dark:border-borderMainDark min-w-[48px] border\" style=\"padding: 6px\"><strong>Special Features<\/strong><\/td>\n<td class=\"px-sm border-borderMain dark:border-borderMainDark min-w-[48px] border\" style=\"padding: 6px\">Pre-preparation scanning; Artificial intelligence; Impression scanning; Different scanning tips<\/td>\n<\/tr>\n<\/tbody>\n<\/table>\n<p><!-- K\u00e9pek --><\/p>\n<div style=\"margin: 12px 0\"><img loading=\"lazy\" decoding=\"async\" class=\"alignnone wp-image-1623\" src=\"https:\/\/semmelweis.hu\/dentalszkenner\/files\/2025\/10\/FUSSEN-NEOSCAN-TRIOS-HONLAPRA-3-724x1024.jpg\" alt=\"FUSSEN S6500 photo 1\" width=\"724\" height=\"1024\" srcset=\"https:\/\/semmelweis.hu\/dentalszkenner\/files\/2025\/10\/FUSSEN-NEOSCAN-TRIOS-HONLAPRA-3-724x1024.jpg 724w, https:\/\/semmelweis.hu\/dentalszkenner\/files\/2025\/10\/FUSSEN-NEOSCAN-TRIOS-HONLAPRA-3-283x400.jpg 283w, https:\/\/semmelweis.hu\/dentalszkenner\/files\/2025\/10\/FUSSEN-NEOSCAN-TRIOS-HONLAPRA-3-768x1086.jpg 768w, https:\/\/semmelweis.hu\/dentalszkenner\/files\/2025\/10\/FUSSEN-NEOSCAN-TRIOS-HONLAPRA-3-1086x1536.jpg 1086w, https:\/\/semmelweis.hu\/dentalszkenner\/files\/2025\/10\/FUSSEN-NEOSCAN-TRIOS-HONLAPRA-3-753x1065.jpg 753w, https:\/\/semmelweis.hu\/dentalszkenner\/files\/2025\/10\/FUSSEN-NEOSCAN-TRIOS-HONLAPRA-3.jpg 1414w\" sizes=\"auto, (max-width: 724px) 100vw, 724px\" \/><\/div>\n<div style=\"margin: 12px 0\">\n<img loading=\"lazy\" decoding=\"async\" class=\"alignnone wp-image-1622\" style=\"margin-left: 8px\" src=\"https:\/\/semmelweis.hu\/dentalszkenner\/files\/2025\/10\/4-724x1024.jpg\" alt=\"FUSSEN S6500 photo 2\" width=\"724\" height=\"1024\" srcset=\"https:\/\/semmelweis.hu\/dentalszkenner\/files\/2025\/10\/4-724x1024.jpg 724w, https:\/\/semmelweis.hu\/dentalszkenner\/files\/2025\/10\/4-283x400.jpg 283w, https:\/\/semmelweis.hu\/dentalszkenner\/files\/2025\/10\/4-768x1086.jpg 768w, https:\/\/semmelweis.hu\/dentalszkenner\/files\/2025\/10\/4-1086x1536.jpg 1086w, https:\/\/semmelweis.hu\/dentalszkenner\/files\/2025\/10\/4-753x1065.jpg 753w, https:\/\/semmelweis.hu\/dentalszkenner\/files\/2025\/10\/4.jpg 1414w\" sizes=\"auto, (max-width: 724px) 100vw, 724px\" \/><\/div>\n<p><!-- K\u00f6z\u00e9ps\u0151 (pontoz\u00e1s \/ funkci\u00f3) t\u00e1bla --><\/p>\n<table style=\"width: 100%;border-collapse: collapse;background-color: #e4e3e1;border: none;margin-top: 12px\">\n<tbody>\n<tr>\n<td style=\"padding: 8px 6px;width: 99.9407%\" colspan=\"2\"><span style=\"font-size: 18pt;color: #c4af81\"><strong>FUSSEN S6500<\/strong><\/span><\/td>\n<\/tr>\n<tr>\n<td class=\"px-sm border-borderMain dark:border-borderMainDark min-w-[48px] border\" style=\"width: 40%;padding: 6px\"><strong>Remote control<\/strong><\/td>\n<td class=\"px-sm border-borderMain dark:border-borderMainDark min-w-[48px] border\" style=\"padding: 6px;width: 59.9407%\"><strong>Yes: 1<\/strong>, No: 0<\/td>\n<\/tr>\n<tr>\n<td class=\"px-sm border-borderMain dark:border-borderMainDark min-w-[48px] border\" style=\"padding: 6px;width: 40%\"><strong>Configuration<\/strong><\/td>\n<td class=\"px-sm border-borderMain dark:border-borderMainDark min-w-[48px] border\" style=\"padding: 6px;width: 59.9407%\">Available in one configuration: 0, <strong>More than one configuration available: 1<\/strong><\/td>\n<\/tr>\n<tr>\n<td class=\"px-sm border-borderMain dark:border-borderMainDark min-w-[48px] border\" style=\"padding: 6px;width: 40%\"><strong>Exportable File Type<\/strong><\/td>\n<td class=\"px-sm border-borderMain dark:border-borderMainDark min-w-[48px] border\" style=\"padding: 6px;width: 59.9407%\">Export, then send via e-mail: 0, <strong>Proprietary cloud-based platform: 1<\/strong><\/td>\n<\/tr>\n<tr>\n<td class=\"px-sm border-borderMain dark:border-borderMainDark min-w-[48px] border\" style=\"padding: 6px;width: 40%\"><strong>System<\/strong><\/td>\n<td class=\"px-sm border-borderMain dark:border-borderMainDark min-w-[48px] border\" style=\"padding: 6px;width: 59.9407%\">Closed: 0, <strong>Open: 1<\/strong><\/td>\n<\/tr>\n<tr>\n<td class=\"px-sm border-borderMain dark:border-borderMainDark min-w-[48px] border\" style=\"padding: 6px;width: 40%\"><strong>Application<\/strong><\/td>\n<td class=\"px-sm border-borderMain dark:border-borderMainDark min-w-[48px] border\" style=\"padding: 6px;width: 59.9407%\">\n<p><strong>Treatment plan: 1; <\/strong><\/p>\n<p><strong>Prosthodontics: 1; <\/strong><\/p>\n<p><strong>Implantology: 1; <\/strong><\/p>\n<p><strong>Orthodontics: 1;<\/strong><\/p>\n<p>Chairside system milling (chairside design software\/CNC milling machine, ceramic furnace): 1;<\/p>\n<p>Chairside system printing (chairside design software\/chairside milling machine): 1<\/p>\n<\/td>\n<\/tr>\n<tr>\n<td class=\"px-sm border-borderMain dark:border-borderMainDark min-w-[48px] border\" style=\"padding: 6px;width: 40%\"><strong>Special Features<\/strong><\/td>\n<td class=\"px-sm border-borderMain dark:border-borderMainDark min-w-[48px] border\" style=\"padding: 6px;width: 59.9407%\">\n<p>Tooth shade selection: 1;<\/p>\n<p><strong>Prepared tooth shade selection: 1;<\/strong><\/p>\n<p>Individual jaw movement detection: 1;<\/p>\n<p>Full digitalization of mandibular movement using manufacturer-provided system with the same device and software: 1;<\/p>\n<p><strong>Pre-preparation scan: 1;<\/strong><\/p>\n<p>Dowel core scan: 1;<\/p>\n<p><strong>Impression scan: 1;<\/strong><\/p>\n<p>Denture workflow: 1;<\/p>\n<p>Smile design: 1;<\/p>\n<p><strong>Different sizes of scanning tips: 1;<\/strong><\/p>\n<p>Caries detection: 1;<\/p>\n<p>Windows and MacOS compatibility: 1;<\/p>\n<p>IO stereophotogrammetry: 1<\/p>\n<\/td>\n<\/tr>\n<tr>\n<td class=\"px-sm border-borderMain dark:border-borderMainDark min-w-[48px] border\" style=\"padding: 6px;width: 40%\"><strong>Support<\/strong><\/td>\n<td class=\"px-sm border-borderMain dark:border-borderMainDark min-w-[48px] border\" style=\"padding: 6px;width: 59.9407%\">Annual license: 0, <strong>Unlimited support: 1<\/strong><\/td>\n<\/tr>\n<tr>\n<td class=\"px-sm border-borderMain dark:border-borderMainDark min-w-[48px] border\" style=\"padding: 6px;width: 40%\"><strong>Service<\/strong><\/td>\n<td class=\"px-sm border-borderMain dark:border-borderMainDark min-w-[48px] border\" style=\"padding: 6px;width: 59.9407%\">No service: 0, Foreign\/online services: 0.5, <strong>Domestic service\/Replacement within 24 hours: 1<\/strong><\/td>\n<\/tr>\n<tr>\n<td class=\"px-sm border-borderMain dark:border-borderMainDark min-w-[48px] border\" style=\"padding: 6px;width: 40%\"><strong>Training<\/strong><\/td>\n<td class=\"px-sm border-borderMain dark:border-borderMainDark min-w-[48px] border\" style=\"padding: 6px;width: 59.9407%\">None provided: 0, Foreign\/online: 0.5, <strong>Domestic: 1<\/strong><\/td>\n<\/tr>\n<\/tbody>\n<\/table>\n<p>\u00a0<img loading=\"lazy\" decoding=\"async\" class=\"aligncenter size-large wp-image-1720\" src=\"https:\/\/semmelweis.hu\/dentalszkenner\/files\/2026\/01\/Fussen-724x1024.png\" alt=\"\" width=\"724\" height=\"1024\" srcset=\"https:\/\/semmelweis.hu\/dentalszkenner\/files\/2026\/01\/Fussen-724x1024.png 724w, https:\/\/semmelweis.hu\/dentalszkenner\/files\/2026\/01\/Fussen-283x400.png 283w, https:\/\/semmelweis.hu\/dentalszkenner\/files\/2026\/01\/Fussen-768x1086.png 768w, https:\/\/semmelweis.hu\/dentalszkenner\/files\/2026\/01\/Fussen-1086x1536.png 1086w, https:\/\/semmelweis.hu\/dentalszkenner\/files\/2026\/01\/Fussen-753x1065.png 753w, https:\/\/semmelweis.hu\/dentalszkenner\/files\/2026\/01\/Fussen.png 1414w\" sizes=\"auto, (max-width: 724px) 100vw, 724px\" \/><\/p>\n<p><!-- Eredm\u00e9nyek t\u00e1bla --><\/p>\n<table class=\"border-borderMain dark:border-borderMainDark my-[1em] w-full table-auto border\" style=\"width: 100%;border-collapse: collapse;background-color: #e4e3e1;margin-top: 12px\">\n<tbody>\n<tr>\n<td style=\"padding: 8px 6px\" colspan=\"2\"><span style=\"font-size: 18pt;color: #c4af81\"><strong>FUSSEN S6500<\/strong><\/span><\/td>\n<\/tr>\n<tr>\n<th class=\"px-sm py-sm whitespace-nowrap\" style=\"text-align: center\" colspan=\"2\"><strong>Results<\/strong><\/th>\n<\/tr>\n<tr>\n<td class=\"px-sm border-borderMain dark:border-borderMainDark min-w-[48px] border\"><strong>Summary chart<\/strong><\/td>\n<td class=\"px-sm border-borderMain dark:border-borderMainDark min-w-[48px] border\">14\/27 points<\/td>\n<\/tr>\n<tr>\n<td class=\"px-sm border-borderMain dark:border-borderMainDark min-w-[48px] border\"><strong>Model scanning speed<\/strong><\/td>\n<td class=\"px-sm border-borderMain dark:border-borderMainDark min-w-[48px] border\">1 minute 18 seconds<\/td>\n<\/tr>\n<tr>\n<td class=\"px-sm border-borderMain dark:border-borderMainDark min-w-[48px] border\"><strong>Circumference of the scanner head<\/strong><\/td>\n<td class=\"px-sm border-borderMain dark:border-borderMainDark min-w-[48px] border\">Regular: 70 mm, Small: 55 mm<\/td>\n<\/tr>\n<tr>\n<td class=\"px-sm border-borderMain dark:border-borderMainDark min-w-[48px] border\"><strong>Weight of the handpiece<\/strong><\/td>\n<td class=\"px-sm border-borderMain dark:border-borderMainDark min-w-[48px] border\">378 g<\/td>\n<\/tr>\n<tr>\n<td class=\"px-sm border-borderMain dark:border-borderMainDark min-w-[48px] border\"><strong>In vivo scanning speed<\/strong><\/td>\n<td class=\"px-sm border-borderMain dark:border-borderMainDark min-w-[48px] border\">5 minutes 16 seconds<\/td>\n<\/tr>\n<\/tbody>\n<\/table>\n<p>\u00a0<img loading=\"lazy\" decoding=\"async\" class=\"alignnone wp-image-1634\" style=\"font-size: 1rem\" src=\"https:\/\/semmelweis.hu\/dentalszkenner\/files\/2025\/10\/FUSSEN-NEOSCAN-TRIOS-HONLAPRA-1-724x1024.jpg\" alt=\"FUSSEN S6500 photo 3\" width=\"724\" height=\"1024\" srcset=\"https:\/\/semmelweis.hu\/dentalszkenner\/files\/2025\/10\/FUSSEN-NEOSCAN-TRIOS-HONLAPRA-1-724x1024.jpg 724w, https:\/\/semmelweis.hu\/dentalszkenner\/files\/2025\/10\/FUSSEN-NEOSCAN-TRIOS-HONLAPRA-1-283x400.jpg 283w, https:\/\/semmelweis.hu\/dentalszkenner\/files\/2025\/10\/FUSSEN-NEOSCAN-TRIOS-HONLAPRA-1-768x1086.jpg 768w, https:\/\/semmelweis.hu\/dentalszkenner\/files\/2025\/10\/FUSSEN-NEOSCAN-TRIOS-HONLAPRA-1-1086x1536.jpg 1086w, https:\/\/semmelweis.hu\/dentalszkenner\/files\/2025\/10\/FUSSEN-NEOSCAN-TRIOS-HONLAPRA-1-753x1065.jpg 753w, https:\/\/semmelweis.hu\/dentalszkenner\/files\/2025\/10\/FUSSEN-NEOSCAN-TRIOS-HONLAPRA-1.jpg 1414w\" sizes=\"auto, (max-width: 724px) 100vw, 724px\" \/><span style=\"font-size: 1rem\">\u00a0 \u00a0 \u00a0 <\/span><img loading=\"lazy\" decoding=\"async\" class=\"alignnone wp-image-1654\" style=\"font-size: 1rem\" src=\"https:\/\/semmelweis.hu\/dentalszkenner\/files\/2025\/10\/FUSSEN-NEOSCAN-TRIOS-HONLAPRA-4-724x1024.jpg\" alt=\"\" width=\"1349\" height=\"1908\" srcset=\"https:\/\/semmelweis.hu\/dentalszkenner\/files\/2025\/10\/FUSSEN-NEOSCAN-TRIOS-HONLAPRA-4-724x1024.jpg 724w, https:\/\/semmelweis.hu\/dentalszkenner\/files\/2025\/10\/FUSSEN-NEOSCAN-TRIOS-HONLAPRA-4-283x400.jpg 283w, https:\/\/semmelweis.hu\/dentalszkenner\/files\/2025\/10\/FUSSEN-NEOSCAN-TRIOS-HONLAPRA-4-768x1086.jpg 768w, https:\/\/semmelweis.hu\/dentalszkenner\/files\/2025\/10\/FUSSEN-NEOSCAN-TRIOS-HONLAPRA-4-1086x1536.jpg 1086w, https:\/\/semmelweis.hu\/dentalszkenner\/files\/2025\/10\/FUSSEN-NEOSCAN-TRIOS-HONLAPRA-4-753x1065.jpg 753w, https:\/\/semmelweis.hu\/dentalszkenner\/files\/2025\/10\/FUSSEN-NEOSCAN-TRIOS-HONLAPRA-4.jpg 1414w\" sizes=\"auto, (max-width: 1349px) 100vw, 1349px\" \/><\/div>\n<\/div>\n","protected":false},"excerpt":{"rendered":"<p><a class=\"expand-cnt-link\" href=\"#\"> FUSSEN S6500 <\/a> FUSSEN S6500 Release Fussen, 2023 Configurations Cart: mobile trolley version; Pod: handpiece dock connects via USB cable to PC or laptop Package Contents IOS handpiece, handpiece dock, USB hub, USB cable, four IOS tips (three regular, one small) Scanning Strategy Occlusal, oral, and vestibular surfaces; bite registration on one &hellip;<\/p>\n","protected":false},"author":102303,"featured_media":0,"parent":667,"menu_order":7,"comment_status":"closed","ping_status":"closed","template":"","meta":{"_acf_changed":false,"footnotes":""},"categories":[],"tags":[],"class_list":["post-1423","page","type-page","status-publish","hentry"],"acf":[],"_links":{"self":[{"href":"https:\/\/semmelweis.hu\/dentalszkenner\/wp-json\/wp\/v2\/pages\/1423","targetHints":{"allow":["GET"]}}],"collection":[{"href":"https:\/\/semmelweis.hu\/dentalszkenner\/wp-json\/wp\/v2\/pages"}],"about":[{"href":"https:\/\/semmelweis.hu\/dentalszkenner\/wp-json\/wp\/v2\/types\/page"}],"author":[{"embeddable":true,"href":"https:\/\/semmelweis.hu\/dentalszkenner\/wp-json\/wp\/v2\/users\/102303"}],"replies":[{"embeddable":true,"href":"https:\/\/semmelweis.hu\/dentalszkenner\/wp-json\/wp\/v2\/comments?post=1423"}],"version-history":[{"count":11,"href":"https:\/\/semmelweis.hu\/dentalszkenner\/wp-json\/wp\/v2\/pages\/1423\/revisions"}],"predecessor-version":[{"id":1724,"href":"https:\/\/semmelweis.hu\/dentalszkenner\/wp-json\/wp\/v2\/pages\/1423\/revisions\/1724"}],"up":[{"embeddable":true,"href":"https:\/\/semmelweis.hu\/dentalszkenner\/wp-json\/wp\/v2\/pages\/667"}],"wp:attachment":[{"href":"https:\/\/semmelweis.hu\/dentalszkenner\/wp-json\/wp\/v2\/media?parent=1423"}],"wp:term":[{"taxonomy":"category","embeddable":true,"href":"https:\/\/semmelweis.hu\/dentalszkenner\/wp-json\/wp\/v2\/categories?post=1423"},{"taxonomy":"post_tag","embeddable":true,"href":"https:\/\/semmelweis.hu\/dentalszkenner\/wp-json\/wp\/v2\/tags?post=1423"}],"curies":[{"name":"wp","href":"https:\/\/api.w.org\/{rel}","templated":true}]}}