{"id":109,"date":"2023-11-08T18:23:42","date_gmt":"2023-11-08T17:23:42","guid":{"rendered":"https:\/\/semmelweis.hu\/dentalszkenner\/?page_id=109"},"modified":"2025-10-13T09:04:54","modified_gmt":"2025-10-13T07:04:54","slug":"straumann","status":"publish","type":"page","link":"https:\/\/semmelweis.hu\/dentalszkenner\/intraoralis-szkennerek\/straumann\/","title":{"rendered":"Straumann"},"content":{"rendered":"<div class=\"exp-col-content-holder\"><a class=\"expand-cnt-link\" href=\"#\">DWIO <img loading=\"lazy\" decoding=\"async\" class=\"alignnone  wp-image-243\" src=\"https:\/\/semmelweis.hu\/dentalszkenner\/files\/2023\/11\/Starumann-DWIO.jpg\" alt=\"\" width=\"118\" height=\"74\" \/><\/a><\/p>\n<div class=\"hidden-content\">\n<table style=\"height: 600px;width: 100%;border-collapse: collapse;background-color: #e4e3e1;border-color: #000000;border-style: none\">\n<tbody>\n<tr style=\"height: 38px\">\n<td style=\"width: 99.9196%;height: 38px\" colspan=\"2\"><span style=\"font-size: 18pt;color: #c4af81\"><strong>DIWO<\/strong><\/span><\/td>\n<\/tr>\n<tr>\n<td class=\"px-sm border-borderMain dark:border-borderMainDark min-w-[48px] border\" style=\"width: 39.6302%\"><strong>Forgalomba hozatal<\/strong><\/td>\n<td class=\"px-sm border-borderMain dark:border-borderMainDark min-w-[48px] border\" style=\"width: 60.2894%\">2015<\/td>\n<\/tr>\n<tr>\n<td class=\"px-sm border-borderMain dark:border-borderMainDark min-w-[48px] border\" style=\"width: 39.6302%\"><strong>Konfigur\u00e1ci\u00f3k<\/strong><\/td>\n<td class=\"px-sm border-borderMain dark:border-borderMainDark min-w-[48px] border\" style=\"width: 60.2894%\">\n<p class=\"p1\">Portable: USB k\u00e1bellel k\u00f6thet\u0151 \u00f6ssze asztali sz\u00e1m\u00edt\u00f3g\u00e9ppel vagy laptoppal<\/p>\n<p class=\"p1\">Cart: gurul\u00f3 \u00e1llv\u00e1nyos kiszerel\u00e9s<\/p>\n<\/td>\n<\/tr>\n<tr>\n<td class=\"px-sm border-borderMain dark:border-borderMainDark min-w-[48px] border\" style=\"width: 39.6302%\"><strong>Csomag tartalma<\/strong><\/td>\n<td class=\"px-sm border-borderMain dark:border-borderMainDark min-w-[48px] border\" style=\"width: 60.2894%\">\n<p class=\"p1\">Intraor\u00e1lis szkenner\/\u00e1llv\u00e1ny, \u00e9rint\u0151k\u00e9perny\u0151vel rendelkez\u0151 kijelz\u0151<\/p>\n<\/td>\n<\/tr>\n<tr>\n<td class=\"px-sm border-borderMain dark:border-borderMainDark min-w-[48px] border\" style=\"width: 39.6302%\"><strong>Szkennel\u00e9si strat\u00e9gia<\/strong><\/td>\n<td class=\"px-sm border-borderMain dark:border-borderMainDark min-w-[48px] border\" style=\"width: 60.2894%\">\n<p class=\"p1\">Okkl\u00faz\u00e1lis, palatin\u00e1lis\/lingv\u00e1lis, bukk\u00e1lis felsz\u00edn majd harap\u00e1sregisztr\u00e1ci\u00f3 mindk\u00e9t oldalon<\/p>\n<\/td>\n<\/tr>\n<tr>\n<td class=\"px-sm border-borderMain dark:border-borderMainDark min-w-[48px] border\" style=\"width: 39.6302%\"><strong>Szoftver<\/strong><\/td>\n<td class=\"px-sm border-borderMain dark:border-borderMainDark min-w-[48px] border\" style=\"width: 60.2894%\">nincs adat<\/td>\n<\/tr>\n<tr>\n<td class=\"px-sm border-borderMain dark:border-borderMainDark min-w-[48px] border\" style=\"width: 39.6302%\"><strong>Lek\u00e9pez\u00e9s<\/strong><\/td>\n<td class=\"px-sm border-borderMain dark:border-borderMainDark min-w-[48px] border\" style=\"width: 60.2894%\">\n<p class=\"p1\">Videoszekvencia<\/p>\n<\/td>\n<\/tr>\n<tr>\n<td class=\"px-sm border-borderMain dark:border-borderMainDark min-w-[48px] border\" style=\"width: 39.6302%\"><strong>Indik\u00e1ci\u00f3s k\u00f6r<\/strong><\/td>\n<td class=\"px-sm border-borderMain dark:border-borderMainDark min-w-[48px] border\" style=\"width: 60.2894%\">\n<p class=\"p1\">Protetikai felhaszn\u00e1l\u00e1s<\/p>\n<\/td>\n<\/tr>\n<tr>\n<td class=\"px-sm border-borderMain dark:border-borderMainDark min-w-[48px] border\" style=\"width: 39.6302%\"><strong>Speci\u00e1lis tulajdons\u00e1gok<\/strong><\/td>\n<td class=\"px-sm border-borderMain dark:border-borderMainDark min-w-[48px] border\" style=\"width: 60.2894%\">\n<p class=\"p1\">Ez az intraor\u00e1lis szkenner nem rendelkezik speci\u00e1lis tulajdons\u00e1ggal<\/p>\n<\/td>\n<\/tr>\n<\/tbody>\n<\/table>\n<p>&nbsp;<\/p>\n<p><img loading=\"lazy\" decoding=\"async\" class=\"alignleft wp-image-1361 size-large\" src=\"https:\/\/semmelweis.hu\/dentalszkenner\/files\/2024\/11\/Straumann-DWIO-1024x575.jpg\" alt=\"\" width=\"753\" height=\"423\" srcset=\"https:\/\/semmelweis.hu\/dentalszkenner\/files\/2024\/11\/Straumann-DWIO-1024x575.jpg 1024w, https:\/\/semmelweis.hu\/dentalszkenner\/files\/2024\/11\/Straumann-DWIO-400x225.jpg 400w, https:\/\/semmelweis.hu\/dentalszkenner\/files\/2024\/11\/Straumann-DWIO-768x431.jpg 768w, https:\/\/semmelweis.hu\/dentalszkenner\/files\/2024\/11\/Straumann-DWIO-753x423.jpg 753w, https:\/\/semmelweis.hu\/dentalszkenner\/files\/2024\/11\/Straumann-DWIO.jpg 1280w\" sizes=\"auto, (max-width: 753px) 100vw, 753px\" \/><\/p>\n<table style=\"height: 600px;width: 100%;border-collapse: collapse;background-color: #e4e3e1;border-color: #000000;border-style: none\">\n<tbody>\n<tr style=\"height: 38px\">\n<td style=\"width: 110.395%;height: 38px\" colspan=\"2\"><span style=\"font-size: 18pt;color: #c4af81\"><strong>DIWO<\/strong><\/span><\/td>\n<\/tr>\n<tr style=\"height: 32px\">\n<td class=\"px-sm border-borderMain dark:border-borderMainDark min-w-[48px] border\" style=\"width: 39.6546%;height: 32px\"><strong>T\u00e1vir\u00e1ny\u00edt\u00e1s<\/strong><\/td>\n<td class=\"px-sm border-borderMain dark:border-borderMainDark min-w-[48px] border\" style=\"width: 70.7404%;height: 32px\"><strong>Igen<\/strong>: <strong>1<\/strong>, Nem: 0<\/td>\n<\/tr>\n<tr style=\"height: 32px\">\n<td class=\"px-sm border-borderMain dark:border-borderMainDark min-w-[48px] border\" style=\"width: 39.6546%;height: 32px\"><strong>Konfigur\u00e1ci\u00f3<\/strong><\/td>\n<td class=\"px-sm border-borderMain dark:border-borderMainDark min-w-[48px] border\" style=\"width: 70.7404%;height: 32px\">Egy el\u00e9rhet\u0151: 0, <strong>T\u00f6bb v\u00e1laszthat\u00f3: 1<\/strong><\/td>\n<\/tr>\n<tr style=\"height: 32px\">\n<td class=\"px-sm border-borderMain dark:border-borderMainDark min-w-[48px] border\" style=\"width: 39.6546%;height: 32px\"><strong>F\u00e1jlok tov\u00e1bb\u00edt\u00e1s\u00e1nak m\u00f3dja<\/strong><\/td>\n<td class=\"px-sm border-borderMain dark:border-borderMainDark min-w-[48px] border\" style=\"width: 70.7404%;height: 32px\">Export\u00e1l\u00e1s ut\u00e1n e-mail: 0, <strong>Saj\u00e1t felh\u0151 alap\u00fa platform: 1<\/strong><\/td>\n<\/tr>\n<tr style=\"height: 32px\">\n<td class=\"px-sm border-borderMain dark:border-borderMainDark min-w-[48px] border\" style=\"width: 39.6546%;height: 32px\"><strong>Ny\u00edlt vs. Z\u00e1rt<\/strong><\/td>\n<td class=\"px-sm border-borderMain dark:border-borderMainDark min-w-[48px] border\" style=\"width: 70.7404%;height: 32px\">Z\u00e1rt: 0, <strong>Ny\u00edlt: 1<\/strong><\/td>\n<\/tr>\n<tr style=\"height: 62px\">\n<td class=\"px-sm border-borderMain dark:border-borderMainDark min-w-[48px] border\" style=\"width: 39.6546%;height: 62px\"><strong>Felhaszn\u00e1l\u00e1s<\/strong><\/td>\n<td class=\"px-sm border-borderMain dark:border-borderMainDark min-w-[48px] border\" style=\"width: 70.7404%;height: 62px\">\n<p><strong>Kezel\u00e9si terv k\u00e9sz\u00edt\u00e9se: 1, <\/strong><\/p>\n<p><strong>Fogp\u00f3tl\u00e1stan: 1, <\/strong><\/p>\n<p><strong>Implantol\u00f3gia: 1, <\/strong><\/p>\n<p><strong>Fogszab\u00e1lyoz\u00e1s: 1<\/strong>,<\/p>\n<p><strong>Chairside rendszer: 1<\/strong><\/p>\n<\/td>\n<\/tr>\n<tr style=\"height: 152px\">\n<td class=\"px-sm border-borderMain dark:border-borderMainDark min-w-[48px] border\" style=\"width: 39.6546%;height: 152px\"><strong>Speci\u00e1lis tulajdons\u00e1g<\/strong><\/td>\n<td class=\"px-sm border-borderMain dark:border-borderMainDark min-w-[48px] border\" style=\"width: 70.7404%;height: 152px\">\n<p>Fogsz\u00edn-meghat\u00e1roz\u00e1s: 1,<\/p>\n<p>Csonksz\u00edn-meghat\u00e1roz\u00e1s: 1,<\/p>\n<p>Egy\u00e9ni mozg\u00e1sp\u00e1ly\u00e1k detekt\u00e1l\u00e1sa: 1,<\/p>\n<p>Preprepar\u00e1ci\u00f3s szkennel\u00e9s: 1,<\/p>\n<p>Csap szkennel\u00e9s: 1,<\/p>\n<p>Lenyomat szkennel\u00e9s: 1,<\/p>\n<p>Fogsor munkafolyamat: 1,<\/p>\n<p>Smile design: 1,<\/p>\n<p>K\u00fcl\u00f6nb\u00f6z\u0151 m\u00e9ret\u0171 szkennerfej: 1,<\/p>\n<p>Caries detekt\u00e1l\u00e1s: 1<\/p>\n<\/td>\n<\/tr>\n<tr style=\"height: 32px\">\n<td class=\"px-sm border-borderMain dark:border-borderMainDark min-w-[48px] border\" style=\"width: 39.6546%;height: 32px\"><strong>T\u00e1mogat\u00e1s<\/strong><\/td>\n<td class=\"px-sm border-borderMain dark:border-borderMainDark min-w-[48px] border\" style=\"width: 70.7404%;height: 32px\"><strong>\u00c9venk\u00e9nt meg\u00faj\u00edtand\u00f3 licensz: 0,<\/strong> Korl\u00e1tlan t\u00e1mogat\u00e1s: 1<\/td>\n<\/tr>\n<tr style=\"height: 62px\">\n<td class=\"px-sm border-borderMain dark:border-borderMainDark min-w-[48px] border\" style=\"width: 39.6546%;height: 62px\"><strong>Szerviz<\/strong><\/td>\n<td class=\"px-sm border-borderMain dark:border-borderMainDark min-w-[48px] border\" style=\"width: 70.7404%;height: 62px\"><strong>K\u00fclf\u00f6ldi\/online szakszerviz: 0.5<\/strong>, Hazai szakszerviz vagy 24 \u00f3r\u00e1n bel\u00fcli cserek\u00e9sz\u00fcl\u00e9k biztos\u00edt\u00e1sa: 1<\/td>\n<\/tr>\n<tr style=\"height: 32px\">\n<td class=\"px-sm border-borderMain dark:border-borderMainDark min-w-[48px] border\" style=\"width: 39.6546%;height: 32px\"><strong>Oktat\u00e1s<\/strong><\/td>\n<td class=\"px-sm border-borderMain dark:border-borderMainDark min-w-[48px] border\" style=\"width: 70.7404%;height: 32px\">Nem megoldott: 0, <strong>K\u00fclf\u00f6ldi\/online: 0.5<\/strong>, Hazai: 1<\/td>\n<\/tr>\n<\/tbody>\n<\/table>\n<p>&nbsp;<\/p>\n<p>&nbsp;<\/p>\n<table class=\"border-borderMain dark:border-borderMainDark my-[1em] w-full table-auto border\" style=\"background-color: #e4e3e1\">\n<tbody>\n<tr style=\"height: 38px\">\n<td style=\"width: 99.9196%;height: 38px\" colspan=\"2\"><span style=\"font-size: 18pt;color: #c4af81\"><strong>DIWO<\/strong><\/span><\/td>\n<\/tr>\n<tr>\n<th class=\"px-sm py-sm whitespace-nowrap\" style=\"text-align: center\" colspan=\"2\"><strong>Eredm\u00e9nyek<\/strong><\/th>\n<\/tr>\n<tr>\n<td class=\"px-sm border-borderMain dark:border-borderMainDark min-w-[48px] border\"><strong>\u00d6sszefoglal\u00f3 t\u00e1bl\u00e1zat<\/strong><\/td>\n<td class=\"px-sm border-borderMain dark:border-borderMainDark min-w-[48px] border\">10\/22 pont<\/td>\n<\/tr>\n<tr>\n<td class=\"px-sm border-borderMain dark:border-borderMainDark min-w-[48px] border\"><strong>Modell szkennel\u00e9si sebess\u00e9g<\/strong><\/td>\n<td class=\"px-sm border-borderMain dark:border-borderMainDark min-w-[48px] border\">8 perc 33 m\u00e1sodperc<\/td>\n<\/tr>\n<tr>\n<td class=\"px-sm border-borderMain dark:border-borderMainDark min-w-[48px] border\"><strong>Szkennerfej ker\u00fclete<\/strong><\/td>\n<td class=\"px-sm border-borderMain dark:border-borderMainDark min-w-[48px] border\">28 mm<\/td>\n<\/tr>\n<tr>\n<td class=\"px-sm border-borderMain dark:border-borderMainDark min-w-[48px] border\"><strong>Szkenner k\u00e9zidarab t\u00f6meg<\/strong><\/td>\n<td class=\"px-sm border-borderMain dark:border-borderMainDark min-w-[48px] border\">113 gramm<\/td>\n<\/tr>\n<tr>\n<td class=\"px-sm border-borderMain dark:border-borderMainDark min-w-[48px] border\"><strong>Klinikai szkennel\u00e9si sebess\u00e9g<\/strong><\/td>\n<td class=\"px-sm border-borderMain dark:border-borderMainDark min-w-[48px] border\">17 perc 2 m\u00e1sodperc<\/td>\n<\/tr>\n<\/tbody>\n<\/table>\n<p>&nbsp;<\/p>\n<\/div>\n<\/div>\n<div class=\"exp-col-content-holder\"><a class=\"expand-cnt-link\" href=\"#\">Virtuo Vivo <img loading=\"lazy\" decoding=\"async\" class=\"alignnone  wp-image-245\" src=\"https:\/\/semmelweis.hu\/dentalszkenner\/files\/2023\/11\/Straumann-Virtuo-Vivo.png\" alt=\"\" width=\"128\" height=\"41\" \/><\/a><\/p>\n<div class=\"hidden-content\">\n<table style=\"height: 600px;width: 100%;border-collapse: collapse;background-color: #e4e3e1;border-color: #000000;border-style: none\">\n<tbody>\n<tr style=\"height: 38px\">\n<td style=\"width: 99.9196%;height: 38px\" colspan=\"2\"><span style=\"font-size: 18pt;color: #c4af81\"><strong>VIRTUO VIVO<\/strong><\/span><\/td>\n<\/tr>\n<tr>\n<td class=\"px-sm border-borderMain dark:border-borderMainDark min-w-[48px] border\" style=\"width: 39.6302%\"><strong>Forgalomba hozatal<\/strong><\/td>\n<td class=\"px-sm border-borderMain dark:border-borderMainDark min-w-[48px] border\" style=\"width: 60.2894%\">Straumann, 2019<\/td>\n<\/tr>\n<tr>\n<td class=\"px-sm border-borderMain dark:border-borderMainDark min-w-[48px] border\" style=\"width: 39.6302%\"><strong>Konfigur\u00e1ci\u00f3k<\/strong><\/td>\n<td class=\"px-sm border-borderMain dark:border-borderMainDark min-w-[48px] border\" style=\"width: 60.2894%\">\n<p class=\"p1\">POD: USB k\u00e1bellel k\u00f6thet\u0151 \u00f6ssze asztali sz\u00e1m\u00edt\u00f3g\u00e9ppel vagy laptoppal<\/p>\n<p class=\"p1\">Cart: gurul\u00f3 \u00e1llv\u00e1nyos kiszerel\u00e9s<\/p>\n<\/td>\n<\/tr>\n<tr>\n<td class=\"px-sm border-borderMain dark:border-borderMainDark min-w-[48px] border\" style=\"width: 39.6302%\"><strong>Csomag tartalma<\/strong><\/td>\n<td class=\"px-sm border-borderMain dark:border-borderMainDark min-w-[48px] border\" style=\"width: 60.2894%\">\n<p class=\"p1\">Intraor\u00e1lis szkenner k\u00e9zidarab, sz\u00e1m\u00edt\u00f3g\u00e9p, sharpening tool, 3 db szkennerfej, 4 db szkennerfej<\/p>\n<\/td>\n<\/tr>\n<tr>\n<td class=\"px-sm border-borderMain dark:border-borderMainDark min-w-[48px] border\" style=\"width: 39.6302%\"><strong>Szkennel\u00e9si strat\u00e9gia<\/strong><\/td>\n<td class=\"px-sm border-borderMain dark:border-borderMainDark min-w-[48px] border\" style=\"width: 60.2894%\">\n<p class=\"p1\">Okkluz\u00e1lis, bukk\u00e1lis \u00e9s lingv\u00e1lis\/palatin\u00e1lis felsz\u00edn, majd harap\u00e1s regisztr\u00e1ci\u00f3 2 oldalon<\/p>\n<\/td>\n<\/tr>\n<tr>\n<td class=\"px-sm border-borderMain dark:border-borderMainDark min-w-[48px] border\" style=\"width: 39.6302%\"><strong>Szoftver<\/strong><\/td>\n<td class=\"px-sm border-borderMain dark:border-borderMainDark min-w-[48px] border\" style=\"width: 60.2894%\">\n<p class=\"p1\">INTRAORAL SCANNER 3.4.5.869<\/p>\n<\/td>\n<\/tr>\n<tr>\n<td class=\"px-sm border-borderMain dark:border-borderMainDark min-w-[48px] border\" style=\"width: 39.6302%\"><strong>Lek\u00e9pez\u00e9s<\/strong><\/td>\n<td class=\"px-sm border-borderMain dark:border-borderMainDark min-w-[48px] border\" style=\"width: 60.2894%\">\n<p class=\"p1\">Blue laser multiscan<\/p>\n<\/td>\n<\/tr>\n<tr>\n<td class=\"px-sm border-borderMain dark:border-borderMainDark min-w-[48px] border\" style=\"width: 39.6302%\"><strong>Indik\u00e1ci\u00f3s k\u00f6r<\/strong><\/td>\n<td class=\"px-sm border-borderMain dark:border-borderMainDark min-w-[48px] border\" style=\"width: 60.2894%\">\n<p class=\"p1\">Kezel\u00e9si terv k\u00e9sz\u00edt\u00e9s\u00e9re alkalmas, Protetikai, Implantol\u00f3gia, Fogszab\u00e1lyoz\u00e1s, Chairside<\/p>\n<\/td>\n<\/tr>\n<tr>\n<td class=\"px-sm border-borderMain dark:border-borderMainDark min-w-[48px] border\" style=\"width: 39.6302%\"><strong>Speci\u00e1lis tulajdons\u00e1gok<\/strong><\/td>\n<td class=\"px-sm border-borderMain dark:border-borderMainDark min-w-[48px] border\" style=\"width: 60.2894%\">\n<p class=\"p1\">Prepar\u00e1ci\u00f3s szkennel\u00e9si lehet\u0151s\u00e9g<\/p>\n<\/td>\n<\/tr>\n<\/tbody>\n<\/table>\n<p>&nbsp;<\/p>\n<p><img loading=\"lazy\" decoding=\"async\" class=\"alignleft wp-image-1362 size-large\" src=\"https:\/\/semmelweis.hu\/dentalszkenner\/files\/2024\/11\/Straumann-Virtuo-Vivo-1024x576.jpg\" alt=\"\" width=\"753\" height=\"424\" srcset=\"https:\/\/semmelweis.hu\/dentalszkenner\/files\/2024\/11\/Straumann-Virtuo-Vivo-1024x576.jpg 1024w, https:\/\/semmelweis.hu\/dentalszkenner\/files\/2024\/11\/Straumann-Virtuo-Vivo-400x225.jpg 400w, https:\/\/semmelweis.hu\/dentalszkenner\/files\/2024\/11\/Straumann-Virtuo-Vivo-768x432.jpg 768w, https:\/\/semmelweis.hu\/dentalszkenner\/files\/2024\/11\/Straumann-Virtuo-Vivo-753x424.jpg 753w, https:\/\/semmelweis.hu\/dentalszkenner\/files\/2024\/11\/Straumann-Virtuo-Vivo.jpg 1280w\" sizes=\"auto, (max-width: 753px) 100vw, 753px\" \/><\/p>\n<table style=\"height: 600px;width: 100%;border-collapse: collapse;background-color: #e4e3e1;border-color: #000000;border-style: none\">\n<tbody>\n<tr style=\"height: 38px\">\n<td style=\"width: 110.395%;height: 38px\" colspan=\"2\"><span style=\"font-size: 18pt;color: #c4af81\"><strong>VIRTUO VIVO<\/strong><\/span><\/td>\n<\/tr>\n<tr style=\"height: 32px\">\n<td class=\"px-sm border-borderMain dark:border-borderMainDark min-w-[48px] border\" style=\"width: 39.6546%;height: 32px\"><strong>T\u00e1vir\u00e1ny\u00edt\u00e1s<\/strong><\/td>\n<td class=\"px-sm border-borderMain dark:border-borderMainDark min-w-[48px] border\" style=\"width: 70.7404%;height: 32px\"><strong>Igen<\/strong>: <strong>1<\/strong>, Nem: 0<\/td>\n<\/tr>\n<tr style=\"height: 32px\">\n<td class=\"px-sm border-borderMain dark:border-borderMainDark min-w-[48px] border\" style=\"width: 39.6546%;height: 32px\"><strong>Konfigur\u00e1ci\u00f3<\/strong><\/td>\n<td class=\"px-sm border-borderMain dark:border-borderMainDark min-w-[48px] border\" style=\"width: 70.7404%;height: 32px\">Egy el\u00e9rhet\u0151: 0, <strong>T\u00f6bb v\u00e1laszthat\u00f3: 1<\/strong><\/td>\n<\/tr>\n<tr style=\"height: 32px\">\n<td class=\"px-sm border-borderMain dark:border-borderMainDark min-w-[48px] border\" style=\"width: 39.6546%;height: 32px\"><strong>F\u00e1jlok tov\u00e1bb\u00edt\u00e1s\u00e1nak m\u00f3dja<\/strong><\/td>\n<td class=\"px-sm border-borderMain dark:border-borderMainDark min-w-[48px] border\" style=\"width: 70.7404%;height: 32px\">Export\u00e1l\u00e1s ut\u00e1n e-mail: 0, <strong>Saj\u00e1t felh\u0151 alap\u00fa platform: 1<\/strong><\/td>\n<\/tr>\n<tr style=\"height: 32px\">\n<td class=\"px-sm border-borderMain dark:border-borderMainDark min-w-[48px] border\" style=\"width: 39.6546%;height: 32px\"><strong>Ny\u00edlt vs. Z\u00e1rt<\/strong><\/td>\n<td class=\"px-sm border-borderMain dark:border-borderMainDark min-w-[48px] border\" style=\"width: 70.7404%;height: 32px\">Z\u00e1rt: 0, <strong>Ny\u00edlt: 1<\/strong><\/td>\n<\/tr>\n<tr style=\"height: 62px\">\n<td class=\"px-sm border-borderMain dark:border-borderMainDark min-w-[48px] border\" style=\"width: 39.6546%;height: 62px\"><strong>Felhaszn\u00e1l\u00e1s<\/strong><\/td>\n<td class=\"px-sm border-borderMain dark:border-borderMainDark min-w-[48px] border\" style=\"width: 70.7404%;height: 62px\">\n<p><strong>Kezel\u00e9si terv k\u00e9sz\u00edt\u00e9se: 1, <\/strong><\/p>\n<p><strong>Fogp\u00f3tl\u00e1stan: 1, <\/strong><\/p>\n<p><strong>Implantol\u00f3gia: 1, <\/strong><\/p>\n<p><strong>Fogszab\u00e1lyoz\u00e1s: 1<\/strong>,<\/p>\n<p><strong>Chairside rendszer: 1<\/strong><\/p>\n<\/td>\n<\/tr>\n<tr style=\"height: 152px\">\n<td class=\"px-sm border-borderMain dark:border-borderMainDark min-w-[48px] border\" style=\"width: 39.6546%;height: 152px\"><strong>Speci\u00e1lis tulajdons\u00e1g<\/strong><\/td>\n<td class=\"px-sm border-borderMain dark:border-borderMainDark min-w-[48px] border\" style=\"width: 70.7404%;height: 152px\">\n<p>Fogsz\u00edn-meghat\u00e1roz\u00e1s: 1,<\/p>\n<p>Csonksz\u00edn-meghat\u00e1roz\u00e1s: 1,<\/p>\n<p>Egy\u00e9ni mozg\u00e1sp\u00e1ly\u00e1k detekt\u00e1l\u00e1sa: 1,<\/p>\n<p><strong>Preprepar\u00e1ci\u00f3s szkennel\u00e9s: 1,<\/strong><\/p>\n<p>Csap szkennel\u00e9s: 1,<\/p>\n<p>Lenyomat szkennel\u00e9s: 1,<\/p>\n<p>Fogsor munkafolyamat: 1,<\/p>\n<p>Smile design: 1,<\/p>\n<p>K\u00fcl\u00f6nb\u00f6z\u0151 m\u00e9ret\u0171 szkennerfej: 1,<\/p>\n<p>Caries detekt\u00e1l\u00e1s: 1<\/p>\n<\/td>\n<\/tr>\n<tr style=\"height: 32px\">\n<td class=\"px-sm border-borderMain dark:border-borderMainDark min-w-[48px] border\" style=\"width: 39.6546%;height: 32px\"><strong>T\u00e1mogat\u00e1s<\/strong><\/td>\n<td class=\"px-sm border-borderMain dark:border-borderMainDark min-w-[48px] border\" style=\"width: 70.7404%;height: 32px\"><strong>\u00c9venk\u00e9nt meg\u00faj\u00edtand\u00f3 licensz: 0<\/strong>, Korl\u00e1tlan t\u00e1mogat\u00e1s: 1<\/td>\n<\/tr>\n<tr style=\"height: 62px\">\n<td class=\"px-sm border-borderMain dark:border-borderMainDark min-w-[48px] border\" style=\"width: 39.6546%;height: 62px\"><strong>Szerviz<\/strong><\/td>\n<td class=\"px-sm border-borderMain dark:border-borderMainDark min-w-[48px] border\" style=\"width: 70.7404%;height: 62px\"><strong>K\u00fclf\u00f6ldi\/online szakszerviz: 0.5,<\/strong> Hazai szakszerviz vagy 24 \u00f3r\u00e1n bel\u00fcli cserek\u00e9sz\u00fcl\u00e9k biztos\u00edt\u00e1sa: 1<\/td>\n<\/tr>\n<tr style=\"height: 32px\">\n<td class=\"px-sm border-borderMain dark:border-borderMainDark min-w-[48px] border\" style=\"width: 39.6546%;height: 32px\"><strong>Oktat\u00e1s<\/strong><\/td>\n<td class=\"px-sm border-borderMain dark:border-borderMainDark min-w-[48px] border\" style=\"width: 70.7404%;height: 32px\">Nem megoldott: 0, <strong>K\u00fclf\u00f6ldi\/online: 0.5<\/strong>, Hazai: 1<\/td>\n<\/tr>\n<\/tbody>\n<\/table>\n<p>&nbsp;<\/p>\n<p>&nbsp;<\/p>\n<table class=\"border-borderMain dark:border-borderMainDark my-[1em] w-full table-auto border\" style=\"background-color: #e4e3e1\">\n<tbody>\n<tr style=\"height: 38px\">\n<td style=\"width: 99.9196%;height: 38px\" colspan=\"2\"><span style=\"font-size: 18pt;color: #c4af81\"><strong>VIRTUO VIVO<\/strong><\/span><\/td>\n<\/tr>\n<tr>\n<th class=\"px-sm py-sm whitespace-nowrap\" style=\"text-align: center\" colspan=\"2\"><strong>Eredm\u00e9nyek<\/strong><\/th>\n<\/tr>\n<tr>\n<td class=\"px-sm border-borderMain dark:border-borderMainDark min-w-[48px] border\"><strong>\u00d6sszefoglal\u00f3 t\u00e1bl\u00e1zat<\/strong><\/td>\n<td class=\"px-sm border-borderMain dark:border-borderMainDark min-w-[48px] border\">11\/22 pont<\/td>\n<\/tr>\n<tr>\n<td class=\"px-sm border-borderMain dark:border-borderMainDark min-w-[48px] border\"><strong>Modell szkennel\u00e9si sebess\u00e9g<\/strong><\/td>\n<td class=\"px-sm border-borderMain dark:border-borderMainDark min-w-[48px] border\">3 perc 25 m\u00e1sodperc<\/td>\n<\/tr>\n<tr>\n<td class=\"px-sm border-borderMain dark:border-borderMainDark min-w-[48px] border\"><strong>Szkennerfej ker\u00fclete<\/strong><\/td>\n<td class=\"px-sm border-borderMain dark:border-borderMainDark min-w-[48px] border\">67 mm<\/td>\n<\/tr>\n<tr>\n<td class=\"px-sm border-borderMain dark:border-borderMainDark min-w-[48px] border\"><strong>Szkenner k\u00e9zidarab t\u00f6meg<\/strong><\/td>\n<td class=\"px-sm border-borderMain dark:border-borderMainDark min-w-[48px] border\">165 gramm<\/td>\n<\/tr>\n<tr>\n<td class=\"px-sm border-borderMain dark:border-borderMainDark min-w-[48px] border\"><strong>Klinikai szkennel\u00e9si sebess\u00e9g<\/strong><\/td>\n<td class=\"px-sm border-borderMain dark:border-borderMainDark min-w-[48px] border\">6 perc 16 m\u00e1sodperc<\/td>\n<\/tr>\n<\/tbody>\n<\/table>\n<p>&nbsp;<\/p>\n<\/div>\n<\/div>\n<p>&nbsp;<\/p>\n","protected":false},"excerpt":{"rendered":"<p><a class=\"expand-cnt-link\" href=\"#\">DWIO <\/a> DIWO Forgalomba hozatal 2015 Konfigur\u00e1ci\u00f3k Portable: USB k\u00e1bellel k\u00f6thet\u0151 \u00f6ssze asztali sz\u00e1m\u00edt\u00f3g\u00e9ppel vagy laptoppal Cart: gurul\u00f3 \u00e1llv\u00e1nyos kiszerel\u00e9s Csomag tartalma Intraor\u00e1lis szkenner\/\u00e1llv\u00e1ny, \u00e9rint\u0151k\u00e9perny\u0151vel rendelkez\u0151 kijelz\u0151 Szkennel\u00e9si strat\u00e9gia Okkl\u00faz\u00e1lis, palatin\u00e1lis\/lingv\u00e1lis, bukk\u00e1lis felsz\u00edn majd harap\u00e1sregisztr\u00e1ci\u00f3 mindk\u00e9t oldalon Szoftver nincs adat Lek\u00e9pez\u00e9s Videoszekvencia Indik\u00e1ci\u00f3s k\u00f6r Protetikai felhaszn\u00e1l\u00e1s Speci\u00e1lis tulajdons\u00e1gok Ez az intraor\u00e1lis szkenner nem rendelkezik speci\u00e1lis tulajdons\u00e1ggal &nbsp; &hellip;<\/p>\n","protected":false},"author":102303,"featured_media":0,"parent":116,"menu_order":14,"comment_status":"closed","ping_status":"closed","template":"","meta":{"_acf_changed":false,"footnotes":""},"categories":[],"tags":[],"class_list":["post-109","page","type-page","status-publish","hentry"],"acf":[],"_links":{"self":[{"href":"https:\/\/semmelweis.hu\/dentalszkenner\/wp-json\/wp\/v2\/pages\/109","targetHints":{"allow":["GET"]}}],"collection":[{"href":"https:\/\/semmelweis.hu\/dentalszkenner\/wp-json\/wp\/v2\/pages"}],"about":[{"href":"https:\/\/semmelweis.hu\/dentalszkenner\/wp-json\/wp\/v2\/types\/page"}],"author":[{"embeddable":true,"href":"https:\/\/semmelweis.hu\/dentalszkenner\/wp-json\/wp\/v2\/users\/102303"}],"replies":[{"embeddable":true,"href":"https:\/\/semmelweis.hu\/dentalszkenner\/wp-json\/wp\/v2\/comments?post=109"}],"version-history":[{"count":10,"href":"https:\/\/semmelweis.hu\/dentalszkenner\/wp-json\/wp\/v2\/pages\/109\/revisions"}],"predecessor-version":[{"id":1663,"href":"https:\/\/semmelweis.hu\/dentalszkenner\/wp-json\/wp\/v2\/pages\/109\/revisions\/1663"}],"up":[{"embeddable":true,"href":"https:\/\/semmelweis.hu\/dentalszkenner\/wp-json\/wp\/v2\/pages\/116"}],"wp:attachment":[{"href":"https:\/\/semmelweis.hu\/dentalszkenner\/wp-json\/wp\/v2\/media?parent=109"}],"wp:term":[{"taxonomy":"category","embeddable":true,"href":"https:\/\/semmelweis.hu\/dentalszkenner\/wp-json\/wp\/v2\/categories?post=109"},{"taxonomy":"post_tag","embeddable":true,"href":"https:\/\/semmelweis.hu\/dentalszkenner\/wp-json\/wp\/v2\/tags?post=109"}],"curies":[{"name":"wp","href":"https:\/\/api.w.org\/{rel}","templated":true}]}}