{"id":103,"date":"2023-11-08T18:11:38","date_gmt":"2023-11-08T17:11:38","guid":{"rendered":"https:\/\/semmelweis.hu\/dentalszkenner\/?page_id=103"},"modified":"2025-10-13T09:13:35","modified_gmt":"2025-10-13T07:13:35","slug":"panda","status":"publish","type":"page","link":"https:\/\/semmelweis.hu\/dentalszkenner\/intraoralis-szkennerek\/panda\/","title":{"rendered":"Panda Scanner"},"content":{"rendered":"<div class=\"exp-col-content-holder\"><a class=\"expand-cnt-link\" href=\"#\">Panda Smart<img loading=\"lazy\" decoding=\"async\" class=\"alignnone wp-image-588 \" src=\"https:\/\/semmelweis.hu\/dentalszkenner\/files\/2023\/12\/panda-smart-400x149.jpg\" alt=\"\" width=\"110\" height=\"41\" srcset=\"https:\/\/semmelweis.hu\/dentalszkenner\/files\/2023\/12\/panda-smart-400x149.jpg 400w, https:\/\/semmelweis.hu\/dentalszkenner\/files\/2023\/12\/panda-smart-768x286.jpg 768w, https:\/\/semmelweis.hu\/dentalszkenner\/files\/2023\/12\/panda-smart-753x280.jpg 753w, https:\/\/semmelweis.hu\/dentalszkenner\/files\/2023\/12\/panda-smart.jpg 945w\" sizes=\"auto, (max-width: 110px) 100vw, 110px\" \/><\/a><\/p>\n<div class=\"hidden-content\">\n<table style=\"height: 600px;width: 100%;border-collapse: collapse;background-color: #e4e3e1;border-color: #000000;border-style: none\">\n<tbody>\n<tr style=\"height: 38px\">\n<td style=\"width: 99.9196%;height: 38px\" colspan=\"2\"><span style=\"font-size: 18pt;color: #c4af81\"><strong>PANDA SMART<\/strong><\/span><\/td>\n<\/tr>\n<tr>\n<td class=\"px-sm border-borderMain dark:border-borderMainDark min-w-[48px] border\" style=\"width: 39.6302%\"><strong>Forgalomba hozatal<\/strong><\/td>\n<td class=\"px-sm border-borderMain dark:border-borderMainDark min-w-[48px] border\" style=\"width: 60.2894%\"><span class=\"OYPEnA font-feature-liga-off font-feature-clig-off font-feature-calt-off text-decoration-none text-strikethrough-none\">Freqty Technology, 2023<\/span><\/td>\n<\/tr>\n<tr>\n<td class=\"px-sm border-borderMain dark:border-borderMainDark min-w-[48px] border\" style=\"width: 39.6302%\"><strong>Konfigur\u00e1ci\u00f3k<\/strong><\/td>\n<td class=\"px-sm border-borderMain dark:border-borderMainDark min-w-[48px] border\" style=\"width: 60.2894%\"><span class=\"OYPEnA font-feature-liga-off font-feature-clig-off font-feature-calt-off text-decoration-none text-strikethrough-none\">Pod vagy gurul\u00f3\u00e1llv\u00e1nyos verzi\u00f3 (wired)<\/span><\/td>\n<\/tr>\n<tr>\n<td class=\"px-sm border-borderMain dark:border-borderMainDark min-w-[48px] border\" style=\"width: 39.6302%\"><strong>Csomag tartalma<\/strong><\/td>\n<td class=\"px-sm border-borderMain dark:border-borderMainDark min-w-[48px] border\" style=\"width: 60.2894%\"><span class=\"OYPEnA font-feature-liga-off font-feature-clig-off font-feature-calt-off text-decoration-none text-strikethrough-none\">Intraor\u00e1lis szkenner k\u00e9zidarab, k\u00e9zdarab tart\u00f3,<\/span> <span class=\"OYPEnA font-feature-liga-off font-feature-clig-off font-feature-calt-off text-decoration-none text-strikethrough-none\">adapter, kalibr\u00e1tor, USB kulcs, h\u00e1l\u00f3zati k\u00e1bel , 4 db fej<\/span><\/td>\n<\/tr>\n<tr>\n<td class=\"px-sm border-borderMain dark:border-borderMainDark min-w-[48px] border\" style=\"width: 39.6302%\"><strong>Szkennel\u00e9si strat\u00e9gia<\/strong><\/td>\n<td class=\"px-sm border-borderMain dark:border-borderMainDark min-w-[48px] border\" style=\"width: 60.2894%\">Fel\u00fcl okkl\u00faz\u00e1lis, bukk\u00e1lis majd palatin\u00e1lis felsz\u00edn. Alul okkluz\u00e1lis, lingv\u00e1lis majd buccalis felsz\u00edn<\/td>\n<\/tr>\n<tr>\n<td class=\"px-sm border-borderMain dark:border-borderMainDark min-w-[48px] border\" style=\"width: 39.6302%\"><strong>Szoftver<\/strong><\/td>\n<td class=\"px-sm border-borderMain dark:border-borderMainDark min-w-[48px] border\" style=\"width: 60.2894%\"><span class=\"OYPEnA font-feature-liga-off font-feature-clig-off font-feature-calt-off text-decoration-none text-strikethrough-none\">V1.4.0.3548_1.0.2<\/span><\/td>\n<\/tr>\n<tr>\n<td class=\"px-sm border-borderMain dark:border-borderMainDark min-w-[48px] border\" style=\"width: 39.6302%\"><strong>Lek\u00e9pez\u00e9s<\/strong><\/td>\n<td class=\"px-sm border-borderMain dark:border-borderMainDark min-w-[48px] border\" style=\"width: 60.2894%\"><span class=\"OYPEnA font-feature-liga-off font-feature-clig-off font-feature-calt-off text-decoration-none text-strikethrough-none\">Staring Scanning with Coded Structured Light<\/span><\/td>\n<\/tr>\n<tr>\n<td class=\"px-sm border-borderMain dark:border-borderMainDark min-w-[48px] border\" style=\"width: 39.6302%\"><strong>Indik\u00e1ci\u00f3s k\u00f6r<\/strong><\/td>\n<td class=\"px-sm border-borderMain dark:border-borderMainDark min-w-[48px] border\" style=\"width: 60.2894%\"><span class=\"OYPEnA font-feature-liga-off font-feature-clig-off font-feature-calt-off text-decoration-none text-strikethrough-none\">Protetikai<\/span> <span class=\"OYPEnA font-feature-liga-off font-feature-clig-off font-feature-calt-off text-decoration-none text-strikethrough-none\">munka, fogszab\u00e1lyoz\u00e1s, implant\u00e1ci\u00f3s tervez\u00e9s<\/span><\/td>\n<\/tr>\n<tr>\n<td class=\"px-sm border-borderMain dark:border-borderMainDark min-w-[48px] border\" style=\"width: 39.6302%\"><strong>Speci\u00e1lis tulajdons\u00e1gok<\/strong><\/td>\n<td class=\"px-sm border-borderMain dark:border-borderMainDark min-w-[48px] border\" style=\"width: 60.2894%\">\n<p><span class=\"OYPEnA font-feature-liga-off font-feature-clig-off font-feature-calt-off text-decoration-none text-strikethrough-none\">Prepar\u00e1ci\u00f3s szkennel\u00e9si lehet\u0151s\u00e9g, lenyomat szkennel\u00e9s<\/span><\/p>\n<\/td>\n<\/tr>\n<\/tbody>\n<\/table>\n<p>&nbsp;<\/p>\n<p>&nbsp;<\/p>\n<table style=\"height: 600px;width: 100%;border-collapse: collapse;background-color: #e4e3e1;border-color: #000000;border-style: none\">\n<tbody>\n<tr style=\"height: 38px\">\n<td style=\"width: 110.395%;height: 38px\" colspan=\"2\"><span style=\"font-size: 18pt;color: #c4af81\"><strong>PANDA SMART<\/strong><\/span><\/td>\n<\/tr>\n<tr style=\"height: 32px\">\n<td class=\"px-sm border-borderMain dark:border-borderMainDark min-w-[48px] border\" style=\"width: 39.6546%;height: 32px\"><strong>T\u00e1vir\u00e1ny\u00edt\u00e1s<\/strong><\/td>\n<td class=\"px-sm border-borderMain dark:border-borderMainDark min-w-[48px] border\" style=\"width: 70.7404%;height: 32px\"><strong>Igen<\/strong>: <strong>1<\/strong>, Nem: 0<\/td>\n<\/tr>\n<tr style=\"height: 32px\">\n<td class=\"px-sm border-borderMain dark:border-borderMainDark min-w-[48px] border\" style=\"width: 39.6546%;height: 32px\"><strong>Konfigur\u00e1ci\u00f3<\/strong><\/td>\n<td class=\"px-sm border-borderMain dark:border-borderMainDark min-w-[48px] border\" style=\"width: 70.7404%;height: 32px\">Egy el\u00e9rhet\u0151: 0, <strong>T\u00f6bb v\u00e1laszthat\u00f3: 1<\/strong><\/td>\n<\/tr>\n<tr style=\"height: 32px\">\n<td class=\"px-sm border-borderMain dark:border-borderMainDark min-w-[48px] border\" style=\"width: 39.6546%;height: 32px\"><strong>F\u00e1jlok tov\u00e1bb\u00edt\u00e1s\u00e1nak m\u00f3dja<\/strong><\/td>\n<td class=\"px-sm border-borderMain dark:border-borderMainDark min-w-[48px] border\" style=\"width: 70.7404%;height: 32px\">Export\u00e1l\u00e1s ut\u00e1n e-mail: 0, <strong>Saj\u00e1t felh\u0151 alap\u00fa platform: 1<\/strong><\/td>\n<\/tr>\n<tr style=\"height: 32px\">\n<td class=\"px-sm border-borderMain dark:border-borderMainDark min-w-[48px] border\" style=\"width: 39.6546%;height: 32px\"><strong>Ny\u00edlt vs. Z\u00e1rt<\/strong><\/td>\n<td class=\"px-sm border-borderMain dark:border-borderMainDark min-w-[48px] border\" style=\"width: 70.7404%;height: 32px\">Z\u00e1rt: 0, <strong>Ny\u00edlt: 1<\/strong><\/td>\n<\/tr>\n<tr style=\"height: 62px\">\n<td class=\"px-sm border-borderMain dark:border-borderMainDark min-w-[48px] border\" style=\"width: 39.6546%;height: 62px\"><strong>Felhaszn\u00e1l\u00e1s<\/strong><\/td>\n<td class=\"px-sm border-borderMain dark:border-borderMainDark min-w-[48px] border\" style=\"width: 70.7404%;height: 62px\">\n<p><strong>Kezel\u00e9si terv k\u00e9sz\u00edt\u00e9se: 1, <\/strong><\/p>\n<p><strong>Fogp\u00f3tl\u00e1stan: 1, <\/strong><\/p>\n<p><strong>Implantol\u00f3gia: 1, <\/strong><\/p>\n<p><strong>Fogszab\u00e1lyoz\u00e1s: 1<\/strong>,<\/p>\n<p>Chairside rendszer: 1<\/p>\n<\/td>\n<\/tr>\n<tr style=\"height: 152px\">\n<td class=\"px-sm border-borderMain dark:border-borderMainDark min-w-[48px] border\" style=\"width: 39.6546%;height: 152px\"><strong>Speci\u00e1lis tulajdons\u00e1g<\/strong><\/td>\n<td class=\"px-sm border-borderMain dark:border-borderMainDark min-w-[48px] border\" style=\"width: 70.7404%;height: 152px\">\n<p>Fogsz\u00edn-meghat\u00e1roz\u00e1s: 1,<\/p>\n<p>Csonksz\u00edn-meghat\u00e1roz\u00e1s: 1,<\/p>\n<p>Egy\u00e9ni mozg\u00e1sp\u00e1ly\u00e1k detekt\u00e1l\u00e1sa: 1,<\/p>\n<p><strong>Preprepar\u00e1ci\u00f3s szkennel\u00e9s: 1,<\/strong><\/p>\n<p>Csap szkennel\u00e9s: 1,<\/p>\n<p><strong>Lenyomat szkennel\u00e9s: 1<\/strong>,<\/p>\n<p>Fogsor munkafolyamat: 1,<\/p>\n<p>Smile design: 1,<\/p>\n<p>K\u00fcl\u00f6nb\u00f6z\u0151 m\u00e9ret\u0171 szkennerfej: 1,<\/p>\n<p>Caries detekt\u00e1l\u00e1s: 1<\/p>\n<\/td>\n<\/tr>\n<tr style=\"height: 32px\">\n<td class=\"px-sm border-borderMain dark:border-borderMainDark min-w-[48px] border\" style=\"width: 39.6546%;height: 32px\"><strong>T\u00e1mogat\u00e1s<\/strong><\/td>\n<td class=\"px-sm border-borderMain dark:border-borderMainDark min-w-[48px] border\" style=\"width: 70.7404%;height: 32px\">\u00c9venk\u00e9nt meg\u00faj\u00edtand\u00f3 licensz: 0, <strong>Korl\u00e1tlan t\u00e1mogat\u00e1s: 1<\/strong><\/td>\n<\/tr>\n<tr style=\"height: 62px\">\n<td class=\"px-sm border-borderMain dark:border-borderMainDark min-w-[48px] border\" style=\"width: 39.6546%;height: 62px\"><strong>Szerviz<\/strong><\/td>\n<td class=\"px-sm border-borderMain dark:border-borderMainDark min-w-[48px] border\" style=\"width: 70.7404%;height: 62px\"><strong>K\u00fclf\u00f6ldi\/online szakszerviz: 0.5<\/strong>, Hazai szakszerviz vagy 24 \u00f3r\u00e1n bel\u00fcli cserek\u00e9sz\u00fcl\u00e9k biztos\u00edt\u00e1sa: 1<\/td>\n<\/tr>\n<tr style=\"height: 32px\">\n<td class=\"px-sm border-borderMain dark:border-borderMainDark min-w-[48px] border\" style=\"width: 39.6546%;height: 32px\"><strong>Oktat\u00e1s<\/strong><\/td>\n<td class=\"px-sm border-borderMain dark:border-borderMainDark min-w-[48px] border\" style=\"width: 70.7404%;height: 32px\">Nem megoldott: 0, K\u00fclf\u00f6ldi\/online: 0.5, <strong>Hazai: 1<\/strong><\/td>\n<\/tr>\n<\/tbody>\n<\/table>\n<p>&nbsp;<\/p>\n<p>&nbsp;<\/p>\n<table class=\"border-borderMain dark:border-borderMainDark my-[1em] w-full table-auto border\" style=\"background-color: #e4e3e1\">\n<tbody>\n<tr style=\"height: 38px\">\n<td style=\"width: 99.9196%;height: 38px\" colspan=\"2\"><span style=\"font-size: 18pt;color: #c4af81\"><strong>PANDA SMART<\/strong><\/span><\/td>\n<\/tr>\n<tr>\n<th class=\"px-sm py-sm whitespace-nowrap\" style=\"text-align: center\" colspan=\"2\"><strong>Eredm\u00e9nyek<\/strong><\/th>\n<\/tr>\n<tr>\n<td class=\"px-sm border-borderMain dark:border-borderMainDark min-w-[48px] border\"><strong>\u00d6sszefoglal\u00f3 t\u00e1bl\u00e1zat<\/strong><\/td>\n<td class=\"px-sm border-borderMain dark:border-borderMainDark min-w-[48px] border\">12,5\/22 pont<\/td>\n<\/tr>\n<tr>\n<td class=\"px-sm border-borderMain dark:border-borderMainDark min-w-[48px] border\"><strong>Modell szkennel\u00e9si sebess\u00e9g<\/strong><\/td>\n<td class=\"px-sm border-borderMain dark:border-borderMainDark min-w-[48px] border\">2 perc 10 m\u00e1sodperc<\/td>\n<\/tr>\n<tr>\n<td class=\"px-sm border-borderMain dark:border-borderMainDark min-w-[48px] border\"><strong>Szkennerfej ker\u00fclete<\/strong><\/td>\n<td class=\"px-sm border-borderMain dark:border-borderMainDark min-w-[48px] border\">65 mm<\/td>\n<\/tr>\n<tr>\n<td class=\"px-sm border-borderMain dark:border-borderMainDark min-w-[48px] border\"><strong>Szkenner k\u00e9zidarab t\u00f6meg<\/strong><\/td>\n<td class=\"px-sm border-borderMain dark:border-borderMainDark min-w-[48px] border\">216 gramm<\/td>\n<\/tr>\n<tr>\n<td class=\"px-sm border-borderMain dark:border-borderMainDark min-w-[48px] border\"><strong>Klinikai szkennel\u00e9si sebess\u00e9g<\/strong><\/td>\n<td class=\"px-sm border-borderMain dark:border-borderMainDark min-w-[48px] border\">4 perc 20 m\u00e1sodperc<\/td>\n<\/tr>\n<\/tbody>\n<\/table>\n<p>&nbsp;<\/p>\n<p>&nbsp;<\/p>\n<\/div>\n<\/div>\n<p>&nbsp;<\/p>\n","protected":false},"excerpt":{"rendered":"<p><a class=\"expand-cnt-link\" href=\"#\">Panda Smart<\/a> PANDA SMART Forgalomba hozatal Freqty Technology, 2023 Konfigur\u00e1ci\u00f3k Pod vagy gurul\u00f3\u00e1llv\u00e1nyos verzi\u00f3 (wired) Csomag tartalma Intraor\u00e1lis szkenner k\u00e9zidarab, k\u00e9zdarab tart\u00f3, adapter, kalibr\u00e1tor, USB kulcs, h\u00e1l\u00f3zati k\u00e1bel , 4 db fej Szkennel\u00e9si strat\u00e9gia Fel\u00fcl okkl\u00faz\u00e1lis, bukk\u00e1lis majd palatin\u00e1lis felsz\u00edn. Alul okkluz\u00e1lis, lingv\u00e1lis majd buccalis felsz\u00edn Szoftver V1.4.0.3548_1.0.2 Lek\u00e9pez\u00e9s Staring Scanning with Coded Structured Light Indik\u00e1ci\u00f3s k\u00f6r &hellip;<\/p>\n","protected":false},"author":102303,"featured_media":0,"parent":116,"menu_order":11,"comment_status":"closed","ping_status":"closed","template":"","meta":{"_acf_changed":false,"footnotes":""},"categories":[],"tags":[],"class_list":["post-103","page","type-page","status-publish","hentry"],"acf":[],"_links":{"self":[{"href":"https:\/\/semmelweis.hu\/dentalszkenner\/wp-json\/wp\/v2\/pages\/103","targetHints":{"allow":["GET"]}}],"collection":[{"href":"https:\/\/semmelweis.hu\/dentalszkenner\/wp-json\/wp\/v2\/pages"}],"about":[{"href":"https:\/\/semmelweis.hu\/dentalszkenner\/wp-json\/wp\/v2\/types\/page"}],"author":[{"embeddable":true,"href":"https:\/\/semmelweis.hu\/dentalszkenner\/wp-json\/wp\/v2\/users\/102303"}],"replies":[{"embeddable":true,"href":"https:\/\/semmelweis.hu\/dentalszkenner\/wp-json\/wp\/v2\/comments?post=103"}],"version-history":[{"count":10,"href":"https:\/\/semmelweis.hu\/dentalszkenner\/wp-json\/wp\/v2\/pages\/103\/revisions"}],"predecessor-version":[{"id":1666,"href":"https:\/\/semmelweis.hu\/dentalszkenner\/wp-json\/wp\/v2\/pages\/103\/revisions\/1666"}],"up":[{"embeddable":true,"href":"https:\/\/semmelweis.hu\/dentalszkenner\/wp-json\/wp\/v2\/pages\/116"}],"wp:attachment":[{"href":"https:\/\/semmelweis.hu\/dentalszkenner\/wp-json\/wp\/v2\/media?parent=103"}],"wp:term":[{"taxonomy":"category","embeddable":true,"href":"https:\/\/semmelweis.hu\/dentalszkenner\/wp-json\/wp\/v2\/categories?post=103"},{"taxonomy":"post_tag","embeddable":true,"href":"https:\/\/semmelweis.hu\/dentalszkenner\/wp-json\/wp\/v2\/tags?post=103"}],"curies":[{"name":"wp","href":"https:\/\/api.w.org\/{rel}","templated":true}]}}