{"id":6426,"date":"2017-09-04T12:54:30","date_gmt":"2017-09-04T10:54:30","guid":{"rendered":"http:\/\/semmelweis.hu\/dei\/?page_id=6426"},"modified":"2025-10-10T12:05:18","modified_gmt":"2025-10-10T10:05:18","slug":"intezet","status":"publish","type":"page","link":"https:\/\/semmelweis.hu\/dei\/intezet\/","title":{"rendered":"Digit\u00e1lis Eg\u00e9szs\u00e9gtudom\u00e1nyi Int\u00e9zet"},"content":{"rendered":"<h1 style=\"text-align: left\">Digit\u00e1lis Eg\u00e9szs\u00e9gtudom\u00e1nyi Int\u00e9zet<\/h1>\n<div class=\"keretes w-100\">\n<ul style=\"list-style-type: square\">\n<li class=\"page_item page-item-6421\">\n<div class=\"w-100\"><a href=\"https:\/\/semmelweis.hu\/dei\/intezet\/intezet-tortenete\/\" target=\"_blank\" rel=\"noopener\">Az Int\u00e9zet t\u00f6rt\u00e9nete<\/a><\/div>\n<\/li>\n<li class=\"page_item page-item-5040\"><a href=\"https:\/\/semmelweis.hu\/dei\/intezet\/egeszsegugyi-szervezo-szak\/\" target=\"_blank\" rel=\"noopener\">Szak le\u00edr\u00e1sa<\/a><\/li>\n<li class=\"page_item page-item-6439\">\n<div class=\"w-100\"><a href=\"https:\/\/semmelweis.hu\/dei\/intezet\/munkatarsak\/\" target=\"_blank\" rel=\"noopener\">Munkat\u00e1rsak<\/a><\/div>\n<\/li>\n<li class=\"page_item page-item-43\">\n<div class=\"w-100\"><a href=\"https:\/\/semmelweis.hu\/dei\/intezet\/elerhetosegek\/\" target=\"_blank\" rel=\"noopener\">El\u00e9rhet\u0151s\u00e9gek<\/a><\/div>\n<\/li>\n<\/ul>\n<\/div>\n<p style=\"text-align: justify\">A XX. \u00e9s XXI. sz\u00e1zad technol\u00f3giai robban\u00e1sa alapjaiban v\u00e1ltoztatta meg a k\u00f6r\u00fcl\u00f6tt\u00fcnk l\u00e9v\u0151 vil\u00e1got, \u00edgy az eg\u00e9szs\u00e9g\u00fcgyet is. A Semmelweis Egyetem a fejl\u0151d\u00e9s st\u00e1diumai szerint egyre nagyobb hangs\u00falyt fektetett a naprak\u00e9sz informatikai tud\u00e1s \u00e1tad\u00e1s\u00e1ra \u00e9s az innovat\u00edv eg\u00e9szs\u00e9g\u00fcgyi ir\u00e1nyok felt\u00e9rk\u00e9pez\u00e9s\u00e9re. A Digit\u00e1lis Eg\u00e9szs\u00e9gtudom\u00e1nyi Int\u00e9zet t\u00f6rt\u00e9nete a szobam\u00e9ret\u0171 sz\u00e1m\u00edt\u00f3g\u00e9pek korszak\u00e1ig ny\u00falik vissza, amikor az\u00a0 Egyetem megalap\u00edtotta az informatik\u00e1ra szakosodott Sz\u00e1m\u00edt\u00e1stechnikai Csoportj\u00e1t 1974-ben.\u00a0 A technol\u00f3gia fejl\u0151d\u00e9s\u00e9vel megjelentek az els\u0151 szem\u00e9lyi sz\u00e1m\u00edt\u00f3g\u00e9pek, \u00edgy az informatika mindenki sz\u00e1m\u00e1ra el\u00e9rhet\u0151v\u00e9 v\u00e1lt.<\/p>\n<p style=\"text-align: justify\">A Sz\u00e1m\u00edt\u00f3k\u00f6zpont ezt felismerve 1986-ban ind\u00edtotta el a mind a mai napig k\u00f6telez\u0151 sz\u00e1m\u00edt\u00e1stechnikai tant\u00e1rgy oktat\u00e1s\u00e1t az Egyetem akkori h\u00e1rom kar\u00e1n. A kilencvenes \u00e9s k\u00e9tezres \u00e9vek \u00fajabb technol\u00f3giai robban\u00e1s\u00e1nak hat\u00e1s\u00e1ra az asztali g\u00e9peket felv\u00e1ltott\u00e1k a k\u00f6nny\u0171 \u00e9s olcs\u00f3 laptopok \u00e9s megjelentek, majd ellept\u00e9k a piacot a k\u00fcl\u00f6nb\u00f6z\u0151 mobil eszk\u00f6z\u00f6k. A v\u00e1ltoz\u00e1sra az Egyetem \u00f6n\u00e1ll\u00f3 Eg\u00e9szs\u00e9g\u00fcgyi Informatikai Fejleszt\u0151 \u00e9s Tov\u00e1bbk\u00e9pz\u0151 Int\u00e9zet l\u00e9trehoz\u00e1s\u00e1val v\u00e1laszolt, amely az \u00c1ltal\u00e1nos Orvostudom\u00e1nyi Karon bel\u00fcl kezdte meg a m\u0171k\u00f6d\u00e9s\u00e9t. Az Int\u00e9zet \u00e9s az informatika preszt\u00edzs\u00e9nek n\u00f6veked\u00e9s\u00e9t mutatta, hogy 2010-ben az egyik alap\u00edt\u00f3 tagja lett az Eg\u00e9szs\u00e9g\u00fcgyi K\u00f6zszolg\u00e1lati Karnak.<\/p>\n<p style=\"text-align: justify\">A m\u00e1r-m\u00e1r hagyom\u00e1nyosnak sz\u00e1m\u00edt\u00f3 informatika oktat\u00e1s\u00e1n t\u00fal, az <a href=\"https:\/\/semmelweis.hu\/dei\/oktatas\/egeszsegugyi-szervezo-bsc\/\" target=\"_blank\" rel=\"noopener\">eg\u00e9szs\u00e9g\u00fcgyi szervez\u0151 BSc alapk\u00e9pz\u00e9si szak<\/a>ra v\u00e1rja a j\u00f6v\u0151 eg\u00e9szs\u00e9g\u00fcgy\u00e9t megismerni v\u00e1gy\u00f3 hallgat\u00f3kat a Digit\u00e1lis Eg\u00e9szs\u00e9gtudom\u00e1nyi Int\u00e9zet.<\/p>\n<p style=\"text-align: justify\">Ma az okosabbn\u00e1l is okosabb eszk\u00f6z\u00f6k vil\u00e1g\u00e1ban az eg\u00e9szs\u00e9g\u00fcgy az egyik leggyorsabban fejl\u0151d\u0151 \u00e1gazat a vil\u00e1gon. \u00daj gy\u00f3gyszerek, g\u00e9pek, eszk\u00f6z\u00f6k, ezeket m\u0171k\u00f6dtet\u0151 informatikai rendszerek jelennek meg nap, mint nap a piacon, ami \u00fajabb \u00e9s \u00fajabb kih\u00edv\u00e1sok el\u00e9 \u00e1ll\u00edtja az eg\u00e9szs\u00e9g\u00fcgyben dolgoz\u00f3kat. A Digit\u00e1lis Eg\u00e9szs\u00e9gtudom\u00e1nyi Int\u00e9zet szak\u00e9rt\u0151i akt\u00edv r\u00e9szesei a hazai \u00e9s nemzetk\u00f6zi diskurzusnak, a bontakoz\u00f3 e-eg\u00e9szs\u00e9g\u00fcgy fejleszt\u00e9s\u00e9nek \u00e9s a BIG DATA \u00e9s h\u00e1l\u00f3zatelemz\u00e9si kutat\u00e1soknak.<\/p>\n<p style=\"text-align: justify\"><strong>SZAKMAI PROFILOK<\/strong> \u00b7 Az Int\u00e9zet tev\u00e9kenys\u00e9g\u00e9t az elektronikus eg\u00e9szs\u00e9g\u00fcgy (e-Health) ter\u00fclet\u00e9n fejti ki. Ide tartozik minden, az eg\u00e9szs\u00e9g\u00fcgyi szerepl\u0151k \u00e1ltal haszn\u00e1lt informatikai eszk\u00f6z \u00e9s rendszer, rendszer- \u00e9s folyamatszervez\u00e9si m\u00f3dszertan, \u00e1gazaton bel\u00fcli \u00e9s k\u00edv\u00fcli adat\u00e1raml\u00e1st \u00e9s -elemz\u00e9st lehet\u0151v\u00e9 tev\u0151 szabv\u00e1nyos megold\u00e1s, valamint az ell\u00e1t\u00e1sban haszn\u00e1lt prevenci\u00f3s, diagnosztikai, ter\u00e1pi\u00e1s \u00e9s rehabilit\u00e1ci\u00f3s informatikai eszk\u00f6z is.<\/p>\n<p style=\"text-align: justify\"><strong>KUTAT\u00c1SI TER\u00dcLETEK<\/strong> \u00b7 telemedicina, web fejleszt\u00e9sek eg\u00e9szs\u00e9g\u00fcgyi c\u00e9lokra, Eur\u00f3pai Uni\u00f3s Eg\u00e9szs\u00e9g\u00fcgyi Egy\u00fcttm\u0171k\u00f6d\u00e9s informatikai r\u00e9szter\u00fclete, eg\u00e9szs\u00e9g\u00fcgyi alkalmaz\u00e1sok fejleszt\u00e9se, adatb\u00e1ny\u00e1szati \u00e9s BIG DATA technik\u00e1k alkalmaz\u00e1sa eg\u00e9szs\u00e9g\u00fcgyi adatb\u00e1zisokra, eg\u00e9szs\u00e9g\u00fcgyi h\u00e1l\u00f3zatok vizsg\u00e1lata, adatbiztons\u00e1g, cloud computing, eLearning.<\/p>\n<p style=\"text-align: justify\"><strong>PHD-K\u00c9PZ\u00c9S <\/strong>\u00a02011-t\u0151l lehet\u0151s\u00e9g ny\u00edlt eg\u00e9szs\u00e9g\u00fcgyi informatikai PhD fokozat szerz\u00e9s\u00e9re a Doktori Iskol\u00e1n bel\u00fcl.<\/p>\n<p style=\"text-align: center\"><a href=\"https:\/\/semmelweis.hu\/dei\/files\/2019\/10\/DEI_NET.png\"><img loading=\"lazy\" decoding=\"async\" class=\" wp-image-9176 aligncenter\" src=\"https:\/\/semmelweis.hu\/dei\/files\/2024\/11\/Doctor-of-Health-Informatics-tile-1-400x267.jpg\" alt=\"\" width=\"752\" height=\"502\" srcset=\"https:\/\/semmelweis.hu\/dei\/files\/2024\/11\/Doctor-of-Health-Informatics-tile-1-400x267.jpg 400w, https:\/\/semmelweis.hu\/dei\/files\/2024\/11\/Doctor-of-Health-Informatics-tile-1-1024x684.jpg 1024w, https:\/\/semmelweis.hu\/dei\/files\/2024\/11\/Doctor-of-Health-Informatics-tile-1-768x513.jpg 768w, https:\/\/semmelweis.hu\/dei\/files\/2024\/11\/Doctor-of-Health-Informatics-tile-1-1536x1025.jpg 1536w, https:\/\/semmelweis.hu\/dei\/files\/2024\/11\/Doctor-of-Health-Informatics-tile-1-753x503.jpg 753w, https:\/\/semmelweis.hu\/dei\/files\/2024\/11\/Doctor-of-Health-Informatics-tile-1-203x135.jpg 203w, https:\/\/semmelweis.hu\/dei\/files\/2024\/11\/Doctor-of-Health-Informatics-tile-1.jpg 1600w\" sizes=\"auto, (max-width: 752px) 100vw, 752px\" \/><\/a><span style=\"font-size: 10pt\">K\u00e9p forr\u00e1sa: iStock<\/span><\/p>\n","protected":false},"excerpt":{"rendered":"<p>A XX. \u00e9s XXI. sz\u00e1zad technol\u00f3giai robban\u00e1sa alapjaiban v\u00e1ltoztatta meg a k\u00f6r\u00fcl\u00f6tt\u00fcnk l\u00e9v\u0151 vil\u00e1got, \u00edgy az eg\u00e9szs\u00e9g\u00fcgyet is. A Semmelweis Egyetem a fejl\u0151d\u00e9s st\u00e1diumai szerint egyre nagyobb hangs\u00falyt fektetett a naprak\u00e9sz informatikai tud\u00e1s \u00e1tad\u00e1s\u00e1ra \u00e9s az innovat\u00edv eg\u00e9szs\u00e9g\u00fcgyi ir\u00e1nyok felt\u00e9rk\u00e9pez\u00e9s\u00e9re. A Digit\u00e1lis Eg\u00e9szs\u00e9gtudom\u00e1nyi Int\u00e9zet t\u00f6rt\u00e9nete a szobam\u00e9ret\u0171 sz\u00e1m\u00edt\u00f3g\u00e9pek korszak\u00e1ig ny\u00falik vissza, amikor az\u00a0 Egyetem megalap\u00edtotta az informatik\u00e1ra szakosodott Sz\u00e1m\u00edt\u00e1stechnikai Csoportj\u00e1t 1974-ben.\u00a0 <\/p>\n","protected":false},"author":101238,"featured_media":9176,"parent":0,"menu_order":1,"comment_status":"closed","ping_status":"closed","template":"","meta":{"_acf_changed":false,"footnotes":""},"categories":[],"tags":[],"class_list":["post-6426","page","type-page","status-publish","has-post-thumbnail","hentry"],"acf":[],"_links":{"self":[{"href":"https:\/\/semmelweis.hu\/dei\/wp-json\/wp\/v2\/pages\/6426","targetHints":{"allow":["GET"]}}],"collection":[{"href":"https:\/\/semmelweis.hu\/dei\/wp-json\/wp\/v2\/pages"}],"about":[{"href":"https:\/\/semmelweis.hu\/dei\/wp-json\/wp\/v2\/types\/page"}],"author":[{"embeddable":true,"href":"https:\/\/semmelweis.hu\/dei\/wp-json\/wp\/v2\/users\/101238"}],"replies":[{"embeddable":true,"href":"https:\/\/semmelweis.hu\/dei\/wp-json\/wp\/v2\/comments?post=6426"}],"version-history":[{"count":11,"href":"https:\/\/semmelweis.hu\/dei\/wp-json\/wp\/v2\/pages\/6426\/revisions"}],"predecessor-version":[{"id":9424,"href":"https:\/\/semmelweis.hu\/dei\/wp-json\/wp\/v2\/pages\/6426\/revisions\/9424"}],"wp:featuredmedia":[{"embeddable":true,"href":"https:\/\/semmelweis.hu\/dei\/wp-json\/wp\/v2\/media\/9176"}],"wp:attachment":[{"href":"https:\/\/semmelweis.hu\/dei\/wp-json\/wp\/v2\/media?parent=6426"}],"wp:term":[{"taxonomy":"category","embeddable":true,"href":"https:\/\/semmelweis.hu\/dei\/wp-json\/wp\/v2\/categories?post=6426"},{"taxonomy":"post_tag","embeddable":true,"href":"https:\/\/semmelweis.hu\/dei\/wp-json\/wp\/v2\/tags?post=6426"}],"curies":[{"name":"wp","href":"https:\/\/api.w.org\/{rel}","templated":true}]}}