{"id":536,"date":"2012-01-18T07:25:52","date_gmt":"2012-01-18T07:25:52","guid":{"rendered":"http:\/\/semmelweis-egyetem.hu\/eii\/?page_id=536"},"modified":"2020-06-11T15:06:42","modified_gmt":"2020-06-11T13:06:42","slug":"tantargybefogadasi-kerelem","status":"publish","type":"page","link":"https:\/\/semmelweis.hu\/dei\/ugyintezes\/tanulmanyi-ugyintezes\/tantargybefogadasi-kerelem\/","title":{"rendered":"Tant\u00e1rgybefogad\u00e1si k\u00e9relem"},"content":{"rendered":"<p><a href=\"https:\/\/semmelweis.hu\/dei\/files\/2020\/06\/TANT\u00c1RGYBEFOGAD\u00c1SI-K\u00c9RELEM.doc\">Tant\u00e1rgybefogad\u00e1si k\u00e9relem let\u00f6lt\u00e9se<\/a><\/p>\n<p>&nbsp;<\/p>\n<p>&nbsp;<\/p>\n","protected":false},"excerpt":{"rendered":"<p><a href=\"https:\/\/semmelweis.hu\/dei\/files\/2020\/06\/TANT\u00c1RGYBEFOGAD\u00c1SI-K\u00c9RELEM.doc\">Tant\u00e1rgybefogad\u00e1si k\u00e9relem let\u00f6lt\u00e9se<\/a><br \/>\n&nbsp;<br \/>\n&nbsp;<\/p>\n","protected":false},"author":304,"featured_media":0,"parent":30,"menu_order":0,"comment_status":"open","ping_status":"open","template":"","meta":{"_acf_changed":false,"footnotes":""},"categories":[],"tags":[],"class_list":["post-536","page","type-page","status-publish","hentry"],"acf":[],"_links":{"self":[{"href":"https:\/\/semmelweis.hu\/dei\/wp-json\/wp\/v2\/pages\/536","targetHints":{"allow":["GET"]}}],"collection":[{"href":"https:\/\/semmelweis.hu\/dei\/wp-json\/wp\/v2\/pages"}],"about":[{"href":"https:\/\/semmelweis.hu\/dei\/wp-json\/wp\/v2\/types\/page"}],"author":[{"embeddable":true,"href":"https:\/\/semmelweis.hu\/dei\/wp-json\/wp\/v2\/users\/304"}],"replies":[{"embeddable":true,"href":"https:\/\/semmelweis.hu\/dei\/wp-json\/wp\/v2\/comments?post=536"}],"version-history":[{"count":4,"href":"https:\/\/semmelweis.hu\/dei\/wp-json\/wp\/v2\/pages\/536\/revisions"}],"predecessor-version":[{"id":8167,"href":"https:\/\/semmelweis.hu\/dei\/wp-json\/wp\/v2\/pages\/536\/revisions\/8167"}],"up":[{"embeddable":true,"href":"https:\/\/semmelweis.hu\/dei\/wp-json\/wp\/v2\/pages\/30"}],"wp:attachment":[{"href":"https:\/\/semmelweis.hu\/dei\/wp-json\/wp\/v2\/media?parent=536"}],"wp:term":[{"taxonomy":"category","embeddable":true,"href":"https:\/\/semmelweis.hu\/dei\/wp-json\/wp\/v2\/categories?post=536"},{"taxonomy":"post_tag","embeddable":true,"href":"https:\/\/semmelweis.hu\/dei\/wp-json\/wp\/v2\/tags?post=536"}],"curies":[{"name":"wp","href":"https:\/\/api.w.org\/{rel}","templated":true}]}}