{"id":3704,"date":"2014-09-29T01:15:34","date_gmt":"2014-09-28T23:15:34","guid":{"rendered":"http:\/\/semmelweis.hu\/eii\/magunkrol\/munkatarsaink-2\/"},"modified":"2023-02-10T11:49:04","modified_gmt":"2023-02-10T10:49:04","slug":"colleagues","status":"publish","type":"page","link":"https:\/\/semmelweis.hu\/dei\/en\/colleagues\/","title":{"rendered":"Colleagues"},"content":{"rendered":"<table class=\" aligncenter\" style=\"width: 100%\">\n<tbody>\n<tr>\n<td style=\"width: 99.6884%\" colspan=\"3\">\n<p><strong>Head of department:<\/strong><\/p>\n<\/td>\n<\/tr>\n<tr>\n<td style=\"width: 28.1931%\"><a href=\"https:\/\/semmelweis.hu\/dei\/files\/2019\/11\/SzocskaM-130x150.png\"><img loading=\"lazy\" decoding=\"async\" class=\"aligncenter size-full wp-image-7995\" src=\"https:\/\/semmelweis.hu\/dei\/files\/2019\/11\/SzocskaM-130x150.png\" alt=\"\" width=\"130\" height=\"150\" \/><\/a><\/td>\n<td style=\"width: 46.5732%;line-height: 0.75em\">\n<p><strong>DR. SZ\u00d3CSKA MIKL\u00d3S PHD<\/strong><\/p>\n<p><span style=\"font-size: 10pt\">E-mail: <a href=\"mailto:igazgato@emk.sote.hu\">igazgato [@] emk.sote.hu<\/a><\/span><\/p>\n<p><span style=\"font-size: 10pt\">Phone: +36-1\/488-76-20 | 57620<\/span><\/p>\n<\/td>\n<td style=\"width: 24.9221%\">\n<p><span style=\"font-size: 10pt\"><span style=\"font-size: 12pt\">Director of institute<\/span><\/span><\/p>\n<p><span style=\"font-size: 10pt\">professor<br \/>\n<\/span><\/p>\n<\/td>\n<\/tr>\n<tr>\n<td style=\"width: 28.1931%\">\n<p>&nbsp;<\/p>\n<p><strong>Administration:<\/strong><\/p>\n<\/td>\n<td style=\"width: 46.5732%\">\u00a0<\/td>\n<td style=\"width: 24.9221%\">\u00a0<\/td>\n<\/tr>\n<tr>\n<td style=\"width: 28.1931%\"><a href=\"https:\/\/semmelweis.hu\/dei\/files\/2017\/09\/DEI_profil.png\"><img loading=\"lazy\" decoding=\"async\" class=\"aligncenter size-full wp-image-6441\" src=\"https:\/\/semmelweis.hu\/dei\/files\/2017\/09\/DEI_profil.png\" alt=\"\" width=\"100\" height=\"150\" \/><\/a><\/td>\n<td style=\"width: 46.5732%;line-height: 0.75em\">\n<p><strong>GENERAL ADMINISTRATION<\/strong><\/p>\n<p><span style=\"font-size: 10pt\">E-mail: <a href=\"mailto:info.dei [@] public.semmelweis-univ.hu\">info.dei [@] public.semmelweis-univ.hu<\/a><\/span><\/p>\n<\/td>\n<td style=\"width: 24.9221%\">\n<p>&nbsp;<\/p>\n<\/td>\n<\/tr>\n<tr>\n<td style=\"width: 28.1931%\">\n<p>&nbsp;<\/p>\n<p><strong>Lecturers:<\/strong><\/p>\n<\/td>\n<td style=\"width: 46.5732%\">\u00a0<\/td>\n<td style=\"width: 24.9221%\">\u00a0<\/td>\n<\/tr>\n<tr>\n<td style=\"width: 28.1931%\"><a href=\"https:\/\/semmelweis.hu\/dei\/files\/2021\/06\/Dr.SandorZoltan-scaled.jpg\"><img loading=\"lazy\" decoding=\"async\" class=\"aligncenter wp-image-8562\" src=\"https:\/\/semmelweis.hu\/dei\/files\/2021\/06\/Dr.SandorZoltan-scaled.jpg\" alt=\"\" width=\"88\" height=\"132\" srcset=\"https:\/\/semmelweis.hu\/dei\/files\/2021\/06\/Dr.SandorZoltan-scaled.jpg 1707w, https:\/\/semmelweis.hu\/dei\/files\/2021\/06\/Dr.SandorZoltan-200x300.jpg 200w, https:\/\/semmelweis.hu\/dei\/files\/2021\/06\/Dr.SandorZoltan-683x1024.jpg 683w, https:\/\/semmelweis.hu\/dei\/files\/2021\/06\/Dr.SandorZoltan-768x1152.jpg 768w, https:\/\/semmelweis.hu\/dei\/files\/2021\/06\/Dr.SandorZoltan-1024x1536.jpg 1024w, https:\/\/semmelweis.hu\/dei\/files\/2021\/06\/Dr.SandorZoltan-1365x2048.jpg 1365w, https:\/\/semmelweis.hu\/dei\/files\/2021\/06\/Dr.SandorZoltan-753x1129.jpg 753w\" sizes=\"auto, (max-width: 88px) 100vw, 88px\" \/><\/a><\/td>\n<td style=\"width: 46.5732%;line-height: 0.75em\">\n<p><strong>DR. S\u00c1NDOR ZOLT\u00c1N PHD<\/strong><\/p>\n<p><span style=\"font-size: 10pt\">E-mail:<a href=\"mailto:sandor.zoltan@public.semmelweis-univ.hu\"> sandor.zoltan [@] public.semmelweis-univ.hu<\/a><\/span><\/p>\n<p><span style=\"font-size: 10pt\">Phone: +36-20\/825-96-39<\/span><\/p>\n<\/td>\n<td style=\"width: 24.9221%\">\n<p><span style=\"font-size: 10pt\">senior lecturer<\/span><\/p>\n<\/td>\n<\/tr>\n<tr>\n<td style=\"width: 28.1931%\"><a href=\"https:\/\/semmelweis.hu\/dei\/files\/2019\/07\/tamus_adam.jpg\"><img loading=\"lazy\" decoding=\"async\" class=\"aligncenter  wp-image-7720\" src=\"https:\/\/semmelweis.hu\/dei\/files\/2019\/07\/tamus_adam.jpg\" alt=\"\" width=\"100\" height=\"132\" \/><\/a><\/td>\n<td style=\"width: 46.5732%;line-height: 0.75em\">\n<p><strong>DR. TAMUS ZOLT\u00c1N \u00c1D\u00c1M PHD<\/strong><\/p>\n<p><span style=\"font-size: 10pt\">E-mail: <a href=\"mailto:tamus.adam@public.semmelweis-univ.hu\">tamus.adam [@] public.semmelweis-univ.hu<\/a><\/span><\/p>\n<p><span style=\"font-size: 10pt\">Phone: +36-20\/825-96-37<\/span><\/p>\n<\/td>\n<td style=\"width: 24.9221%\">\n<p><span style=\"font-size: 10pt\">associate professor<\/span><\/p>\n<\/td>\n<\/tr>\n<tr>\n<td style=\"width: 28.1931%\"><a href=\"https:\/\/semmelweis.hu\/dei\/files\/2021\/05\/t\u00f3tht-e1620307999154.jpg\"><img loading=\"lazy\" decoding=\"async\" class=\"aligncenter size-full wp-image-8552\" src=\"https:\/\/semmelweis.hu\/dei\/files\/2021\/05\/t\u00f3tht-e1620307999154.jpg\" alt=\"\" width=\"90\" height=\"120\" \/><\/a><\/td>\n<td style=\"width: 46.5732%;line-height: 0.75em\">\n<p><strong>DR. T\u00d3TH TAM\u00c1S PHD<\/strong><\/p>\n<p><span style=\"font-size: 10pt\">E-mail: <a href=\"mailto:toth.tamas1@semmelweis.hu\">toth.tamas1 [@] semmelweis.hu<\/a><\/span><\/p>\n<p><span style=\"font-size: 10pt\">Phone: +36-30\/481-45-43<\/span><\/p>\n<\/td>\n<td style=\"width: 24.9221%\">\n<p><span style=\"font-size: 10pt\">senior lecturer<\/span><\/p>\n<\/td>\n<\/tr>\n<tr>\n<td style=\"width: 28.1931%\"><a href=\"https:\/\/semmelweis.hu\/dei\/files\/2022\/01\/00000062-e1642068823386.jpeg\"><img loading=\"lazy\" decoding=\"async\" class=\"aligncenter size-full wp-image-8626\" src=\"https:\/\/semmelweis.hu\/dei\/files\/2022\/01\/00000062-e1642068823386.jpeg\" alt=\"\" width=\"100\" height=\"150\" \/><\/a><\/td>\n<td style=\"width: 46.5732%;line-height: 0.75em\">\n<p><strong>DR. T\u00d3TH ZOLT\u00c1N PHD<\/strong><\/p>\n<p><span style=\"font-size: 10pt\">E-mail: toth.zoltan2 [@] semmelweis.hu<\/span><\/p>\n<\/td>\n<td style=\"width: 24.9221%\">\n<p><span style=\"font-size: 10pt\">senior lecturer<\/span><\/p>\n<\/td>\n<\/tr>\n<tr>\n<td style=\"width: 99.6884%\" colspan=\"3\">\n<p>&nbsp;<\/p>\n<p><strong>Visiting lecturers:<\/strong><\/p>\n<\/td>\n<\/tr>\n<tr>\n<td style=\"width: 28.1931%\"><a href=\"https:\/\/semmelweis.hu\/dei\/files\/2017\/09\/DEI_profil.png\"><img loading=\"lazy\" decoding=\"async\" class=\"aligncenter size-full wp-image-6441\" src=\"https:\/\/semmelweis.hu\/dei\/files\/2017\/09\/DEI_profil.png\" alt=\"\" width=\"100\" height=\"150\" \/><\/a><\/td>\n<td style=\"width: 46.5732%;line-height: 0.75em\">\n<p><strong>DR. DINYA ELEK CSc<\/strong><\/p>\n<p><strong>Professor Emeritus<\/strong><\/p>\n<p><span style=\"font-size: 10pt\">E-mail: <a href=\"mailto:dinya.elek@public.semmelweis-univ.hu\">dinya.elek [@] public.semmelweis-univ.hu<\/a><\/span><\/p>\n<\/td>\n<td style=\"width: 24.9221%\">\u00a0<\/td>\n<\/tr>\n<tr>\n<td style=\"width: 28.1931%\"><a href=\"https:\/\/semmelweis.hu\/dei\/files\/2017\/09\/DEI_profil.png\"><img loading=\"lazy\" decoding=\"async\" class=\"aligncenter size-full wp-image-6441\" src=\"https:\/\/semmelweis.hu\/dei\/files\/2017\/09\/DEI_profil.png\" alt=\"\" width=\"100\" height=\"150\" \/><\/a><\/td>\n<td style=\"width: 46.5732%;line-height: 0.75em\">\n<p><strong>DR. IV\u00c1NCSY TAM\u00c1S PHD<\/strong><\/p>\n<p><span style=\"font-size: 10pt\">E-mail: <a href=\"mailto:ivancsytamas@gmail.com\">ivancsytamas [@] gmail.com<\/a><\/span><\/p>\n<\/td>\n<td style=\"width: 24.9221%\">\u00a0<\/td>\n<\/tr>\n<\/tbody>\n<\/table>\n<p>&nbsp;<\/p>\n","protected":false},"excerpt":{"rendered":"<p>Head of department: <a href=\"https:\/\/semmelweis.hu\/dei\/files\/2019\/11\/SzocskaM-130x150.png\"><\/a> DR. SZ\u00d3CSKA MIKL\u00d3S PHD E-mail: <a href=\"mailto:igazgato@emk.sote.hu\">igazgato [@] emk.sote.hu<\/a> Phone: +36-1\/488-76-20 | 57620 Director of institute professor &nbsp; Administration: \u00a0 \u00a0 <a href=\"https:\/\/semmelweis.hu\/dei\/files\/2017\/09\/DEI_profil.png\"><\/a> GENERAL ADMINISTRATION E-mail: <a href=\"mailto:info.dei [@] public.semmelweis-univ.hu\">info.dei [@] public.semmelweis-univ.hu<\/a> &nbsp; &nbsp; Lecturers: \u00a0 \u00a0 <a href=\"https:\/\/semmelweis.hu\/dei\/files\/2021\/06\/Dr.SandorZoltan-scaled.jpg\"><\/a> DR. S\u00c1NDOR ZOLT\u00c1N PHD E-mail: <a href=\"mailto:sandor.zoltan@public.semmelweis-univ.hu\"> sandor.zoltan [@] public.semmelweis-univ.hu<\/a> Phone: +36-20\/825-96-39 senior lecturer <a href=\"https:\/\/semmelweis.hu\/dei\/files\/2019\/07\/tamus_adam.jpg\"><\/a> DR. TAMUS ZOLT\u00c1N \u00c1D\u00c1M PHD E-mail: <a href=\"mailto:tamus.adam@public.semmelweis-univ.hu\">tamus.adam [@] public.semmelweis-univ.hu<\/a> Phone: +36-20\/825-96-37 associate professor <a href=\"https:\/\/semmelweis.hu\/dei\/files\/2021\/05\/t\u00f3tht-e1620307999154.jpg\"><\/a> DR. T\u00d3TH TAM\u00c1S PHD E-mail: <a href=\"mailto:toth.tamas1@semmelweis.hu\">toth.tamas1 [@] semmelweis.hu<\/a> Phone: +36-30\/481-45-43 senior &hellip;<\/p>\n","protected":false},"author":158,"featured_media":0,"parent":0,"menu_order":60,"comment_status":"open","ping_status":"closed","template":"","meta":{"_acf_changed":false,"footnotes":""},"categories":[],"tags":[],"class_list":["post-3704","page","type-page","status-publish","hentry"],"acf":[],"_links":{"self":[{"href":"https:\/\/semmelweis.hu\/dei\/wp-json\/wp\/v2\/pages\/3704","targetHints":{"allow":["GET"]}}],"collection":[{"href":"https:\/\/semmelweis.hu\/dei\/wp-json\/wp\/v2\/pages"}],"about":[{"href":"https:\/\/semmelweis.hu\/dei\/wp-json\/wp\/v2\/types\/page"}],"author":[{"embeddable":true,"href":"https:\/\/semmelweis.hu\/dei\/wp-json\/wp\/v2\/users\/158"}],"replies":[{"embeddable":true,"href":"https:\/\/semmelweis.hu\/dei\/wp-json\/wp\/v2\/comments?post=3704"}],"version-history":[{"count":12,"href":"https:\/\/semmelweis.hu\/dei\/wp-json\/wp\/v2\/pages\/3704\/revisions"}],"predecessor-version":[{"id":8841,"href":"https:\/\/semmelweis.hu\/dei\/wp-json\/wp\/v2\/pages\/3704\/revisions\/8841"}],"wp:attachment":[{"href":"https:\/\/semmelweis.hu\/dei\/wp-json\/wp\/v2\/media?parent=3704"}],"wp:term":[{"taxonomy":"category","embeddable":true,"href":"https:\/\/semmelweis.hu\/dei\/wp-json\/wp\/v2\/categories?post=3704"},{"taxonomy":"post_tag","embeddable":true,"href":"https:\/\/semmelweis.hu\/dei\/wp-json\/wp\/v2\/tags?post=3704"}],"curies":[{"name":"wp","href":"https:\/\/api.w.org\/{rel}","templated":true}]}}