{"id":7493,"date":"2025-03-24T18:24:56","date_gmt":"2025-03-24T17:24:56","guid":{"rendered":"https:\/\/semmelweis.hu\/csot\/?page_id=7493"},"modified":"2025-04-01T12:12:04","modified_gmt":"2025-04-01T10:12:04","slug":"mentorprogram-2","status":"publish","type":"page","link":"https:\/\/semmelweis.hu\/csot\/gradualis-targyak\/mentorprogram-2\/","title":{"rendered":"Mentorprogram 2"},"content":{"rendered":"<p>A tant\u00e1rgy c\u00e9lja, hogy el\u0151seg\u00edtse az orvostanhallgat\u00f3k orvosi identit\u00e1s\u00e1nak alakul\u00e1s\u00e1t az\u00e1ltal, hogy folyamatos, szem\u00e9lyes mentori kapcsolatban, h\u00e1ziorvos oktat\u00f3k mellett, munkahelyi tanul\u00e1s keret\u00e9ben akt\u00edvan bevonja a hallgat\u00f3t a betegell\u00e1t\u00e1sba, megismerteti a longitudin\u00e1lis ell\u00e1t\u00e1s jellegzetess\u00e9geivel, az eg\u00e9szs\u00e9g\u00fcgyi ell\u00e1t\u00f3rendszer fel\u00e9p\u00edt\u00e9s\u00e9vel, a team-munka jelent\u0151s\u00e9g\u00e9vel rendel\u0151i k\u00f6rnyezetben \u00e9s a h\u00e1ziorvosok, illetve a j\u00e1r\u00f3- \u00e9s fekv\u0151beteg ell\u00e1t\u00e1st v\u00e9gz\u0151 szakorvosok egy\u00fcttm\u0171k\u00f6d\u00e9s\u00e9vel egy kiv\u00e1lasztott beteg kapcs\u00e1n.<\/p>\n<p>A Mentorprogram 2 t\u00e1rgy tant\u00e1rgyi k\u00f6vetelm\u00e9nyrendszere: <a href=\"https:\/\/semmelweis.hu\/csot\/files\/2025\/03\/Csaladorvosi-Mentorprogram-2.pdf\">Megtekint\u00e9s<\/a><\/p>\n<p>A t\u00e1rgyat a Mentorprogram 1 t\u00e1rgyat teljes\u00edt\u0151 hallgat\u00f3k vehetik fel.<\/p>\n","protected":false},"excerpt":{"rendered":"<p>A tant\u00e1rgy c\u00e9lja, hogy el\u0151seg\u00edtse az orvostanhallgat\u00f3k orvosi identit\u00e1s\u00e1nak alakul\u00e1s\u00e1t az\u00e1ltal, hogy folyamatos, szem\u00e9lyes mentori kapcsolatban, h\u00e1ziorvos oktat\u00f3k mellett, munkahelyi tanul\u00e1s keret\u00e9ben akt\u00edvan bevonja a hallgat\u00f3t a betegell\u00e1t\u00e1sba, megismerteti a longitudin\u00e1lis ell\u00e1t\u00e1s jellegzetess\u00e9geivel, az eg\u00e9szs\u00e9g\u00fcgyi ell\u00e1t\u00f3rendszer fel\u00e9p\u00edt\u00e9s\u00e9vel, a team-munka jelent\u0151s\u00e9g\u00e9vel rendel\u0151i k\u00f6rnyezetben \u00e9s a h\u00e1ziorvosok, illetve a j\u00e1r\u00f3- \u00e9s fekv\u0151beteg ell\u00e1t\u00e1st v\u00e9gz\u0151 szakorvosok egy\u00fcttm\u0171k\u00f6d\u00e9s\u00e9vel egy &hellip;<\/p>\n","protected":false},"author":101661,"featured_media":0,"parent":4929,"menu_order":8,"comment_status":"closed","ping_status":"closed","template":"","meta":{"_acf_changed":false,"footnotes":""},"categories":[],"tags":[],"class_list":["post-7493","page","type-page","status-publish","hentry"],"acf":[],"publishpress_future_action":{"enabled":false,"date":"1970-01-01 01:00:00","action":"","terms":[],"taxonomy":"","browser_timezone_offset":0},"_links":{"self":[{"href":"https:\/\/semmelweis.hu\/csot\/wp-json\/wp\/v2\/pages\/7493","targetHints":{"allow":["GET"]}}],"collection":[{"href":"https:\/\/semmelweis.hu\/csot\/wp-json\/wp\/v2\/pages"}],"about":[{"href":"https:\/\/semmelweis.hu\/csot\/wp-json\/wp\/v2\/types\/page"}],"author":[{"embeddable":true,"href":"https:\/\/semmelweis.hu\/csot\/wp-json\/wp\/v2\/users\/101661"}],"replies":[{"embeddable":true,"href":"https:\/\/semmelweis.hu\/csot\/wp-json\/wp\/v2\/comments?post=7493"}],"version-history":[{"count":3,"href":"https:\/\/semmelweis.hu\/csot\/wp-json\/wp\/v2\/pages\/7493\/revisions"}],"predecessor-version":[{"id":7521,"href":"https:\/\/semmelweis.hu\/csot\/wp-json\/wp\/v2\/pages\/7493\/revisions\/7521"}],"up":[{"embeddable":true,"href":"https:\/\/semmelweis.hu\/csot\/wp-json\/wp\/v2\/pages\/4929"}],"wp:attachment":[{"href":"https:\/\/semmelweis.hu\/csot\/wp-json\/wp\/v2\/media?parent=7493"}],"wp:term":[{"taxonomy":"category","embeddable":true,"href":"https:\/\/semmelweis.hu\/csot\/wp-json\/wp\/v2\/categories?post=7493"},{"taxonomy":"post_tag","embeddable":true,"href":"https:\/\/semmelweis.hu\/csot\/wp-json\/wp\/v2\/tags?post=7493"}],"curies":[{"name":"wp","href":"https:\/\/api.w.org\/{rel}","templated":true}]}}

<p>A tantárgy célja, hogy elősegítse az orvostanhallgatók orvosi identitásának alakulását azáltal, hogy folyamatos, személyes mentori kapcsolatban, háziorvos oktatók mellett, munkahelyi tanulás keretében aktívan bevonja a hallgatót a betegellátásba, megismerteti a longitudinális ellátás jellegzetességeivel, az egészségügyi ellátórendszer felépítésével, a team-munka jelentőségével rendelői környezetben és a háziorvosok, illetve a járó- és fekvőbeteg ellátást végző szakorvosok együttműködésével egy kiválasztott beteg kapcsán.</p>
<p>A Mentorprogram 2 tárgy tantárgyi követelményrendszere: <a href="https://semmelweis.hu/csot/files/2025/03/Csaladorvosi-Mentorprogram-2.pdf">Megtekintés</a></p>
<p>A tárgyat a Mentorprogram 1 tárgyat teljesítő hallgatók vehetik fel.</p>

<p>A tantárgy célja, hogy elősegítse az orvostanhallgatók orvosi identitásának alakulását azáltal, hogy folyamatos, személyes mentori kapcsolatban, háziorvos oktatók mellett, munkahelyi tanulás keretében aktívan bevonja a hallgatót a betegellátásba, megismerteti a longitudinális ellátás jellegzetességeivel, az egészségügyi ellátórendszer felépítésével, a team-munka jelentőségével rendelői környezetben és a háziorvosok, illetve a járó- és fekvőbeteg ellátást végző szakorvosok együttműködésével egy &hellip;</p>
