{"id":6596,"date":"2023-10-01T18:46:35","date_gmt":"2023-10-01T16:46:35","guid":{"rendered":"https:\/\/semmelweis.hu\/csot\/?page_id=6596"},"modified":"2023-10-01T18:53:39","modified_gmt":"2023-10-01T16:53:39","slug":"kutatas-bno-bfq-2","status":"publish","type":"page","link":"https:\/\/semmelweis.hu\/csot\/kutatas-bno-bfq-2\/","title":{"rendered":"Kutat\u00e1s (BNO &#8211; BFQ) 2"},"content":{"rendered":"<p>K\u00e9rj\u00fck adja meg a praxis l\u00e9tsz\u00e1m\u00e1t, illetve a medikai szoftverb\u0151l kinyert BNO adatokat.<\/p>\n<p>Hogyan lehet BNO-t list\u00e1zni?<\/p>\n<ul>\n<li>IxNET<\/li>\n<li>Meditor<\/li>\n<\/ul>\n<p class=\"wpcf7-contact-form-not-found\"><strong>Hiba:<\/strong> Kapcsolatfelv\u00e9teli \u0171rlap nem tal\u00e1lhat\u00f3.<\/p>\n","protected":false},"excerpt":{"rendered":"<p>K\u00e9rj\u00fck adja meg a praxis l\u00e9tsz\u00e1m\u00e1t, illetve a medikai szoftverb\u0151l kinyert BNO adatokat.<br \/>\nHogyan lehet BNO-t list\u00e1zni?<\/p>\n<p>IxNET<br \/>\nMeditor<\/p>\n","protected":false},"author":101661,"featured_media":0,"parent":0,"menu_order":0,"comment_status":"closed","ping_status":"closed","template":"template-fullwidth.php","meta":{"_acf_changed":false,"footnotes":""},"categories":[],"tags":[],"class_list":["post-6596","page","type-page","status-publish","hentry"],"acf":[],"publishpress_future_action":{"enabled":false,"date":"1970-01-01 01:00:00","action":"","terms":[],"taxonomy":"","browser_timezone_offset":0},"_links":{"self":[{"href":"https:\/\/semmelweis.hu\/csot\/wp-json\/wp\/v2\/pages\/6596","targetHints":{"allow":["GET"]}}],"collection":[{"href":"https:\/\/semmelweis.hu\/csot\/wp-json\/wp\/v2\/pages"}],"about":[{"href":"https:\/\/semmelweis.hu\/csot\/wp-json\/wp\/v2\/types\/page"}],"author":[{"embeddable":true,"href":"https:\/\/semmelweis.hu\/csot\/wp-json\/wp\/v2\/users\/101661"}],"replies":[{"embeddable":true,"href":"https:\/\/semmelweis.hu\/csot\/wp-json\/wp\/v2\/comments?post=6596"}],"version-history":[{"count":2,"href":"https:\/\/semmelweis.hu\/csot\/wp-json\/wp\/v2\/pages\/6596\/revisions"}],"predecessor-version":[{"id":6599,"href":"https:\/\/semmelweis.hu\/csot\/wp-json\/wp\/v2\/pages\/6596\/revisions\/6599"}],"wp:attachment":[{"href":"https:\/\/semmelweis.hu\/csot\/wp-json\/wp\/v2\/media?parent=6596"}],"wp:term":[{"taxonomy":"category","embeddable":true,"href":"https:\/\/semmelweis.hu\/csot\/wp-json\/wp\/v2\/categories?post=6596"},{"taxonomy":"post_tag","embeddable":true,"href":"https:\/\/semmelweis.hu\/csot\/wp-json\/wp\/v2\/tags?post=6596"}],"curies":[{"name":"wp","href":"https:\/\/api.w.org\/{rel}","templated":true}]}}