{"id":6459,"date":"2023-03-13T12:11:40","date_gmt":"2023-03-13T11:11:40","guid":{"rendered":"https:\/\/semmelweis.hu\/csot\/?page_id=6459"},"modified":"2023-03-13T12:11:40","modified_gmt":"2023-03-13T11:11:40","slug":"kutatoi-kurzus-ertekeles-3","status":"publish","type":"page","link":"https:\/\/semmelweis.hu\/csot\/kutatoi-kurzus-ertekeles-3\/","title":{"rendered":"Kutat\u00f3i kurzus \u00e9rt\u00e9kel\u00e9s 3"},"content":{"rendered":"\n<div class=\"wpcf7 no-js\" id=\"wpcf7-f6456-o1\" lang=\"hu-HU\" dir=\"ltr\" data-wpcf7-id=\"6456\">\n<div class=\"screen-reader-response\"><p role=\"status\" aria-live=\"polite\" aria-atomic=\"true\"><\/p> <ul><\/ul><\/div>\n<form action=\"\/csot\/wp-json\/wp\/v2\/pages\/6459#wpcf7-f6456-o1\" method=\"post\" class=\"wpcf7-form init\" aria-label=\"Kapcsolatfelv\u00e9teli \u0171rlap\" novalidate=\"novalidate\" data-status=\"init\">\n<div style=\"display: none;\">\n<input type=\"hidden\" name=\"_wpcf7\" value=\"6456\" \/>\n<input type=\"hidden\" name=\"_wpcf7_version\" value=\"6.0.5\" \/>\n<input type=\"hidden\" name=\"_wpcf7_locale\" value=\"hu_HU\" \/>\n<input type=\"hidden\" name=\"_wpcf7_unit_tag\" value=\"wpcf7-f6456-o1\" \/>\n<input type=\"hidden\" name=\"_wpcf7_container_post\" value=\"0\" \/>\n<input type=\"hidden\" name=\"_wpcf7_posted_data_hash\" value=\"\" \/>\n<input type=\"hidden\" name=\"_wpcf7_recaptcha_response\" value=\"\" \/>\n<\/div>\n<p><strong>Post-course questionnaire<\/strong><br \/>\nThank you for having joined us at our recent \u2018ABC of family medicine research\u2019 course. We would be very grateful if you would complete this questionnaire, so that we can see what (if<br \/>\nany) changes have resulted from the course. Please send it back to us as soon as possible.<br \/>\nPlease give your name, so that we can match it up with your answers to past and future questionnaires. Your answers are confidential, and will only be seen by the teaching team.\n<\/p>\n<p><label> Name: <span class=\"wpcf7-form-control-wrap\" data-name=\"your-name\"><input size=\"40\" maxlength=\"400\" class=\"wpcf7-form-control wpcf7-text wpcf7-validates-as-required\" aria-required=\"true\" aria-invalid=\"false\" value=\"\" type=\"text\" name=\"your-name\" \/><\/span> <\/label>\n<\/p>\n<p>How much do you agree with each of these sentences?\n<\/p>\n<table>\n\t<tr>\n\t\t<td width=65%>\n\t\t\t<p>Learning research skills is important\n\t\t\t<\/p>\n\t\t<\/td>\n\t\t<td width=45%>\n\t\t\t<p><span class=\"wpcf7-form-control-wrap\" data-name=\"radio-part101\"><span class=\"wpcf7-form-control wpcf7-radio\"><span class=\"wpcf7-list-item first\"><label><input type=\"radio\" name=\"radio-part101\" value=\"Strongly disagree\" \/><span class=\"wpcf7-list-item-label\">Strongly disagree<\/span><\/label><\/span><span class=\"wpcf7-list-item\"><label><input type=\"radio\" name=\"radio-part101\" value=\"Disagree\" \/><span class=\"wpcf7-list-item-label\">Disagree<\/span><\/label><\/span><span class=\"wpcf7-list-item\"><label><input type=\"radio\" name=\"radio-part101\" value=\"Neither agree nor disagree\" \/><span class=\"wpcf7-list-item-label\">Neither agree nor disagree<\/span><\/label><\/span><span class=\"wpcf7-list-item\"><label><input type=\"radio\" name=\"radio-part101\" value=\"Agree&nbsp;&nbsp;&nbsp;&nbsp;&nbsp;&nbsp;&nbsp;&nbsp;&nbsp;\" \/><span class=\"wpcf7-list-item-label\">Agree&nbsp;&nbsp;&nbsp;&nbsp;&nbsp;&nbsp;&nbsp;&nbsp;&nbsp;<\/span><\/label><\/span><span class=\"wpcf7-list-item last\"><label><input type=\"radio\" name=\"radio-part101\" value=\"Strongly agree\" \/><span class=\"wpcf7-list-item-label\">Strongly agree<\/span><\/label><\/span><\/span><\/span>\n\t\t\t<\/p>\n\t\t<\/td>\n\t<\/tr>\n\t<tr>\n\t\t<td width=65%>\n\t\t\t<p>Understanding how to do research is relevant to my work\n\t\t\t<\/p>\n\t\t<\/td>\n\t\t<td width=45%>\n\t\t\t<p><span class=\"wpcf7-form-control-wrap\" data-name=\"radio-part102\"><span class=\"wpcf7-form-control wpcf7-radio\"><span class=\"wpcf7-list-item first\"><label><input type=\"radio\" name=\"radio-part102\" value=\"Strongly disagree\" \/><span class=\"wpcf7-list-item-label\">Strongly disagree<\/span><\/label><\/span><span class=\"wpcf7-list-item\"><label><input type=\"radio\" name=\"radio-part102\" value=\"Disagree\" \/><span class=\"wpcf7-list-item-label\">Disagree<\/span><\/label><\/span><span class=\"wpcf7-list-item\"><label><input type=\"radio\" name=\"radio-part102\" value=\"Neither agree nor disagree\" \/><span class=\"wpcf7-list-item-label\">Neither agree nor disagree<\/span><\/label><\/span><span class=\"wpcf7-list-item\"><label><input type=\"radio\" name=\"radio-part102\" value=\"Agree&nbsp;&nbsp;&nbsp;&nbsp;&nbsp;&nbsp;&nbsp;&nbsp;&nbsp;\" \/><span class=\"wpcf7-list-item-label\">Agree&nbsp;&nbsp;&nbsp;&nbsp;&nbsp;&nbsp;&nbsp;&nbsp;&nbsp;<\/span><\/label><\/span><span class=\"wpcf7-list-item last\"><label><input type=\"radio\" name=\"radio-part102\" value=\"Strongly agree\" \/><span class=\"wpcf7-list-item-label\">Strongly agree<\/span><\/label><\/span><\/span><\/span>\n\t\t\t<\/p>\n\t\t<\/td>\n\t<\/tr>\n\t<tr>\n\t\t<td width=65%>\n\t\t\t<p>I should incorporate research findings into my clinical practice\n\t\t\t<\/p>\n\t\t<\/td>\n\t\t<td width=45%>\n\t\t\t<p><span class=\"wpcf7-form-control-wrap\" data-name=\"radio-part103\"><span class=\"wpcf7-form-control wpcf7-radio\"><span class=\"wpcf7-list-item first\"><label><input type=\"radio\" name=\"radio-part103\" value=\"Strongly disagree\" \/><span class=\"wpcf7-list-item-label\">Strongly disagree<\/span><\/label><\/span><span class=\"wpcf7-list-item\"><label><input type=\"radio\" name=\"radio-part103\" value=\"Disagree\" \/><span class=\"wpcf7-list-item-label\">Disagree<\/span><\/label><\/span><span class=\"wpcf7-list-item\"><label><input type=\"radio\" name=\"radio-part103\" value=\"Neither agree nor disagree\" \/><span class=\"wpcf7-list-item-label\">Neither agree nor disagree<\/span><\/label><\/span><span class=\"wpcf7-list-item\"><label><input type=\"radio\" name=\"radio-part103\" value=\"Agree&nbsp;&nbsp;&nbsp;&nbsp;&nbsp;&nbsp;&nbsp;&nbsp;&nbsp;\" \/><span class=\"wpcf7-list-item-label\">Agree&nbsp;&nbsp;&nbsp;&nbsp;&nbsp;&nbsp;&nbsp;&nbsp;&nbsp;<\/span><\/label><\/span><span class=\"wpcf7-list-item last\"><label><input type=\"radio\" name=\"radio-part103\" value=\"Strongly agree\" \/><span class=\"wpcf7-list-item-label\">Strongly agree<\/span><\/label><\/span><\/span><\/span>\n\t\t\t<\/p>\n\t\t<\/td>\n\t<\/tr>\n\t<tr>\n\t\t<td width=65%>\n\t\t\t<p>I should do more research myself\n\t\t\t<\/p>\n\t\t<\/td>\n\t\t<td width=45%>\n\t\t\t<p><span class=\"wpcf7-form-control-wrap\" data-name=\"radio-part104\"><span class=\"wpcf7-form-control wpcf7-radio\"><span class=\"wpcf7-list-item first\"><label><input type=\"radio\" name=\"radio-part104\" value=\"Strongly disagree\" \/><span class=\"wpcf7-list-item-label\">Strongly disagree<\/span><\/label><\/span><span class=\"wpcf7-list-item\"><label><input type=\"radio\" name=\"radio-part104\" value=\"Disagree\" \/><span class=\"wpcf7-list-item-label\">Disagree<\/span><\/label><\/span><span class=\"wpcf7-list-item\"><label><input type=\"radio\" name=\"radio-part104\" value=\"Neither agree nor disagree\" \/><span class=\"wpcf7-list-item-label\">Neither agree nor disagree<\/span><\/label><\/span><span class=\"wpcf7-list-item\"><label><input type=\"radio\" name=\"radio-part104\" value=\"Agree&nbsp;&nbsp;&nbsp;&nbsp;&nbsp;&nbsp;&nbsp;&nbsp;&nbsp;\" \/><span class=\"wpcf7-list-item-label\">Agree&nbsp;&nbsp;&nbsp;&nbsp;&nbsp;&nbsp;&nbsp;&nbsp;&nbsp;<\/span><\/label><\/span><span class=\"wpcf7-list-item last\"><label><input type=\"radio\" name=\"radio-part104\" value=\"Strongly agree\" \/><span class=\"wpcf7-list-item-label\">Strongly agree<\/span><\/label><\/span><\/span><\/span>\n\t\t\t<\/p>\n\t\t<\/td>\n\t<\/tr>\n\t<tr>\n\t\t<td width=65%>\n\t\t\t<p>I plan to learn more about how to do research\n\t\t\t<\/p>\n\t\t<\/td>\n\t\t<td width=45%>\n\t\t\t<p><span class=\"wpcf7-form-control-wrap\" data-name=\"radio-part105\"><span class=\"wpcf7-form-control wpcf7-radio\"><span class=\"wpcf7-list-item first\"><label><input type=\"radio\" name=\"radio-part105\" value=\"Strongly disagree\" \/><span class=\"wpcf7-list-item-label\">Strongly disagree<\/span><\/label><\/span><span class=\"wpcf7-list-item\"><label><input type=\"radio\" name=\"radio-part105\" value=\"Disagree\" \/><span class=\"wpcf7-list-item-label\">Disagree<\/span><\/label><\/span><span class=\"wpcf7-list-item\"><label><input type=\"radio\" name=\"radio-part105\" value=\"Neither agree nor disagree\" \/><span class=\"wpcf7-list-item-label\">Neither agree nor disagree<\/span><\/label><\/span><span class=\"wpcf7-list-item\"><label><input type=\"radio\" name=\"radio-part105\" value=\"Agree&nbsp;&nbsp;&nbsp;&nbsp;&nbsp;&nbsp;&nbsp;&nbsp;&nbsp;\" \/><span class=\"wpcf7-list-item-label\">Agree&nbsp;&nbsp;&nbsp;&nbsp;&nbsp;&nbsp;&nbsp;&nbsp;&nbsp;<\/span><\/label><\/span><span class=\"wpcf7-list-item last\"><label><input type=\"radio\" name=\"radio-part105\" value=\"Strongly agree\" \/><span class=\"wpcf7-list-item-label\">Strongly agree<\/span><\/label><\/span><\/span><\/span>\n\t\t\t<\/p>\n\t\t<\/td>\n\t<\/tr>\n\t<tr>\n\t\t<td width=65%>\n\t\t\t<p>I will bring up the idea of incorporating research into our work with colleagues\n\t\t\t<\/p>\n\t\t<\/td>\n\t\t<td width=45%>\n\t\t\t<p><span class=\"wpcf7-form-control-wrap\" data-name=\"radio-part106\"><span class=\"wpcf7-form-control wpcf7-radio\"><span class=\"wpcf7-list-item first\"><label><input type=\"radio\" name=\"radio-part106\" value=\"Strongly disagree\" \/><span class=\"wpcf7-list-item-label\">Strongly disagree<\/span><\/label><\/span><span class=\"wpcf7-list-item\"><label><input type=\"radio\" name=\"radio-part106\" value=\"Disagree\" \/><span class=\"wpcf7-list-item-label\">Disagree<\/span><\/label><\/span><span class=\"wpcf7-list-item\"><label><input type=\"radio\" name=\"radio-part106\" value=\"Neither agree nor disagree\" \/><span class=\"wpcf7-list-item-label\">Neither agree nor disagree<\/span><\/label><\/span><span class=\"wpcf7-list-item\"><label><input type=\"radio\" name=\"radio-part106\" value=\"Agree&nbsp;&nbsp;&nbsp;&nbsp;&nbsp;&nbsp;&nbsp;&nbsp;&nbsp;\" \/><span class=\"wpcf7-list-item-label\">Agree&nbsp;&nbsp;&nbsp;&nbsp;&nbsp;&nbsp;&nbsp;&nbsp;&nbsp;<\/span><\/label><\/span><span class=\"wpcf7-list-item last\"><label><input type=\"radio\" name=\"radio-part106\" value=\"Strongly agree\" \/><span class=\"wpcf7-list-item-label\">Strongly agree<\/span><\/label><\/span><\/span><\/span>\n\t\t\t<\/p>\n\t\t<\/td>\n\t<\/tr>\n\t<tr>\n\t\t<td width=65%>\n\t\t\t<p>I plan to include use of research findings in my clinical practice\n\t\t\t<\/p>\n\t\t<\/td>\n\t\t<td width=45%>\n\t\t\t<p><span class=\"wpcf7-form-control-wrap\" data-name=\"radio-part107\"><span class=\"wpcf7-form-control wpcf7-radio\"><span class=\"wpcf7-list-item first\"><label><input type=\"radio\" name=\"radio-part107\" value=\"Strongly disagree\" \/><span class=\"wpcf7-list-item-label\">Strongly disagree<\/span><\/label><\/span><span class=\"wpcf7-list-item\"><label><input type=\"radio\" name=\"radio-part107\" value=\"Disagree\" \/><span class=\"wpcf7-list-item-label\">Disagree<\/span><\/label><\/span><span class=\"wpcf7-list-item\"><label><input type=\"radio\" name=\"radio-part107\" value=\"Neither agree nor disagree\" \/><span class=\"wpcf7-list-item-label\">Neither agree nor disagree<\/span><\/label><\/span><span class=\"wpcf7-list-item\"><label><input type=\"radio\" name=\"radio-part107\" value=\"Agree&nbsp;&nbsp;&nbsp;&nbsp;&nbsp;&nbsp;&nbsp;&nbsp;&nbsp;\" \/><span class=\"wpcf7-list-item-label\">Agree&nbsp;&nbsp;&nbsp;&nbsp;&nbsp;&nbsp;&nbsp;&nbsp;&nbsp;<\/span><\/label><\/span><span class=\"wpcf7-list-item last\"><label><input type=\"radio\" name=\"radio-part107\" value=\"Strongly agree\" \/><span class=\"wpcf7-list-item-label\">Strongly agree<\/span><\/label><\/span><\/span><\/span>\n\t\t\t<\/p>\n\t\t<\/td>\n\t<\/tr>\n\t<tr>\n\t\t<td width=65%>\n\t\t\t<p>I will suggest that we discuss how to improve our use of research results at our local meetings\n\t\t\t<\/p>\n\t\t<\/td>\n\t\t<td width=45%>\n\t\t\t<p><span class=\"wpcf7-form-control-wrap\" data-name=\"radio-part108\"><span class=\"wpcf7-form-control wpcf7-radio\"><span class=\"wpcf7-list-item first\"><label><input type=\"radio\" name=\"radio-part108\" value=\"Strongly disagree\" \/><span class=\"wpcf7-list-item-label\">Strongly disagree<\/span><\/label><\/span><span class=\"wpcf7-list-item\"><label><input type=\"radio\" name=\"radio-part108\" value=\"Disagree\" \/><span class=\"wpcf7-list-item-label\">Disagree<\/span><\/label><\/span><span class=\"wpcf7-list-item\"><label><input type=\"radio\" name=\"radio-part108\" value=\"Neither agree nor disagree\" \/><span class=\"wpcf7-list-item-label\">Neither agree nor disagree<\/span><\/label><\/span><span class=\"wpcf7-list-item\"><label><input type=\"radio\" name=\"radio-part108\" value=\"Agree&nbsp;&nbsp;&nbsp;&nbsp;&nbsp;&nbsp;&nbsp;&nbsp;&nbsp;\" \/><span class=\"wpcf7-list-item-label\">Agree&nbsp;&nbsp;&nbsp;&nbsp;&nbsp;&nbsp;&nbsp;&nbsp;&nbsp;<\/span><\/label><\/span><span class=\"wpcf7-list-item last\"><label><input type=\"radio\" name=\"radio-part108\" value=\"Strongly agree\" \/><span class=\"wpcf7-list-item-label\">Strongly agree<\/span><\/label><\/span><\/span><\/span>\n\t\t\t<\/p>\n\t\t<\/td>\n\t<\/tr>\n\t<tr>\n\t\t<td width=65%>\n\t\t\t<p>I have suggested casually to some of my colleagues that they should do research\n\t\t\t<\/p>\n\t\t<\/td>\n\t\t<td width=45%>\n\t\t\t<p><span class=\"wpcf7-form-control-wrap\" data-name=\"radio-part109\"><span class=\"wpcf7-form-control wpcf7-radio\"><span class=\"wpcf7-list-item first\"><label><input type=\"radio\" name=\"radio-part109\" value=\"Strongly disagree\" \/><span class=\"wpcf7-list-item-label\">Strongly disagree<\/span><\/label><\/span><span class=\"wpcf7-list-item\"><label><input type=\"radio\" name=\"radio-part109\" value=\"Disagree\" \/><span class=\"wpcf7-list-item-label\">Disagree<\/span><\/label><\/span><span class=\"wpcf7-list-item\"><label><input type=\"radio\" name=\"radio-part109\" value=\"Neither agree nor disagree\" \/><span class=\"wpcf7-list-item-label\">Neither agree nor disagree<\/span><\/label><\/span><span class=\"wpcf7-list-item\"><label><input type=\"radio\" name=\"radio-part109\" value=\"Agree&nbsp;&nbsp;&nbsp;&nbsp;&nbsp;&nbsp;&nbsp;&nbsp;&nbsp;\" \/><span class=\"wpcf7-list-item-label\">Agree&nbsp;&nbsp;&nbsp;&nbsp;&nbsp;&nbsp;&nbsp;&nbsp;&nbsp;<\/span><\/label><\/span><span class=\"wpcf7-list-item last\"><label><input type=\"radio\" name=\"radio-part109\" value=\"Strongly agree\" \/><span class=\"wpcf7-list-item-label\">Strongly agree<\/span><\/label><\/span><\/span><\/span>\n\t\t\t<\/p>\n\t\t<\/td>\n\t<\/tr>\n\t<tr>\n\t\t<td width=65%>\n\t\t\t<p>I have spoken in a formal meeting about increasing the amount of research that we do\n\t\t\t<\/p>\n\t\t<\/td>\n\t\t<td width=45%>\n\t\t\t<p><span class=\"wpcf7-form-control-wrap\" data-name=\"radio-part110\"><span class=\"wpcf7-form-control wpcf7-radio\"><span class=\"wpcf7-list-item first\"><label><input type=\"radio\" name=\"radio-part110\" value=\"Strongly disagree\" \/><span class=\"wpcf7-list-item-label\">Strongly disagree<\/span><\/label><\/span><span class=\"wpcf7-list-item\"><label><input type=\"radio\" name=\"radio-part110\" value=\"Disagree\" \/><span class=\"wpcf7-list-item-label\">Disagree<\/span><\/label><\/span><span class=\"wpcf7-list-item\"><label><input type=\"radio\" name=\"radio-part110\" value=\"Neither agree nor disagree\" \/><span class=\"wpcf7-list-item-label\">Neither agree nor disagree<\/span><\/label><\/span><span class=\"wpcf7-list-item\"><label><input type=\"radio\" name=\"radio-part110\" value=\"Agree&nbsp;&nbsp;&nbsp;&nbsp;&nbsp;&nbsp;&nbsp;&nbsp;&nbsp;\" \/><span class=\"wpcf7-list-item-label\">Agree&nbsp;&nbsp;&nbsp;&nbsp;&nbsp;&nbsp;&nbsp;&nbsp;&nbsp;<\/span><\/label><\/span><span class=\"wpcf7-list-item last\"><label><input type=\"radio\" name=\"radio-part110\" value=\"Strongly agree\" \/><span class=\"wpcf7-list-item-label\">Strongly agree<\/span><\/label><\/span><\/span><\/span>\n\t\t\t<\/p>\n\t\t<\/td>\n\t<\/tr>\n\t<tr>\n\t\t<td width=65%>\n\t\t\t<p>I have changed my clinical practice as a result of doing research\n\t\t\t<\/p>\n\t\t<\/td>\n\t\t<td width=45%>\n\t\t\t<p><span class=\"wpcf7-form-control-wrap\" data-name=\"radio-part111\"><span class=\"wpcf7-form-control wpcf7-radio\"><span class=\"wpcf7-list-item first\"><label><input type=\"radio\" name=\"radio-part111\" value=\"Strongly disagree\" \/><span class=\"wpcf7-list-item-label\">Strongly disagree<\/span><\/label><\/span><span class=\"wpcf7-list-item\"><label><input type=\"radio\" name=\"radio-part111\" value=\"Disagree\" \/><span class=\"wpcf7-list-item-label\">Disagree<\/span><\/label><\/span><span class=\"wpcf7-list-item\"><label><input type=\"radio\" name=\"radio-part111\" value=\"Neither agree nor disagree\" \/><span class=\"wpcf7-list-item-label\">Neither agree nor disagree<\/span><\/label><\/span><span class=\"wpcf7-list-item\"><label><input type=\"radio\" name=\"radio-part111\" value=\"Agree&nbsp;&nbsp;&nbsp;&nbsp;&nbsp;&nbsp;&nbsp;&nbsp;&nbsp;\" \/><span class=\"wpcf7-list-item-label\">Agree&nbsp;&nbsp;&nbsp;&nbsp;&nbsp;&nbsp;&nbsp;&nbsp;&nbsp;<\/span><\/label><\/span><span class=\"wpcf7-list-item last\"><label><input type=\"radio\" name=\"radio-part111\" value=\"Strongly agree\" \/><span class=\"wpcf7-list-item-label\">Strongly agree<\/span><\/label><\/span><\/span><\/span>\n\t\t\t<\/p>\n\t\t<\/td>\n\t<\/tr>\n\t<tr>\n\t\t<td width=65%>\n\t\t\t<p>I have spoken in a formal meeting or to a senior colleague about increasing the use of research in our working<br \/>\nenvironment\n\t\t\t<\/p>\n\t\t<\/td>\n\t\t<td width=45%>\n\t\t\t<p><span class=\"wpcf7-form-control-wrap\" data-name=\"radio-part112\"><span class=\"wpcf7-form-control wpcf7-radio\"><span class=\"wpcf7-list-item first\"><label><input type=\"radio\" name=\"radio-part112\" value=\"Strongly disagree\" \/><span class=\"wpcf7-list-item-label\">Strongly disagree<\/span><\/label><\/span><span class=\"wpcf7-list-item\"><label><input type=\"radio\" name=\"radio-part112\" value=\"Disagree\" \/><span class=\"wpcf7-list-item-label\">Disagree<\/span><\/label><\/span><span class=\"wpcf7-list-item\"><label><input type=\"radio\" name=\"radio-part112\" value=\"Neither agree nor disagree\" \/><span class=\"wpcf7-list-item-label\">Neither agree nor disagree<\/span><\/label><\/span><span class=\"wpcf7-list-item\"><label><input type=\"radio\" name=\"radio-part112\" value=\"Agree&nbsp;&nbsp;&nbsp;&nbsp;&nbsp;&nbsp;&nbsp;&nbsp;&nbsp;\" \/><span class=\"wpcf7-list-item-label\">Agree&nbsp;&nbsp;&nbsp;&nbsp;&nbsp;&nbsp;&nbsp;&nbsp;&nbsp;<\/span><\/label><\/span><span class=\"wpcf7-list-item last\"><label><input type=\"radio\" name=\"radio-part112\" value=\"Strongly agree\" \/><span class=\"wpcf7-list-item-label\">Strongly agree<\/span><\/label><\/span><\/span><\/span>\n\t\t\t<\/p>\n\t\t<\/td>\n\t<\/tr>\n\t<tr>\n\t\t<td width=65%>\n\t\t\t<p>I am currently working on a research project\n\t\t\t<\/p>\n\t\t<\/td>\n\t\t<td width=45%>\n\t\t\t<p><span class=\"wpcf7-form-control-wrap\" data-name=\"radio-part113\"><span class=\"wpcf7-form-control wpcf7-radio\"><span class=\"wpcf7-list-item first\"><label><input type=\"radio\" name=\"radio-part113\" value=\"Strongly disagree\" \/><span class=\"wpcf7-list-item-label\">Strongly disagree<\/span><\/label><\/span><span class=\"wpcf7-list-item\"><label><input type=\"radio\" name=\"radio-part113\" value=\"Disagree\" \/><span class=\"wpcf7-list-item-label\">Disagree<\/span><\/label><\/span><span class=\"wpcf7-list-item\"><label><input type=\"radio\" name=\"radio-part113\" value=\"Neither agree nor disagree\" \/><span class=\"wpcf7-list-item-label\">Neither agree nor disagree<\/span><\/label><\/span><span class=\"wpcf7-list-item\"><label><input type=\"radio\" name=\"radio-part113\" value=\"Agree&nbsp;&nbsp;&nbsp;&nbsp;&nbsp;&nbsp;&nbsp;&nbsp;&nbsp;\" \/><span class=\"wpcf7-list-item-label\">Agree&nbsp;&nbsp;&nbsp;&nbsp;&nbsp;&nbsp;&nbsp;&nbsp;&nbsp;<\/span><\/label><\/span><span class=\"wpcf7-list-item last\"><label><input type=\"radio\" name=\"radio-part113\" value=\"Strongly agree\" \/><span class=\"wpcf7-list-item-label\">Strongly agree<\/span><\/label><\/span><\/span><\/span>\n\t\t\t<\/p>\n\t\t<\/td>\n\t<\/tr>\n<\/table>\n<p><input class=\"wpcf7-form-control wpcf7-submit has-spinner\" type=\"submit\" value=\"Bek\u00fcld\u00e9s\" \/>\n<\/p><div class=\"wpcf7-response-output\" aria-hidden=\"true\"><\/div>\n<\/form>\n<\/div>\n\n","protected":false},"excerpt":{"rendered":"","protected":false},"author":101661,"featured_media":0,"parent":0,"menu_order":0,"comment_status":"closed","ping_status":"closed","template":"","meta":{"_acf_changed":false,"footnotes":""},"categories":[],"tags":[],"class_list":["post-6459","page","type-page","status-publish","hentry"],"acf":[],"publishpress_future_action":{"enabled":false,"date":"1970-01-01 01:00:00","action":"","terms":[],"taxonomy":"","browser_timezone_offset":0},"_links":{"self":[{"href":"https:\/\/semmelweis.hu\/csot\/wp-json\/wp\/v2\/pages\/6459","targetHints":{"allow":["GET"]}}],"collection":[{"href":"https:\/\/semmelweis.hu\/csot\/wp-json\/wp\/v2\/pages"}],"about":[{"href":"https:\/\/semmelweis.hu\/csot\/wp-json\/wp\/v2\/types\/page"}],"author":[{"embeddable":true,"href":"https:\/\/semmelweis.hu\/csot\/wp-json\/wp\/v2\/users\/101661"}],"replies":[{"embeddable":true,"href":"https:\/\/semmelweis.hu\/csot\/wp-json\/wp\/v2\/comments?post=6459"}],"version-history":[{"count":1,"href":"https:\/\/semmelweis.hu\/csot\/wp-json\/wp\/v2\/pages\/6459\/revisions"}],"predecessor-version":[{"id":6460,"href":"https:\/\/semmelweis.hu\/csot\/wp-json\/wp\/v2\/pages\/6459\/revisions\/6460"}],"wp:attachment":[{"href":"https:\/\/semmelweis.hu\/csot\/wp-json\/wp\/v2\/media?parent=6459"}],"wp:term":[{"taxonomy":"category","embeddable":true,"href":"https:\/\/semmelweis.hu\/csot\/wp-json\/wp\/v2\/categories?post=6459"},{"taxonomy":"post_tag","embeddable":true,"href":"https:\/\/semmelweis.hu\/csot\/wp-json\/wp\/v2\/tags?post=6459"}],"curies":[{"name":"wp","href":"https:\/\/api.w.org\/{rel}","templated":true}]}}