{"id":6369,"date":"2023-01-11T16:57:22","date_gmt":"2023-01-11T15:57:22","guid":{"rendered":"https:\/\/semmelweis.hu\/csot\/?page_id=6369"},"modified":"2023-10-01T18:49:56","modified_gmt":"2023-10-01T16:49:56","slug":"kutatas-bno-bfq-1","status":"publish","type":"page","link":"https:\/\/semmelweis.hu\/csot\/kutatas-bno-bfq-1\/","title":{"rendered":"Kutat\u00e1s (BNO &#8211; BFQ) 1"},"content":{"rendered":"<p>Ide j\u00f6n a bevezet\u0151 sz\u00f6veg, adatv\u00e9delmi hivatkoz\u00e1s.<\/p>\n<p class=\"wpcf7-contact-form-not-found\"><strong>Hiba:<\/strong> Kapcsolatfelv\u00e9teli \u0171rlap nem tal\u00e1lhat\u00f3.<\/p>\n","protected":false},"excerpt":{"rendered":"<p>Ide j\u00f6n a bevezet\u0151 sz\u00f6veg, adatv\u00e9delmi hivatkoz\u00e1s.<\/p>\n","protected":false},"author":101661,"featured_media":0,"parent":0,"menu_order":0,"comment_status":"closed","ping_status":"closed","template":"template-fullwidth.php","meta":{"_acf_changed":false,"footnotes":""},"categories":[],"tags":[],"class_list":["post-6369","page","type-page","status-publish","hentry"],"acf":[],"publishpress_future_action":{"enabled":false,"date":"1970-01-01 01:00:00","action":"","terms":[],"taxonomy":"","browser_timezone_offset":0},"_links":{"self":[{"href":"https:\/\/semmelweis.hu\/csot\/wp-json\/wp\/v2\/pages\/6369","targetHints":{"allow":["GET"]}}],"collection":[{"href":"https:\/\/semmelweis.hu\/csot\/wp-json\/wp\/v2\/pages"}],"about":[{"href":"https:\/\/semmelweis.hu\/csot\/wp-json\/wp\/v2\/types\/page"}],"author":[{"embeddable":true,"href":"https:\/\/semmelweis.hu\/csot\/wp-json\/wp\/v2\/users\/101661"}],"replies":[{"embeddable":true,"href":"https:\/\/semmelweis.hu\/csot\/wp-json\/wp\/v2\/comments?post=6369"}],"version-history":[{"count":5,"href":"https:\/\/semmelweis.hu\/csot\/wp-json\/wp\/v2\/pages\/6369\/revisions"}],"predecessor-version":[{"id":6595,"href":"https:\/\/semmelweis.hu\/csot\/wp-json\/wp\/v2\/pages\/6369\/revisions\/6595"}],"wp:attachment":[{"href":"https:\/\/semmelweis.hu\/csot\/wp-json\/wp\/v2\/media?parent=6369"}],"wp:term":[{"taxonomy":"category","embeddable":true,"href":"https:\/\/semmelweis.hu\/csot\/wp-json\/wp\/v2\/categories?post=6369"},{"taxonomy":"post_tag","embeddable":true,"href":"https:\/\/semmelweis.hu\/csot\/wp-json\/wp\/v2\/tags?post=6369"}],"curies":[{"name":"wp","href":"https:\/\/api.w.org\/{rel}","templated":true}]}}