{"id":6127,"date":"2022-09-13T21:29:41","date_gmt":"2022-09-13T19:29:41","guid":{"rendered":"https:\/\/semmelweis.hu\/csot\/?page_id=6127"},"modified":"2023-03-13T12:08:41","modified_gmt":"2023-03-13T11:08:41","slug":"kutatoi-kurzus-ertekeles-2","status":"publish","type":"page","link":"https:\/\/semmelweis.hu\/csot\/kutatoi-kurzus-ertekeles-2\/","title":{"rendered":"Kutat\u00f3i kurzus \u00e9rt\u00e9kel\u00e9s 2"},"content":{"rendered":"\n<div class=\"wpcf7 no-js\" id=\"wpcf7-f6126-o1\" lang=\"hu-HU\" dir=\"ltr\" data-wpcf7-id=\"6126\">\n<div class=\"screen-reader-response\"><p role=\"status\" aria-live=\"polite\" aria-atomic=\"true\"><\/p> <ul><\/ul><\/div>\n<form action=\"\/csot\/wp-json\/wp\/v2\/pages\/6127#wpcf7-f6126-o1\" method=\"post\" class=\"wpcf7-form init\" aria-label=\"Kapcsolatfelv\u00e9teli \u0171rlap\" novalidate=\"novalidate\" data-status=\"init\">\n<div style=\"display: none;\">\n<input type=\"hidden\" name=\"_wpcf7\" value=\"6126\" \/>\n<input type=\"hidden\" name=\"_wpcf7_version\" value=\"6.0.5\" \/>\n<input type=\"hidden\" name=\"_wpcf7_locale\" value=\"hu_HU\" \/>\n<input type=\"hidden\" name=\"_wpcf7_unit_tag\" value=\"wpcf7-f6126-o1\" \/>\n<input type=\"hidden\" name=\"_wpcf7_container_post\" value=\"0\" \/>\n<input type=\"hidden\" name=\"_wpcf7_posted_data_hash\" value=\"\" \/>\n<input type=\"hidden\" name=\"_wpcf7_recaptcha_response\" value=\"\" \/>\n<\/div>\n<p><label> Name: <span class=\"wpcf7-form-control-wrap\" data-name=\"your-name\"><input size=\"40\" maxlength=\"400\" class=\"wpcf7-form-control wpcf7-text wpcf7-validates-as-required\" aria-required=\"true\" aria-invalid=\"false\" value=\"\" type=\"text\" name=\"your-name\" \/><\/span> <\/label>\n<\/p>\n<p><strong>Part 1<\/strong><br \/>\nI am able to\n<\/p>\n<table>\n\t<tr>\n\t\t<td width=65%>\n\t\t\t<p>... identify a clinical problem that is amenable to research\n\t\t\t<\/p>\n\t\t<\/td>\n\t\t<td width=45%>\n\t\t\t<p><span class=\"wpcf7-form-control-wrap\" data-name=\"radio-part101\"><span class=\"wpcf7-form-control wpcf7-radio\"><span class=\"wpcf7-list-item first\"><label><input type=\"radio\" name=\"radio-part101\" value=\"Strongly disagree\" \/><span class=\"wpcf7-list-item-label\">Strongly disagree<\/span><\/label><\/span><span class=\"wpcf7-list-item\"><label><input type=\"radio\" name=\"radio-part101\" value=\"Disagree\" \/><span class=\"wpcf7-list-item-label\">Disagree<\/span><\/label><\/span><span class=\"wpcf7-list-item\"><label><input type=\"radio\" name=\"radio-part101\" value=\"Neither agree nor disagree\" \/><span class=\"wpcf7-list-item-label\">Neither agree nor disagree<\/span><\/label><\/span><span class=\"wpcf7-list-item\"><label><input type=\"radio\" name=\"radio-part101\" value=\"Agree&nbsp;&nbsp;&nbsp;&nbsp;&nbsp;&nbsp;&nbsp;&nbsp;&nbsp;\" \/><span class=\"wpcf7-list-item-label\">Agree&nbsp;&nbsp;&nbsp;&nbsp;&nbsp;&nbsp;&nbsp;&nbsp;&nbsp;<\/span><\/label><\/span><span class=\"wpcf7-list-item last\"><label><input type=\"radio\" name=\"radio-part101\" value=\"Strongly agree\" \/><span class=\"wpcf7-list-item-label\">Strongly agree<\/span><\/label><\/span><\/span><\/span>\n\t\t\t<\/p>\n\t\t<\/td>\n\t<\/tr>\n\t<tr>\n\t\t<td width=65%>\n\t\t\t<p>... produce a realistic budget for my research project\n\t\t\t<\/p>\n\t\t<\/td>\n\t\t<td width=45%>\n\t\t\t<p><span class=\"wpcf7-form-control-wrap\" data-name=\"radio-part102\"><span class=\"wpcf7-form-control wpcf7-radio\"><span class=\"wpcf7-list-item first\"><label><input type=\"radio\" name=\"radio-part102\" value=\"Strongly disagree\" \/><span class=\"wpcf7-list-item-label\">Strongly disagree<\/span><\/label><\/span><span class=\"wpcf7-list-item\"><label><input type=\"radio\" name=\"radio-part102\" value=\"Disagree\" \/><span class=\"wpcf7-list-item-label\">Disagree<\/span><\/label><\/span><span class=\"wpcf7-list-item\"><label><input type=\"radio\" name=\"radio-part102\" value=\"Neither agree nor disagree\" \/><span class=\"wpcf7-list-item-label\">Neither agree nor disagree<\/span><\/label><\/span><span class=\"wpcf7-list-item\"><label><input type=\"radio\" name=\"radio-part102\" value=\"Agree&nbsp;&nbsp;&nbsp;&nbsp;&nbsp;&nbsp;&nbsp;&nbsp;&nbsp;\" \/><span class=\"wpcf7-list-item-label\">Agree&nbsp;&nbsp;&nbsp;&nbsp;&nbsp;&nbsp;&nbsp;&nbsp;&nbsp;<\/span><\/label><\/span><span class=\"wpcf7-list-item last\"><label><input type=\"radio\" name=\"radio-part102\" value=\"Strongly agree\" \/><span class=\"wpcf7-list-item-label\">Strongly agree<\/span><\/label><\/span><\/span><\/span>\n\t\t\t<\/p>\n\t\t<\/td>\n\t<\/tr>\n\t<tr>\n\t\t<td width=65%>\n\t\t\t<p>... formulate a clear research question or testable hypothesis to address a clinical problem\n\t\t\t<\/p>\n\t\t<\/td>\n\t\t<td width=45%>\n\t\t\t<p><span class=\"wpcf7-form-control-wrap\" data-name=\"radio-part103\"><span class=\"wpcf7-form-control wpcf7-radio\"><span class=\"wpcf7-list-item first\"><label><input type=\"radio\" name=\"radio-part103\" value=\"Strongly disagree\" \/><span class=\"wpcf7-list-item-label\">Strongly disagree<\/span><\/label><\/span><span class=\"wpcf7-list-item\"><label><input type=\"radio\" name=\"radio-part103\" value=\"Disagree\" \/><span class=\"wpcf7-list-item-label\">Disagree<\/span><\/label><\/span><span class=\"wpcf7-list-item\"><label><input type=\"radio\" name=\"radio-part103\" value=\"Neither agree nor disagree\" \/><span class=\"wpcf7-list-item-label\">Neither agree nor disagree<\/span><\/label><\/span><span class=\"wpcf7-list-item\"><label><input type=\"radio\" name=\"radio-part103\" value=\"Agree&nbsp;&nbsp;&nbsp;&nbsp;&nbsp;&nbsp;&nbsp;&nbsp;&nbsp;\" \/><span class=\"wpcf7-list-item-label\">Agree&nbsp;&nbsp;&nbsp;&nbsp;&nbsp;&nbsp;&nbsp;&nbsp;&nbsp;<\/span><\/label><\/span><span class=\"wpcf7-list-item last\"><label><input type=\"radio\" name=\"radio-part103\" value=\"Strongly agree\" \/><span class=\"wpcf7-list-item-label\">Strongly agree<\/span><\/label><\/span><\/span><\/span>\n\t\t\t<\/p>\n\t\t<\/td>\n\t<\/tr>\n\t<tr>\n\t\t<td width=65%>\n\t\t\t<p>... write a balanced and comprehensive literature review\n\t\t\t<\/p>\n\t\t<\/td>\n\t\t<td width=45%>\n\t\t\t<p><span class=\"wpcf7-form-control-wrap\" data-name=\"radio-part104\"><span class=\"wpcf7-form-control wpcf7-radio\"><span class=\"wpcf7-list-item first\"><label><input type=\"radio\" name=\"radio-part104\" value=\"Strongly disagree\" \/><span class=\"wpcf7-list-item-label\">Strongly disagree<\/span><\/label><\/span><span class=\"wpcf7-list-item\"><label><input type=\"radio\" name=\"radio-part104\" value=\"Disagree\" \/><span class=\"wpcf7-list-item-label\">Disagree<\/span><\/label><\/span><span class=\"wpcf7-list-item\"><label><input type=\"radio\" name=\"radio-part104\" value=\"Neither agree nor disagree\" \/><span class=\"wpcf7-list-item-label\">Neither agree nor disagree<\/span><\/label><\/span><span class=\"wpcf7-list-item\"><label><input type=\"radio\" name=\"radio-part104\" value=\"Agree&nbsp;&nbsp;&nbsp;&nbsp;&nbsp;&nbsp;&nbsp;&nbsp;&nbsp;\" \/><span class=\"wpcf7-list-item-label\">Agree&nbsp;&nbsp;&nbsp;&nbsp;&nbsp;&nbsp;&nbsp;&nbsp;&nbsp;<\/span><\/label><\/span><span class=\"wpcf7-list-item last\"><label><input type=\"radio\" name=\"radio-part104\" value=\"Strongly agree\" \/><span class=\"wpcf7-list-item-label\">Strongly agree<\/span><\/label><\/span><\/span><\/span>\n\t\t\t<\/p>\n\t\t<\/td>\n\t<\/tr>\n\t<tr>\n\t\t<td width=65%>\n\t\t\t<p>... put together a team to help me to conduct my research\n\t\t\t<\/p>\n\t\t<\/td>\n\t\t<td width=45%>\n\t\t\t<p><span class=\"wpcf7-form-control-wrap\" data-name=\"radio-part105\"><span class=\"wpcf7-form-control wpcf7-radio\"><span class=\"wpcf7-list-item first\"><label><input type=\"radio\" name=\"radio-part105\" value=\"Strongly disagree\" \/><span class=\"wpcf7-list-item-label\">Strongly disagree<\/span><\/label><\/span><span class=\"wpcf7-list-item\"><label><input type=\"radio\" name=\"radio-part105\" value=\"Disagree\" \/><span class=\"wpcf7-list-item-label\">Disagree<\/span><\/label><\/span><span class=\"wpcf7-list-item\"><label><input type=\"radio\" name=\"radio-part105\" value=\"Neither agree nor disagree\" \/><span class=\"wpcf7-list-item-label\">Neither agree nor disagree<\/span><\/label><\/span><span class=\"wpcf7-list-item\"><label><input type=\"radio\" name=\"radio-part105\" value=\"Agree&nbsp;&nbsp;&nbsp;&nbsp;&nbsp;&nbsp;&nbsp;&nbsp;&nbsp;\" \/><span class=\"wpcf7-list-item-label\">Agree&nbsp;&nbsp;&nbsp;&nbsp;&nbsp;&nbsp;&nbsp;&nbsp;&nbsp;<\/span><\/label><\/span><span class=\"wpcf7-list-item last\"><label><input type=\"radio\" name=\"radio-part105\" value=\"Strongly agree\" \/><span class=\"wpcf7-list-item-label\">Strongly agree<\/span><\/label><\/span><\/span><\/span>\n\t\t\t<\/p>\n\t\t<\/td>\n\t<\/tr>\n\t<tr>\n\t\t<td width=65%>\n\t\t\t<p>... teach someone else how to design and implement a simple research project\n\t\t\t<\/p>\n\t\t<\/td>\n\t\t<td width=45%>\n\t\t\t<p><span class=\"wpcf7-form-control-wrap\" data-name=\"radio-part106\"><span class=\"wpcf7-form-control wpcf7-radio\"><span class=\"wpcf7-list-item first\"><label><input type=\"radio\" name=\"radio-part106\" value=\"Strongly disagree\" \/><span class=\"wpcf7-list-item-label\">Strongly disagree<\/span><\/label><\/span><span class=\"wpcf7-list-item\"><label><input type=\"radio\" name=\"radio-part106\" value=\"Disagree\" \/><span class=\"wpcf7-list-item-label\">Disagree<\/span><\/label><\/span><span class=\"wpcf7-list-item\"><label><input type=\"radio\" name=\"radio-part106\" value=\"Neither agree nor disagree\" \/><span class=\"wpcf7-list-item-label\">Neither agree nor disagree<\/span><\/label><\/span><span class=\"wpcf7-list-item\"><label><input type=\"radio\" name=\"radio-part106\" value=\"Agree&nbsp;&nbsp;&nbsp;&nbsp;&nbsp;&nbsp;&nbsp;&nbsp;&nbsp;\" \/><span class=\"wpcf7-list-item-label\">Agree&nbsp;&nbsp;&nbsp;&nbsp;&nbsp;&nbsp;&nbsp;&nbsp;&nbsp;<\/span><\/label><\/span><span class=\"wpcf7-list-item last\"><label><input type=\"radio\" name=\"radio-part106\" value=\"Strongly agree\" \/><span class=\"wpcf7-list-item-label\">Strongly agree<\/span><\/label><\/span><\/span><\/span>\n\t\t\t<\/p>\n\t\t<\/td>\n\t<\/tr>\n\t<tr>\n\t\t<td width=65%>\n\t\t\t<p>... do an effective electronic database search of the literature\n\t\t\t<\/p>\n\t\t<\/td>\n\t\t<td width=45%>\n\t\t\t<p><span class=\"wpcf7-form-control-wrap\" data-name=\"radio-part107\"><span class=\"wpcf7-form-control wpcf7-radio\"><span class=\"wpcf7-list-item first\"><label><input type=\"radio\" name=\"radio-part107\" value=\"Strongly disagree\" \/><span class=\"wpcf7-list-item-label\">Strongly disagree<\/span><\/label><\/span><span class=\"wpcf7-list-item\"><label><input type=\"radio\" name=\"radio-part107\" value=\"Disagree\" \/><span class=\"wpcf7-list-item-label\">Disagree<\/span><\/label><\/span><span class=\"wpcf7-list-item\"><label><input type=\"radio\" name=\"radio-part107\" value=\"Neither agree nor disagree\" \/><span class=\"wpcf7-list-item-label\">Neither agree nor disagree<\/span><\/label><\/span><span class=\"wpcf7-list-item\"><label><input type=\"radio\" name=\"radio-part107\" value=\"Agree&nbsp;&nbsp;&nbsp;&nbsp;&nbsp;&nbsp;&nbsp;&nbsp;&nbsp;\" \/><span class=\"wpcf7-list-item-label\">Agree&nbsp;&nbsp;&nbsp;&nbsp;&nbsp;&nbsp;&nbsp;&nbsp;&nbsp;<\/span><\/label><\/span><span class=\"wpcf7-list-item last\"><label><input type=\"radio\" name=\"radio-part107\" value=\"Strongly agree\" \/><span class=\"wpcf7-list-item-label\">Strongly agree<\/span><\/label><\/span><\/span><\/span>\n\t\t\t<\/p>\n\t\t<\/td>\n\t<\/tr>\n\t<tr>\n\t\t<td width=65%>\n\t\t\t<p>... effectively present my study and its implications\n\t\t\t<\/p>\n\t\t<\/td>\n\t\t<td width=45%>\n\t\t\t<p><span class=\"wpcf7-form-control-wrap\" data-name=\"radio-part108\"><span class=\"wpcf7-form-control wpcf7-radio\"><span class=\"wpcf7-list-item first\"><label><input type=\"radio\" name=\"radio-part108\" value=\"Strongly disagree\" \/><span class=\"wpcf7-list-item-label\">Strongly disagree<\/span><\/label><\/span><span class=\"wpcf7-list-item\"><label><input type=\"radio\" name=\"radio-part108\" value=\"Disagree\" \/><span class=\"wpcf7-list-item-label\">Disagree<\/span><\/label><\/span><span class=\"wpcf7-list-item\"><label><input type=\"radio\" name=\"radio-part108\" value=\"Neither agree nor disagree\" \/><span class=\"wpcf7-list-item-label\">Neither agree nor disagree<\/span><\/label><\/span><span class=\"wpcf7-list-item\"><label><input type=\"radio\" name=\"radio-part108\" value=\"Agree&nbsp;&nbsp;&nbsp;&nbsp;&nbsp;&nbsp;&nbsp;&nbsp;&nbsp;\" \/><span class=\"wpcf7-list-item-label\">Agree&nbsp;&nbsp;&nbsp;&nbsp;&nbsp;&nbsp;&nbsp;&nbsp;&nbsp;<\/span><\/label><\/span><span class=\"wpcf7-list-item last\"><label><input type=\"radio\" name=\"radio-part108\" value=\"Strongly agree\" \/><span class=\"wpcf7-list-item-label\">Strongly agree<\/span><\/label><\/span><\/span><\/span>\n\t\t\t<\/p>\n\t\t<\/td>\n\t<\/tr>\n\t<tr>\n\t\t<td width=65%>\n\t\t\t<p>... choose a research design that will answer my research question or hypothesis\n\t\t\t<\/p>\n\t\t<\/td>\n\t\t<td width=45%>\n\t\t\t<p><span class=\"wpcf7-form-control-wrap\" data-name=\"radio-part109\"><span class=\"wpcf7-form-control wpcf7-radio\"><span class=\"wpcf7-list-item first\"><label><input type=\"radio\" name=\"radio-part109\" value=\"Strongly disagree\" \/><span class=\"wpcf7-list-item-label\">Strongly disagree<\/span><\/label><\/span><span class=\"wpcf7-list-item\"><label><input type=\"radio\" name=\"radio-part109\" value=\"Disagree\" \/><span class=\"wpcf7-list-item-label\">Disagree<\/span><\/label><\/span><span class=\"wpcf7-list-item\"><label><input type=\"radio\" name=\"radio-part109\" value=\"Neither agree nor disagree\" \/><span class=\"wpcf7-list-item-label\">Neither agree nor disagree<\/span><\/label><\/span><span class=\"wpcf7-list-item\"><label><input type=\"radio\" name=\"radio-part109\" value=\"Agree&nbsp;&nbsp;&nbsp;&nbsp;&nbsp;&nbsp;&nbsp;&nbsp;&nbsp;\" \/><span class=\"wpcf7-list-item-label\">Agree&nbsp;&nbsp;&nbsp;&nbsp;&nbsp;&nbsp;&nbsp;&nbsp;&nbsp;<\/span><\/label><\/span><span class=\"wpcf7-list-item last\"><label><input type=\"radio\" name=\"radio-part109\" value=\"Strongly agree\" \/><span class=\"wpcf7-list-item-label\">Strongly agree<\/span><\/label><\/span><\/span><\/span>\n\t\t\t<\/p>\n\t\t<\/td>\n\t<\/tr>\n\t<tr>\n\t\t<td width=65%>\n\t\t\t<p>... design and implement the best data analysis strategy for my research study\n\t\t\t<\/p>\n\t\t<\/td>\n\t\t<td width=45%>\n\t\t\t<p><span class=\"wpcf7-form-control-wrap\" data-name=\"radio-part110\"><span class=\"wpcf7-form-control wpcf7-radio\"><span class=\"wpcf7-list-item first\"><label><input type=\"radio\" name=\"radio-part110\" value=\"Strongly disagree\" \/><span class=\"wpcf7-list-item-label\">Strongly disagree<\/span><\/label><\/span><span class=\"wpcf7-list-item\"><label><input type=\"radio\" name=\"radio-part110\" value=\"Disagree\" \/><span class=\"wpcf7-list-item-label\">Disagree<\/span><\/label><\/span><span class=\"wpcf7-list-item\"><label><input type=\"radio\" name=\"radio-part110\" value=\"Neither agree nor disagree\" \/><span class=\"wpcf7-list-item-label\">Neither agree nor disagree<\/span><\/label><\/span><span class=\"wpcf7-list-item\"><label><input type=\"radio\" name=\"radio-part110\" value=\"Agree&nbsp;&nbsp;&nbsp;&nbsp;&nbsp;&nbsp;&nbsp;&nbsp;&nbsp;\" \/><span class=\"wpcf7-list-item-label\">Agree&nbsp;&nbsp;&nbsp;&nbsp;&nbsp;&nbsp;&nbsp;&nbsp;&nbsp;<\/span><\/label><\/span><span class=\"wpcf7-list-item last\"><label><input type=\"radio\" name=\"radio-part110\" value=\"Strongly agree\" \/><span class=\"wpcf7-list-item-label\">Strongly agree<\/span><\/label><\/span><\/span><\/span>\n\t\t\t<\/p>\n\t\t<\/td>\n\t<\/tr>\n\t<tr>\n\t\t<td width=65%>\n\t\t\t<p>... design and implement the best strategy for collecting my data\n\t\t\t<\/p>\n\t\t<\/td>\n\t\t<td width=45%>\n\t\t\t<p><span class=\"wpcf7-form-control-wrap\" data-name=\"radio-part111\"><span class=\"wpcf7-form-control wpcf7-radio\"><span class=\"wpcf7-list-item first\"><label><input type=\"radio\" name=\"radio-part111\" value=\"Strongly disagree\" \/><span class=\"wpcf7-list-item-label\">Strongly disagree<\/span><\/label><\/span><span class=\"wpcf7-list-item\"><label><input type=\"radio\" name=\"radio-part111\" value=\"Disagree\" \/><span class=\"wpcf7-list-item-label\">Disagree<\/span><\/label><\/span><span class=\"wpcf7-list-item\"><label><input type=\"radio\" name=\"radio-part111\" value=\"Neither agree nor disagree\" \/><span class=\"wpcf7-list-item-label\">Neither agree nor disagree<\/span><\/label><\/span><span class=\"wpcf7-list-item\"><label><input type=\"radio\" name=\"radio-part111\" value=\"Agree&nbsp;&nbsp;&nbsp;&nbsp;&nbsp;&nbsp;&nbsp;&nbsp;&nbsp;\" \/><span class=\"wpcf7-list-item-label\">Agree&nbsp;&nbsp;&nbsp;&nbsp;&nbsp;&nbsp;&nbsp;&nbsp;&nbsp;<\/span><\/label><\/span><span class=\"wpcf7-list-item last\"><label><input type=\"radio\" name=\"radio-part111\" value=\"Strongly agree\" \/><span class=\"wpcf7-list-item-label\">Strongly agree<\/span><\/label><\/span><\/span><\/span>\n\t\t\t<\/p>\n\t\t<\/td>\n\t<\/tr>\n<\/table>\n<p><strong>Part 2<\/strong>\n<\/p>\n<table>\n\t<tr>\n\t\t<td>\n\t\t\t<p><strong>Questions<\/strong>\n\t\t\t<\/p>\n\t\t<\/td>\n\t\t<td>\n\t\t\t<p><strong>Your answers<\/strong>\n\t\t\t<\/p>\n\t\t<\/td>\n\t<\/tr>\n\t<tr>\n\t\t<td width=35%>\n\t\t\t<p>What made you decide to do this course?\n\t\t\t<\/p>\n\t\t<\/td>\n\t\t<td width=65%>\n\t\t\t<p><span class=\"wpcf7-form-control-wrap\" data-name=\"textarea-1\"><textarea cols=\"40\" rows=\"10\" maxlength=\"2000\" class=\"wpcf7-form-control wpcf7-textarea wpcf7-validates-as-required\" aria-required=\"true\" aria-invalid=\"false\" name=\"textarea-1\"><\/textarea><\/span>\n\t\t\t<\/p>\n\t\t<\/td>\n\t<\/tr>\n\t<tr>\n\t\t<td width=35%>\n\t\t\t<p>What were the best things about the course?\n\t\t\t<\/p>\n\t\t<\/td>\n\t\t<td width=65%>\n\t\t\t<p><span class=\"wpcf7-form-control-wrap\" data-name=\"textarea-2\"><textarea cols=\"40\" rows=\"10\" maxlength=\"2000\" class=\"wpcf7-form-control wpcf7-textarea wpcf7-validates-as-required\" aria-required=\"true\" aria-invalid=\"false\" name=\"textarea-2\"><\/textarea><\/span>\n\t\t\t<\/p>\n\t\t<\/td>\n\t<\/tr>\n\t<tr>\n\t\t<td width=35%>\n\t\t\t<p>How satisfied were you with the course content, and how could it have been improved?\n\t\t\t<\/p>\n\t\t<\/td>\n\t\t<td width=65%>\n\t\t\t<p><span class=\"wpcf7-form-control-wrap\" data-name=\"textarea-3\"><textarea cols=\"40\" rows=\"10\" maxlength=\"2000\" class=\"wpcf7-form-control wpcf7-textarea wpcf7-validates-as-required\" aria-required=\"true\" aria-invalid=\"false\" name=\"textarea-3\"><\/textarea><\/span>\n\t\t\t<\/p>\n\t\t<\/td>\n\t<\/tr>\n\t<tr>\n\t\t<td width=35%>\n\t\t\t<p>How satisfied were you with the course teaching, and how could it have been improved?\n\t\t\t<\/p>\n\t\t<\/td>\n\t\t<td width=65%>\n\t\t\t<p><span class=\"wpcf7-form-control-wrap\" data-name=\"textarea-4\"><textarea cols=\"40\" rows=\"10\" maxlength=\"2000\" class=\"wpcf7-form-control wpcf7-textarea wpcf7-validates-as-required\" aria-required=\"true\" aria-invalid=\"false\" name=\"textarea-4\"><\/textarea><\/span>\n\t\t\t<\/p>\n\t\t<\/td>\n\t<\/tr>\n\t<tr>\n\t\t<td width=35%>\n\t\t\t<p>How satisfied were you with the course organisation, and how could it have been improved?\n\t\t\t<\/p>\n\t\t<\/td>\n\t\t<td width=75%>\n\t\t\t<p><span class=\"wpcf7-form-control-wrap\" data-name=\"textarea-6\"><textarea cols=\"40\" rows=\"10\" maxlength=\"2000\" class=\"wpcf7-form-control wpcf7-textarea wpcf7-validates-as-required\" aria-required=\"true\" aria-invalid=\"false\" name=\"textarea-6\"><\/textarea><\/span>\n\t\t\t<\/p>\n\t\t<\/td>\n\t<\/tr>\n\t<tr>\n\t\t<td width=35%>\n\t\t\t<p>How much did the international approach help or impede your learning?\n\t\t\t<\/p>\n\t\t<\/td>\n\t\t<td width=65%>\n\t\t\t<p><span class=\"wpcf7-form-control-wrap\" data-name=\"textarea-7\"><textarea cols=\"40\" rows=\"10\" maxlength=\"2000\" class=\"wpcf7-form-control wpcf7-textarea wpcf7-validates-as-required\" aria-required=\"true\" aria-invalid=\"false\" name=\"textarea-7\"><\/textarea><\/span>\n\t\t\t<\/p>\n\t\t<\/td>\n\t<\/tr>\n\t<tr>\n\t\t<td width=35%>\n\t\t\t<p>Overall, how satisfied were you with this course?\n\t\t\t<\/p>\n\t\t<\/td>\n\t\t<td width=65%>\n\t\t\t<p><span class=\"wpcf7-form-control-wrap\" data-name=\"textarea-8\"><textarea cols=\"40\" rows=\"10\" maxlength=\"2000\" class=\"wpcf7-form-control wpcf7-textarea wpcf7-validates-as-required\" aria-required=\"true\" aria-invalid=\"false\" name=\"textarea-8\"><\/textarea><\/span>\n\t\t\t<\/p>\n\t\t<\/td>\n\t<\/tr>\n<\/table>\n<p><input class=\"wpcf7-form-control wpcf7-submit has-spinner\" type=\"submit\" value=\"Bek\u00fcld\u00e9s\" \/>\n<\/p><div class=\"wpcf7-response-output\" aria-hidden=\"true\"><\/div>\n<\/form>\n<\/div>\n\n","protected":false},"excerpt":{"rendered":"","protected":false},"author":101661,"featured_media":0,"parent":0,"menu_order":0,"comment_status":"closed","ping_status":"closed","template":"template-fullwidth.php","meta":{"_acf_changed":false,"footnotes":""},"categories":[],"tags":[],"class_list":["post-6127","page","type-page","status-publish","hentry"],"acf":[],"publishpress_future_action":{"enabled":false,"date":"1970-01-01 01:00:00","action":"","terms":[],"taxonomy":"","browser_timezone_offset":0},"_links":{"self":[{"href":"https:\/\/semmelweis.hu\/csot\/wp-json\/wp\/v2\/pages\/6127","targetHints":{"allow":["GET"]}}],"collection":[{"href":"https:\/\/semmelweis.hu\/csot\/wp-json\/wp\/v2\/pages"}],"about":[{"href":"https:\/\/semmelweis.hu\/csot\/wp-json\/wp\/v2\/types\/page"}],"author":[{"embeddable":true,"href":"https:\/\/semmelweis.hu\/csot\/wp-json\/wp\/v2\/users\/101661"}],"replies":[{"embeddable":true,"href":"https:\/\/semmelweis.hu\/csot\/wp-json\/wp\/v2\/comments?post=6127"}],"version-history":[{"count":3,"href":"https:\/\/semmelweis.hu\/csot\/wp-json\/wp\/v2\/pages\/6127\/revisions"}],"predecessor-version":[{"id":6458,"href":"https:\/\/semmelweis.hu\/csot\/wp-json\/wp\/v2\/pages\/6127\/revisions\/6458"}],"wp:attachment":[{"href":"https:\/\/semmelweis.hu\/csot\/wp-json\/wp\/v2\/media?parent=6127"}],"wp:term":[{"taxonomy":"category","embeddable":true,"href":"https:\/\/semmelweis.hu\/csot\/wp-json\/wp\/v2\/categories?post=6127"},{"taxonomy":"post_tag","embeddable":true,"href":"https:\/\/semmelweis.hu\/csot\/wp-json\/wp\/v2\/tags?post=6127"}],"curies":[{"name":"wp","href":"https:\/\/api.w.org\/{rel}","templated":true}]}}