{"id":5874,"date":"2022-03-03T11:34:42","date_gmt":"2022-03-03T10:34:42","guid":{"rendered":"https:\/\/semmelweis.hu\/csot\/?page_id=5874"},"modified":"2025-10-12T11:17:30","modified_gmt":"2025-10-12T09:17:30","slug":"vaszkularis-prevencio-kutatocsoport","status":"publish","type":"page","link":"https:\/\/semmelweis.hu\/csot\/kutatas\/kutatocsoportok\/vaszkularis-prevencio-kutatocsoport\/","title":{"rendered":"Vaszkul\u00e1ris prevenci\u00f3 kutat\u00f3csoport"},"content":{"rendered":"<h1>Vaszkul\u00e1ris prevenci\u00f3 kutat\u00f3csoport<\/h1>\n<p>Kutat\u00f3csoport vezet\u0151: Dr. Nemcsik J\u00e1nos Ph.D., egyetemi docens<\/p>\n<p>Ph.D. fokozatot szerzett doktori hallgat\u00f3:<\/p>\n<p>&#8211; Dr. L\u00e1szl\u00f3 Andrea (2020)<\/p>\n<p>&#8211; Dr. Batta D\u00f3ra (2023)<\/p>\n<p>&#8211; Dr. Vecsey-Nagy Mil\u00e1n (2023, megosztott t\u00e9mavezet\u00e9s Dr. Maurovich-Horvat P\u00e1llal)<\/p>\n<p>&#8211; Dr. Gy\u00f6ngy\u00f6si Helga (2025)<\/p>\n<p>&#8211; Dr. Nemcsik-Bencze Zs\u00f3fia (2025)<\/p>\n<p>V\u00e9gzett Ph.D. hallgat\u00f3: Dr. K\u0151r\u00f6si Be\u00e1ta<\/p>\n<p>Akt\u00edv Ph.D. hallgat\u00f3: Sipos Barbara (MD-PhD hallgat\u00f3), Dr. Kekk Zs\u00f3fia (egy\u00e9ni felk\u00e9sz\u00fcl\u0151, megosztott t\u00e9mavezet\u00e9s Dr. J\u00e1rai Zolt\u00e1nnal)\u00a0<\/p>\n<p>tudom\u00e1nyos di\u00e1kk\u00f6r\u00f6s: Zsarnai Marina Aur\u00f3ra V. \u00e9ves orvostanhallgat\u00f3, J\u00f3svai Zs\u00f3fia III. \u00e9ves orvostanhallgat\u00f3<\/p>\n<h2>Kutat\u00e1si t\u00e9m\u00e1k<\/h2>\n<p><strong>1. Az art\u00e9ri\u00e1s \u00e9rfalmerevs\u00e9g etiol\u00f3gi\u00e1ja \u00e9s gy\u00f3gyszeres vagy egy\u00e9b m\u00f3dszerekkel t\u00f6rt\u00e9n\u0151 befoly\u00e1sol\u00e1sa<\/strong><\/p>\n<p>Az art\u00e9ri\u00e1s \u00e9rfalmerevs\u00e9g legf\u0151bb param\u00e9ter\u00e9nek, a carotis-femoralis pulzushull\u00e1m terjed\u00e9si sebess\u00e9g m\u00e9r\u00e9s\u00e9nek f\u00fcggetlen prognosztikai ereje van a sz\u00edv-\u00e9rrendszeri esem\u00e9nyek vonatkoz\u00e1s\u00e1ban eg\u00e9szs\u00e9ges alanyokn\u00e1l \u00e9s sz\u00e1mos vaszkul\u00e1ris k\u00e1rosod\u00e1st okoz\u00f3 k\u00f3r\u00e1llapotban. A centr\u00e1lis v\u00e9rnyom\u00e1s \u00e9s a pulzushull\u00e1m visszaver\u0151d\u00e9st le\u00edr\u00f3 k\u00fcl\u00f6nb\u00f6z\u0151 param\u00e9terek klinikai jelent\u0151s\u00e9g\u00e9r\u0151l is egyre t\u00f6bb adat \u00e1ll rendelkez\u00e9s\u00fcnkre, de a k\u00fcl\u00f6nb\u00f6z\u0151 vizsg\u00e1l\u00f3m\u00f3dszerek egym\u00e1st\u00f3l elt\u00e9r\u0151 sz\u00e1m\u00e9rt\u00e9keket adhatnak. Kutat\u00f3csoportunk c\u00e9lja eg\u00e9szs\u00e9geseken \u00e9s hipert\u00f3ni\u00e1s betegeken a fenti param\u00e9terek vizsg\u00e1lata k\u00fcl\u00f6nb\u00f6z\u0151 m\u00f3dszerekkel keresztmetszeti \u00e9s k\u00f6vet\u00e9ses vizsg\u00e1latok sor\u00e1n. Hipert\u00f3ni\u00e1sokon vizsg\u00e1ljuk az \u00e9letm\u00f3d v\u00e1ltoztat\u00e1s \u00e9s a gy\u00f3gyszeres kezel\u00e9s hat\u00e1s\u00e1t. Rendel\u0151i m\u00e9r\u00e9sek mellett 24-\u00f3r\u00e1s v\u00e9rnyom\u00e1s-\u00e9s art\u00e9ri\u00e1s \u00e9rfalmerevs\u00e9g, centr\u00e1lis hemodinamikai param\u00e9ter monitoroz\u00e1st is v\u00e9gz\u00fcnk, nemzetk\u00f6zi kollabor\u00e1ci\u00f3ban is. C\u00e9l ezeknek a param\u00e9tereknek a klinikai haszn\u00e1lat\u00e1hoz val\u00f3 adatok gy\u0171jt\u00e9se.<\/p>\n<p>Hallgat\u00f3: Dr. K\u0151r\u00f6si Be\u00e1ta<\/p>\n<p><strong>2. A k\u00fcl\u00f6nb\u00f6z\u0151 szem\u00e9lyis\u00e9gt\u00edpusok, a depresszi\u00f3, a szorong\u00e1s \u00e9s a vaszkul\u00e1ris k\u00e1rosod\u00e1sok k\u00f6z\u00f6tti kapcsolat vizsg\u00e1lata\u00a0<\/strong><\/p>\n<p>A vaszkul\u00e1ris k\u00e1rosod\u00e1sok pszichoszomatikus h\u00e1tter\u00e9nek vizsg\u00e1lata hossz\u00fa m\u00faltra tekint vissza. A depresszi\u00f3, szorong\u00e1s \u00e9s a sz\u00edv-\u00e9rrendszeri betegs\u00e9gek k\u00f6z\u00f6tti negat\u00edv kapcsolat nyilv\u00e1nval\u00f3nak t\u0171nik, ugyanakkor ezek nem stabil pszichopathol\u00f3giai jellemz\u0151k, \u00e9letm\u00f3d v\u00e1ltoztat\u00e1sra, gy\u00f3gyszeres kezel\u00e9s hat\u00e1s\u00e1ra lefoly\u00e1suk hull\u00e1mz\u00f3 lehet. Bizonyos szem\u00e9lyis\u00e9gjegyek, utalunk itt els\u0151sorban az \u00e1ltalunk legt\u00f6bbet vizsg\u00e1lt affekt\u00edv temperamentumokra, serd\u00fcl\u0151kort k\u00f6vet\u0151en stabilit\u00e1st mutatnak, \u00edgy a k\u00f6zt\u00fck \u00e9s a sz\u00edv-\u00e9rrendszeri k\u00e1rosod\u00e1sok k\u00f6z\u00f6tt tal\u00e1lt kapcsolat prevenci\u00f3s szempontb\u00f3l nagyon hasznos lehet. Kutat\u00f3csoportunk c\u00e9lja k\u00fcl\u00f6nb\u00f6z\u0151 pszichometriai param\u00e9terek, szem\u00e9lyis\u00e9gjellemz\u0151k \u00e9s a vaszkul\u00e1ris k\u00e1rosod\u00e1sok (art\u00e9ri\u00e1s \u00e9rfalmerevs\u00e9g, centr\u00e1lis hemodinamikai param\u00e9terek, coronaria atherosclerosis) k\u00f6z\u00f6tti kapcsolatok felt\u00e1r\u00e1sa \u00e9s az ezt medi\u00e1l\u00f3 jel\u00e1tviv\u0151 folyamatok (pl. brain-derived neurotrophic factor) vizsg\u00e1lata, t\u00f6bb egyetemi int\u00e9zettel val\u00f3 kollabor\u00e1ci\u00f3ban.<\/p>\n<p>Hallgat\u00f3: Sipos Barbara, Zsarnai Marina Aur\u00f3ra<\/p>\n<p><strong>3. Az art\u00e9ri\u00e1s \u00e9letkor meghat\u00e1roz\u00e1s klinikai haszna\u00a0 \u00a0\u00a0<\/strong><\/p>\n<p>A sz\u00edv-\u00e9rrendszeri rizik\u00f3becsl\u00e9sn\u00e9l haszn\u00e1lt \u00e9s a t\u00edz\u00e9ves hal\u00e1loz\u00e1st el\u0151rejelz\u0151 sz\u00e1zal\u00e9kos sz\u00e1madatok gyakran alacsony \u00e9rt\u00e9ket mutatnak \u00e9s a betegek sz\u00e1m\u00e1ra nem kell\u0151en \u00e9rz\u00e9kletesen \u00edrj\u00e1k le a vesz\u00e9lyeztetetts\u00e9g\u00fck m\u00e9rt\u00e9k\u00e9t. Ez\u00e9rt ker\u00fclt bevezet\u00e9sre az art\u00e9ri\u00e1s \u00e9letkor (&#8220;vascular age&#8221;) fogalma, ami megmutatja, hogy a kronol\u00f3giai \u00e9letkorhoz k\u00e9pest h\u00e1ny \u00e9vvel t\u00f6bb vagy kevesebb ereink \u00e9letkora. Az \u00e9letm\u00f3d v\u00e1ltoztat\u00e1s vagy a gy\u00f3gyszeres kezel\u00e9s hat\u00e1s\u00e1ra bek\u00f6vetkez\u0151 rizik\u00f3 cs\u00f6kken\u00e9s j\u00f3l nyomon k\u00f6vethet\u0151 az art\u00e9ri\u00e1s \u00e9letkor javul\u00e1s\u00e1val. \u00a0Az art\u00e9ri\u00e1s \u00e9letkor sz\u00e1m\u00edt\u00e1s\u00e1ra ugyanakkor t\u00f6bb m\u00f3dszer is rendelkez\u00e9sre \u00e1ll, melyek elt\u00e9r\u0151 eredm\u00e9nyt adhatnak. Munkacsoportunk c\u00e9lja az art\u00e9ri\u00e1s \u00f6reged\u00e9s k\u00f3r\u00e9lettani h\u00e1tter\u00e9nek a vizsg\u00e1lata, a k\u00fcl\u00f6nb\u00f6z\u0151 art\u00e9ri\u00e1s \u00e9letkor sz\u00e1m\u00edt\u00e1si m\u00f3dszerek \u00f6sszehasonl\u00edt\u00e1sa. Vizsg\u00e1latainkat nemzetk\u00f6zi kollabor\u00e1ci\u00f3ban is v\u00e9gezz\u00fck (COST Action VascAgeNet eur\u00f3pai kutat\u00f3i h\u00e1l\u00f3zat).<\/p>\n<p>Hallgat\u00f3: Dr. Gy\u00f6ngy\u00f6si Helga<\/p>\n<p><strong>4. Az ambul\u00e1ns v\u00e9rnyom\u00e1s monitoroz\u00e1s haszna a klinikai gyakorlatban<\/strong><\/p>\n<p>Az ambul\u00e1ns v\u00e9rnyom\u00e1s monitoroz\u00e1s (ABPM) a hipert\u00f3nia diagnosztik\u00e1j\u00e1nak \u00e9s a hipert\u00f3ni\u00e1s betegek gondoz\u00e1s\u00e1nak fontos eszk\u00f6ze. A Magyar Hypertonia Regiszter, melyet a Magyar Hypertonia T\u00e1rsas\u00e1g hozott l\u00e9tre \u00e9s 2020-2027 k\u00f6z\u00f6tt orsz\u00e1gszerte 500 centrumb\u00f3l nyer klinikai adatokat \u00e9s 24-\u00f3r\u00e1s v\u00e9rnyom\u00e1sg\u00f6rb\u00e9ket, kiv\u00e1l\u00f3 lehet\u0151s\u00e9get biztos\u00edt arra, hogy tanulm\u00e1nyozni lehessen sz\u00e1mos, m\u00e9g tiszt\u00e1zatlan k\u00e9rd\u00e9st a ter\u00fcleten. Ilyen p\u00e9ld\u00e1ul az emelkedett-norm\u00e1lis rendel\u0151i v\u00e9rnyom\u00e1s kateg\u00f3ria mellett a feh\u00e9rk\u00f6peny \u00e9s az \u00e1lc\u00e1zott hipert\u00f3nia ar\u00e1nya, a pulzusnyom\u00e1s rugalmas \u00e9s elasztikus komponens\u00e9nek prediktorai, illetve a hipert\u00f3nia epidemi\u00f3l\u00f3gi\u00e1j\u00e1val kapcsolatos k\u00e9rd\u00e9sek. A regiszter k\u00f6vet\u00e9ses r\u00e9sze sz\u00e1mos ABPM param\u00e9ter prognosztikai erej\u00e9t is megmutathatja.<\/p>\n<p>Hallgat\u00f3: Kekk Zs\u00f3fia, J\u00f3svai Zs\u00f3fia<\/p>\n<h2>D\u00edjazott tudom\u00e1nyos di\u00e1kk\u00f6r\u00f6seink<\/h2>\n<p>Vecsey-Nagy Mil\u00e1n:<br \/>\n&#8211; SE TDK Konferencia: I. d\u00edj (2017)<br \/>\n&#8211; OTDK: III. d\u00edj (2017)<br \/>\n&#8211; Rektori p\u00e1lyamunka: I. d\u00edj (2018)<\/p>\n<p>Batta D\u00f3ra:<br \/>\n&#8211; III. Magyar Tud\u00f3s Ifj\u00fa Hypertonologusok \u00e9s Ifj\u00fa Nefrol\u00f3gusok \u00c9rtekezlete, Budapest (MATHIN\u00c9 el\u0151ad\u00f3i k\u00fcl\u00f6nd\u00edj, 2016)<br \/>\n&#8211; SE TDK Konferencia: I. d\u00edj (2017)<br \/>\n&#8211; IV. Magyar Tud\u00f3s Ifj\u00fa Hypertonologusok \u00e9s Ifj\u00fa Nefrol\u00f3gusok \u00c9rtekezlete, Budapest (Legjobb MATHIN\u00c9 el\u0151ad\u00e1s\u00e9rt j\u00e1r\u00f3 d\u00edj, 2017)<\/p>\n<p>Gy\u00f6ngy\u00f6si Helga:<br \/>\n&#8211; SE TDK Konferencia: I. d\u00edj (2020)<br \/>\n&#8211; OTDK: III. d\u00edj (2021)<br \/>\n&#8211; Rektori p\u00e1lyamunka: I. d\u00edj (2022)<br \/>\n&#8211; SE TDK konferencia: III. d\u00edj (2022)<br \/>\n&#8211; SE TDK konferencia: II. d\u00edj (2023), Magyar Hypertonia T\u00e1rsas\u00e1g k\u00fcl\u00f6nd\u00edj<\/p>\n<p>Sipos Barbara:<br \/>\n&#8211; SE TDK Konferencia: II. d\u00edj (2024)<br \/>\n&#8211; Rektori p\u00e1lyamunka: dics\u00e9ret (2024)<\/p>\n<p>Kekk Zs\u00f3fia:<br \/>\n&#8211; Rektori p\u00e1lyamunka: I. d\u00edj (2024)<br \/>\n&#8211; 2025-\u00f6s TDK konferencia 2. d\u00edj, OTDK jel\u00f6lt, CSAKOSZ k\u00fcl\u00f6nd\u00edj<br \/>\n&#8211; 2025-\u00f6s OTDK k\u00fcl\u00f6nd\u00edj (3. d\u00edjnak felel meg)<\/p>\n<h2>Kutat\u00f3csoportunk legjelent\u0151sebb publik\u00e1ci\u00f3i az elm\u00falt \u00f6t \u00e9vben<\/h2>\n<ol>\n<li>K\u0151r\u00f6si B, Gy\u00f6ngy\u00f6si H, Batta D, L\u00e1szl\u00f3 A, Kov\u00e1cs I, Tisl\u00e9r A, Cseprek\u00e1l O, Nemcsik-Bencze Zs, Gonda X, Rihmer Z, Nemcsik J. Evaluation of affective temperaments and arterial stiffness in different hypertension phenotypes. Hypertens Res 2021;44:47-54, <em>impact factor: 3,872<\/em><\/li>\n<li>Vecsey-Nagy M, Szilveszter B, Kolossvary M, Boussoussou M, Vattay B, Gonda X, Rihmer Z, Merkely B, Maurovich-Horvat P, Nemcsik J. The association between accelerated vascular ageing and cyclothymic affective temperament in women. J Psychosom Res, 2021;145:110423., <em>impact factor: 3,006<\/em><\/li>\n<li>Gy\u00f6ngy\u00f6si H, K\u0151r\u00f6si B, Batta D, Nemcsik-Bencze Z, L\u00e1szl\u00f3 A, Tisl\u00e9r A, Cseprek\u00e1l O, Torzsa P, E\u00f6rsi D, Nemcsik J. Comparison of different cardiovascular risk score and pulse wave velocity-based methods for vascular age calculation. Heart, Lung and Circulation, 2021 Nov;30(11):1744-1751., <em>impact factor: 2,975<\/em><\/li>\n<li>Seeland U, Nemcsik J, Lonnebakken MT, Kublickiene K, Schluchter H, Park C, Pucci G, Mozos I, Bruno RM. Sex and gender aspects in vascular ageing- focus on epidemiology, pathophysiology, outcomes. Heart, Lung and Circulation, 2021 Nov;30(11):1637-1646. <em>impact factor: 2,975<\/em><\/li>\n<li>Vecsey-Nagy M, Szilveszter B, Kolossv\u00e1ry M, Boussoussou M, Vattay B, Gonda X, Rihmer Z, Merkely B, Maurovich-Horvat P, Nemcsik J. Association between affective temperaments and severe coronary artery disease. Journal of Affective Disorders, 2021;295:914-919. <em>impact factor: 4,839<\/em><\/li>\n<li>Batta D, K\u00f6r\u00f6si B, Gy\u00f6ngy\u00f6si H, Nemcsik-Bencze Z, L\u00e1szl\u00f3 A, Tisl\u00e9r A, Cseprek\u00e1l O, Nemcsik J. Cross-sectional comparison of office and ambulatory pulse wave velocity by two methods, and their changes after lifestyle or medical interventions in hypertension. J Hypertens, 2022;40:470-477. <em>impact factor: 4,844<\/em><\/li>\n<li>Weber T, Protogerou AD, Agharazii M, Argyris A, Aoun Bahous S, Banegas JR, Binder RK, Blacher J, Araujo Brandao A, Cruz JJ, Danninger K, Giannatasio C, Graciani A, Hametner B, Jankowski P, Li Y, Maloberti A, Mayer CC, McDonnell BJ, McEniery CM, Antonio Mota Gomes M, Machado Gomes A, Lorenza Muiesan M, Nemcsik J, Paini A, Rodilla E, Schutte AE, Sfikakis PP, Terentes-Printzios D, Vall\u00e9e A, Vlachopoulos C, Ware L, Wilkinson I, Zweiker R, Sharman JE, Wassertheurer S; International Academic 24-Hour Ambulatory Aortic Blood Pressure Consortium (i24abc.org). Twenty-Four-Hour Central (Aortic) Systolic Blood Pressure: Reference Values and Dipping Patterns in Untreated Individuals. Hypertension, 2022;79:251-260. <em>impact factor: 10,19<\/em><\/li>\n<li>Vecsey-Nagy M, Szilveszter B, Kolossv\u00e1ry M, Boussoussou M, Vattay B, Merkely B, Maurovich-Horvat P, Radovits T, Nemcsik J. Correlation between Coronary Artery Calcium- and Different Cardiovascular Risk Score-Based Methods for the Estimation of Vascular Age in Caucasian Patients J Clin Med 2022, 11, 1111. <em>impact factor: 4,242<\/em><\/li>\n<li>Gy\u00f6ngy\u00f6si H, Sz\u0151ll\u0151si GJ, Csenteri O, Jancs\u00f3 Z, M\u00f3cz\u00e1r C, Torzsa P, Andr\u00e9ka P, Vajer P, Nemcsik J. Differences between SCORE, Framingham Risk Score, and Estimated Pulse Wave Velocity-Based Vascular Age Calculation Methods Based on Data from the Three Generations Health Program in Hungary. J Clin Med 2023 Dec 29;13(1):205. <em>impact factor: 3,0<\/em><\/li>\n<li>Sipos B, Vecsey-Nagy M, Vattay B, Boussoussou M, Jokkel Z, Borzs\u00e1k S, Jermendy \u00c1, Panajotu A, Gonda X, Rihmer Z, Merkely B, Szilveszter B,\u00a0Nemcsik J. Association between affective temperaments and the severity and the extent of coronary artery disease as obtained by coronary CT angiography. J Aff Disorders 2024;363:47-54. <em>impact factor: 4,9<\/em><\/li>\n<\/ol>\n","protected":false},"excerpt":{"rendered":"<p>Vaszkul\u00e1ris prevenci\u00f3 kutat\u00f3csoport Kutat\u00f3csoport vezet\u0151: Dr. Nemcsik J\u00e1nos Ph.D., egyetemi docens Ph.D. fokozatot szerzett doktori hallgat\u00f3: &#8211; Dr. L\u00e1szl\u00f3 Andrea (2020) &#8211; Dr. Batta D\u00f3ra (2023) &#8211; Dr. Vecsey-Nagy Mil\u00e1n (2023, megosztott t\u00e9mavezet\u00e9s Dr. Maurovich-Horvat P\u00e1llal) &#8211; Dr. Gy\u00f6ngy\u00f6si Helga (2025) &#8211; Dr. Nemcsik-Bencze Zs\u00f3fia (2025) V\u00e9gzett Ph.D. hallgat\u00f3: Dr. K\u0151r\u00f6si Be\u00e1ta Akt\u00edv Ph.D. hallgat\u00f3: &hellip;<\/p>\n","protected":false},"author":101661,"featured_media":0,"parent":5872,"menu_order":0,"comment_status":"closed","ping_status":"closed","template":"","meta":{"_acf_changed":false,"footnotes":""},"categories":[],"tags":[],"class_list":["post-5874","page","type-page","status-publish","hentry"],"acf":[],"publishpress_future_action":{"enabled":false,"date":"1970-01-01 01:00:00","action":"","terms":[],"taxonomy":"","browser_timezone_offset":0},"_links":{"self":[{"href":"https:\/\/semmelweis.hu\/csot\/wp-json\/wp\/v2\/pages\/5874","targetHints":{"allow":["GET"]}}],"collection":[{"href":"https:\/\/semmelweis.hu\/csot\/wp-json\/wp\/v2\/pages"}],"about":[{"href":"https:\/\/semmelweis.hu\/csot\/wp-json\/wp\/v2\/types\/page"}],"author":[{"embeddable":true,"href":"https:\/\/semmelweis.hu\/csot\/wp-json\/wp\/v2\/users\/101661"}],"replies":[{"embeddable":true,"href":"https:\/\/semmelweis.hu\/csot\/wp-json\/wp\/v2\/comments?post=5874"}],"version-history":[{"count":10,"href":"https:\/\/semmelweis.hu\/csot\/wp-json\/wp\/v2\/pages\/5874\/revisions"}],"predecessor-version":[{"id":8023,"href":"https:\/\/semmelweis.hu\/csot\/wp-json\/wp\/v2\/pages\/5874\/revisions\/8023"}],"up":[{"embeddable":true,"href":"https:\/\/semmelweis.hu\/csot\/wp-json\/wp\/v2\/pages\/5872"}],"wp:attachment":[{"href":"https:\/\/semmelweis.hu\/csot\/wp-json\/wp\/v2\/media?parent=5874"}],"wp:term":[{"taxonomy":"category","embeddable":true,"href":"https:\/\/semmelweis.hu\/csot\/wp-json\/wp\/v2\/categories?post=5874"},{"taxonomy":"post_tag","embeddable":true,"href":"https:\/\/semmelweis.hu\/csot\/wp-json\/wp\/v2\/tags?post=5874"}],"curies":[{"name":"wp","href":"https:\/\/api.w.org\/{rel}","templated":true}]}}