{"id":5667,"date":"2021-11-11T14:01:01","date_gmt":"2021-11-11T13:01:01","guid":{"rendered":"https:\/\/semmelweis.hu\/csot\/?page_id=5667"},"modified":"2025-09-23T09:52:45","modified_gmt":"2025-09-23T07:52:45","slug":"letoltheto-dokumentumok","status":"publish","type":"page","link":"https:\/\/semmelweis.hu\/csot\/gradualis-targyak\/bevezetes-a-klinikumba\/letoltheto-dokumentumok\/","title":{"rendered":"Let\u00f6lthet\u0151 dokumentumok"},"content":{"rendered":"<p><a href=\"https:\/\/semmelweis.hu\/csot\/files\/2025\/09\/Gyakorlati-naplo-2025-26.pdf\">Gyakorlati napl\u00f3 &#8211; 2025-26<\/a><br \/>\n<a href=\"https:\/\/semmelweis.hu\/csot\/files\/2025\/09\/AITK-Szimulacios-gyakorlat-igazolas_2025.pdf\">AITK &#8211; Szimul\u00e1ci\u00f3s gyakorlat igazol\u00e1s &#8211; 2025<\/a><br \/>\n<a href=\"https:\/\/semmelweis.hu\/csot\/files\/2022\/01\/SE-CSOT-BA-02.-Gyakorlati-ertekelolap.pdf\">SE-CSOT-BA-02. Gyakorlati \u00e9rt\u00e9kel\u0151lap<\/a><br \/>\n<a href=\"https:\/\/semmelweis.hu\/csot\/files\/2022\/01\/SE-CSOT-BA-03.-Az-essze-ertekelolapja.pdf\" target=\"_blank\" rel=\"noopener\">SE-CSOT-BA-03. Az essz\u00e9 \u00e9rt\u00e9kel\u0151lapja<\/a><br \/>\n<a href=\"https:\/\/semmelweis.hu\/csot\/files\/2021\/11\/A-beteg-kik%C3%A9rdez%C3%A9s%C3%A9nek-l%C3%A9p%C3%A9sei.pdf\" target=\"_blank\" rel=\"noopener\">A beteg kik\u00e9rdez\u00e9s\u00e9nek l\u00e9p\u00e9sei<\/a><\/p>\n","protected":false},"excerpt":{"rendered":"<p><a href=\"https:\/\/semmelweis.hu\/csot\/files\/2025\/09\/Gyakorlati-naplo-2025-26.pdf\">Gyakorlati napl\u00f3 &#8211; 2025-26<\/a><br \/>\n<a href=\"https:\/\/semmelweis.hu\/csot\/files\/2025\/09\/AITK-Szimulacios-gyakorlat-igazolas_2025.pdf\">AITK &#8211; Szimul\u00e1ci\u00f3s gyakorlat igazol\u00e1s &#8211; 2025<\/a><br \/>\n<a href=\"https:\/\/semmelweis.hu\/csot\/files\/2022\/01\/SE-CSOT-BA-02.-Gyakorlati-ertekelolap.pdf\">SE-CSOT-BA-02. Gyakorlati \u00e9rt\u00e9kel\u0151lap<\/a><br \/>\n<a href=\"https:\/\/semmelweis.hu\/csot\/files\/2022\/01\/SE-CSOT-BA-03.-Az-essze-ertekelolapja.pdf\" target=\"_blank\" rel=\"noopener\">SE-CSOT-BA-03. Az essz\u00e9 \u00e9rt\u00e9kel\u0151lapja<\/a><br \/>\n<a href=\"https:\/\/semmelweis.hu\/csot\/files\/2021\/11\/A-beteg-kik%C3%A9rdez%C3%A9s%C3%A9nek-l%C3%A9p%C3%A9sei.pdf\" target=\"_blank\" rel=\"noopener\">A beteg kik\u00e9rdez\u00e9s\u00e9nek l\u00e9p\u00e9sei<\/a><\/p>\n","protected":false},"author":101661,"featured_media":0,"parent":40,"menu_order":2,"comment_status":"closed","ping_status":"closed","template":"","meta":{"_acf_changed":false,"footnotes":""},"categories":[],"tags":[],"class_list":["post-5667","page","type-page","status-publish","hentry"],"acf":[],"publishpress_future_action":{"enabled":false,"date":"1970-01-01 01:00:00","action":"","terms":[],"taxonomy":"","browser_timezone_offset":0},"_links":{"self":[{"href":"https:\/\/semmelweis.hu\/csot\/wp-json\/wp\/v2\/pages\/5667","targetHints":{"allow":["GET"]}}],"collection":[{"href":"https:\/\/semmelweis.hu\/csot\/wp-json\/wp\/v2\/pages"}],"about":[{"href":"https:\/\/semmelweis.hu\/csot\/wp-json\/wp\/v2\/types\/page"}],"author":[{"embeddable":true,"href":"https:\/\/semmelweis.hu\/csot\/wp-json\/wp\/v2\/users\/101661"}],"replies":[{"embeddable":true,"href":"https:\/\/semmelweis.hu\/csot\/wp-json\/wp\/v2\/comments?post=5667"}],"version-history":[{"count":4,"href":"https:\/\/semmelweis.hu\/csot\/wp-json\/wp\/v2\/pages\/5667\/revisions"}],"predecessor-version":[{"id":7986,"href":"https:\/\/semmelweis.hu\/csot\/wp-json\/wp\/v2\/pages\/5667\/revisions\/7986"}],"up":[{"embeddable":true,"href":"https:\/\/semmelweis.hu\/csot\/wp-json\/wp\/v2\/pages\/40"}],"wp:attachment":[{"href":"https:\/\/semmelweis.hu\/csot\/wp-json\/wp\/v2\/media?parent=5667"}],"wp:term":[{"taxonomy":"category","embeddable":true,"href":"https:\/\/semmelweis.hu\/csot\/wp-json\/wp\/v2\/categories?post=5667"},{"taxonomy":"post_tag","embeddable":true,"href":"https:\/\/semmelweis.hu\/csot\/wp-json\/wp\/v2\/tags?post=5667"}],"curies":[{"name":"wp","href":"https:\/\/api.w.org\/{rel}","templated":true}]}}