{"id":5452,"date":"2020-12-03T14:00:11","date_gmt":"2020-12-03T13:00:11","guid":{"rendered":"https:\/\/semmelweis.hu\/csot\/?page_id=5452"},"modified":"2024-10-24T11:56:33","modified_gmt":"2024-10-24T09:56:33","slug":"1-haziorvostan-szakkepzesi-program","status":"publish","type":"page","link":"https:\/\/semmelweis.hu\/csot\/rezidenskepzes\/1-haziorvostan-szakkepzesi-program\/","title":{"rendered":"H\u00e1ziorvostan szakk\u00e9pz\u00e9si program"},"content":{"rendered":"<p><strong>H\u00c1ZIORVOSTAN SZAKORVOSK\u00c9PZ\u00c9S PROGRAMJA 2022.09.01-T\u0150L<\/strong><\/p>\n<p>Az eg\u00e9szs\u00e9g\u00fcgyi fels\u0151fok\u00fa szakir\u00e1ny\u00fa szakmai k\u00e9pz\u00e9st a 162\/2015. (VI.30.) Korm\u00e1nyrendelet, a 16\/2010. (IV.15.) E\u00fcM rendelet, a 22\/2012. (IX.14.) EMMI rendelet, valamint a 2022. szeptember 1-t\u0151l hat\u00e1lyos 28\/2022 (VIII. 25.) BM rendelet szab\u00e1lyozza.<br \/>\nA szakk\u00e9pz\u00e9sre vonatkoz\u00f3 valamennyi inform\u00e1ci\u00f3 megtal\u00e1lhat\u00f3 a Szak- \u00e9s Tov\u00e1bbk\u00e9pz\u00e9si K\u00f6zpont honlapj\u00e1n (semmelweis.hu\/szak-es-tovabbkepzes \u2013\u2013 Szakk\u00e9pz\u00e9s \u2013 H\u00e1ziorvostan \u2013 T\u00e1j\u00e9koztat\u00f3 a szakk\u00e9pz\u00e9sr\u0151l).<\/p>\n<p><strong>H\u00c1ZIORVOSTAN SZAKORVOS K\u00c9PZ\u00c9S K\u00d6VETELM\u00c9NYRENDSZERE<\/strong><\/p>\n<p><strong>14.1. A SZAK\u00c9PES\u00cdT\u00c9S ADATAI<br \/>\n<\/strong>14.1.1. A szakk\u00e9pes\u00edt\u00e9s megnevez\u00e9se: H\u00e1ziorvostan<br \/>\n14.1.2. A szakk\u00e9pz\u00e9s id\u0151tartama: 36 h\u00f3<br \/>\n14.1.3. A szakk\u00e9pz\u00e9si id\u0151tartam alatt teljes\u00edtend\u0151 r\u00e9szvizsg\u00e1k sz\u00e1ma: 1 db (alapk\u00e9pz\u00e9st lez\u00e1r\u00f3 vizsga)<\/p>\n<p><strong>14.2.A SZAKK\u00c9PZ\u00c9SI PROGRAM R\u00c9SZLETEZ\u00c9SE<\/strong><\/p>\n<p>14.2.1. Alapk\u00e9pz\u00e9s 28 h\u00f3<br \/>\n14.2.1.1. 5 h\u00f3 csal\u00e1dorvosi alapgyakorlat, ebb\u0151l legal\u00e1bb 2 h\u00f3 az alapk\u00e9pz\u00e9s elej\u00e9n, legal\u00e1bb 1 h\u00f3 az alapk\u00e9pz\u00e9s v\u00e9g\u00e9n t\u00f6ltend\u0151 le<br \/>\n14.2.1.2. 6 h\u00f3 belgy\u00f3gy\u00e1szat legal\u00e1bb k\u00e9tf\u00e9le, k\u00fcl\u00f6nb\u00f6z\u0151 belgy\u00f3gy\u00e1szati profil\u00fa oszt\u00e1lyon<br \/>\n14.2.1.3. 5 h\u00f3 s\u00fcrg\u0151ss\u00e9gi gyakorlat, benne:<br \/>\n&#8211; 2 h\u00f3 gyakorlat II. vagy III. progresszivit\u00e1si szint\u0171 egyetemi vagy oktat\u00f3 k\u00f3rh\u00e1zi s\u00fcrg\u0151ss\u00e9gi betegell\u00e1t\u00f3 oszt\u00e1lyon<br \/>\n&#8211; 1 h\u00f3 gyermek s\u00fcrg\u0151ss\u00e9gi gyakorlat<br \/>\n&#8211; 1 h\u00f3 ment\u0151 gyakorlat<br \/>\n&#8211; tutor ir\u00e1ny\u00edt\u00e1sa mellett h\u00e1ziorvosi \u00fcgyeletben val\u00f3 r\u00e9szv\u00e9tel (2 h\u00e9t vagy 5 m\u0171szak)<br \/>\n&#8211; s\u00fcrg\u0151ss\u00e9gi tanfolyam, \u00fajra\u00e9leszt\u00e9si elm\u00e9leti \u00e9s gyakorlati k\u00e9pz\u00e9s, hat\u00f3s\u00e1gi orvosi vizsg\u00e1latokkal kapcsolatos elm\u00e9leti \u00e9s gyakorlati k\u00e9pz\u00e9s (2 h\u00e9t)<\/p>\n<p>14.2.1.4. 4 h\u00f3 gyermekgy\u00f3gy\u00e1szat benne:<br \/>\n&#8211; 2 h\u00f3 gyermekgy\u00f3gy\u00e1szati oszt\u00e1ly<br \/>\n&#8211; 2 h\u00f3 h\u00e1zi gyermekorvosi praxis<\/p>\n<p>14.2.1.5. 1,5 h\u00f3 seb\u00e9szet, benne: 1 h\u00f3 \u00e1ltal\u00e1nos seb\u00e9szeti szakrendel\u00e9s \u00e9s 2 h\u00e9t traumatol\u00f3giai szakrendel\u00e9s<\/p>\n<p>14.2.1.6. 1 h\u00f3 sz\u00fcl\u00e9szet-n\u0151gy\u00f3gy\u00e1szati gyakorlat, benne<br \/>\n&#8211; 1 h\u00e9t sz\u00fcl\u0151szobai gyakorlat<br \/>\n&#8211; 2 h\u00e9t v\u00e1rand\u00f3sgondoz\u00e1s<br \/>\n&#8211; 1 h\u00e9t n\u0151gy\u00f3gy\u00e1szat szakrendel\u00e9sen<br \/>\n14.2.1.7. 1 h\u00f3 neurol\u00f3gia (szakrendel\u00e9s minimum 2 h\u00e9t)<br \/>\n14.2.1.8. 1 h\u00f3 pszichi\u00e1tria (szakrendel\u00e9s minimum 2 h\u00e9t)<br \/>\n14.2.1.9. 3 h\u00f3 gyakorlat tov\u00e1bbi t\u00e1rsszakm\u00e1k szakrendel\u00e9sein, benne:<br \/>\n&#8211; 1 h\u00e9t szem\u00e9szet<br \/>\n&#8211; 2 h\u00e9t f\u00fcl-orr-g\u00e9g\u00e9szet<br \/>\n&#8211; 2 h\u00e9t pulmonol\u00f3gia<br \/>\n&#8211; 1 h\u00e9t b\u0151rgy\u00f3gy\u00e1szat<br \/>\n&#8211; 1 h\u00e9t urol\u00f3gia<br \/>\n&#8211; 2 h\u00e9t reumatol\u00f3gia, mozg\u00e1sszervi ell\u00e1t\u00e1s \u00e9s rehabilit\u00e1ci\u00f3<br \/>\n&#8211; 1 h\u00e9t infektol\u00f3gia<br \/>\n&#8211; 1 h\u00e9t onkol\u00f3gia<br \/>\n&#8211; 1 h\u00e9t palliat\u00edv medicina vagy hospice ell\u00e1t\u00e1s<\/p>\n<p>14.2.1.10. 2 h\u00e9t szakmaspecifikus k\u00f6telez\u0151 szemin\u00e1rium (minimum 3 nap jogi alapismeretek)<br \/>\nAz alapk\u00e9pz\u00e9s v\u00e9g\u00e9n r\u00e9szvizsg\u00e1t kell tenni.<\/p>\n<p>Az alapk\u00e9pz\u00e9s sor\u00e1n elv\u00e9gzend\u0151 beavatkoz\u00e1sok list\u00e1ja (az elv\u00e9gz\u00e9s dokument\u00e1l\u00e1sa a RENY fel\u00fclet\u00e9n t\u00f6rt\u00e9nik): <a href=\"https:\/\/semmelweis.hu\/csot\/files\/2024\/10\/Beavatkozasi-lista-Haziorvostan_sema.xlsx\">Beavatkoz\u00e1si lista (H\u00e1ziorvostan)_s\u00e9ma<\/a><\/p>\n<p><strong>14.2.2. Szakgyakorlati k\u00e9pz\u00e9s 8 h\u00f3<\/strong><\/p>\n<p>14.2.2.1. 8 h\u00f3 szakgyakorlati k\u00e9pz\u00e9s h\u00e1ziorvosi k\u00f6rzetben tutor ir\u00e1ny\u00edt\u00e1sa mellett, ebben 2 h\u00f3 praxisgyakorlat gyermekgy\u00f3gy\u00e1szati konz\u00edli\u00e1riusi h\u00e1tt\u00e9rrel ell\u00e1tott vegyes vagy gyermek k\u00f6rzetben.<\/p>\n<p><strong>H\u00c1ZIORVOSTAN SZAKORVOSK\u00c9PZ\u00c9S PROGRAMJA A 2012.09.14. \u00c9S 2022.09.01. K\u00d6Z\u00d6TT A SZAKK\u00c9PZ\u00c9SBE BEL\u00c9PETT REZIDENSEKRE VONATKOZ\u00d3AN<\/strong><\/p>\n<p><strong>22\/2012. (IX. 14.) EMMI rendelet az eg\u00e9szs\u00e9g\u00fcgyi fels\u0151fok\u00fa szakir\u00e1ny\u00fa szakk\u00e9pes\u00edt\u00e9sr\u0151l (M\u00f3dos\u00edtotta: 34\/2015. (VI. 30.) EMMI rendelet 25.)<\/strong><\/p>\n<p><strong>H\u00c1ZIORVOSTAN<\/strong><\/p>\n<p>1. K\u00e9pz\u00e9si id\u0151: 36 h\u00f3nap<\/p>\n<p><strong>2. K\u00e9pz\u00e9si program:<\/strong><\/p>\n<p><strong>2.1. 28 h\u00f3 t\u00f6rzsk\u00e9pz\u00e9si program:<\/strong><\/p>\n<p>a) 6 h\u00f3 s\u00fcrg\u0151ss\u00e9gi gyakorlat, benne:<br \/>\naa) \u00fajra\u00e9leszt\u00e9si elm\u00e9leti \u00e9s gyakorlati k\u00e9pz\u00e9s<br \/>\nab) halottvizsg\u00e1lati \u00e9s hat\u00f3s\u00e1gi orvosi vizsg\u00e1lattal kapcsolatos elm\u00e9leti \u00e9s gyakorlati k\u00e9pz\u00e9s<br \/>\nac) tutor ir\u00e1ny\u00edt\u00e1sa mellett h\u00e1ziorvosi \u00fcgyeletben r\u00e9szv\u00e9tel<br \/>\nb) 1 h\u00f3 t\u00f6rzsk\u00e9pz\u00e9si tanfolyamok<br \/>\nc) 6 h\u00f3 belgy\u00f3gy\u00e1szat<br \/>\nd) 4 h\u00f3 gyermekgy\u00f3gy\u00e1szat, benne: gyermekorvosi praxisgyakorlat<br \/>\ne) 2 h\u00f3 seb\u00e9szet:<br \/>\nea) 6 h\u00e9t \u00e1ltal\u00e1nos seb\u00e9szet<br \/>\neb) 2 h\u00e9t traumatol\u00f3giai szakrendel\u00e9s<br \/>\nf) 1 h\u00f3 sz\u00fcl\u00e9szet-n\u0151gy\u00f3gy\u00e1szati gyakorlat:<br \/>\nfa) 2 h\u00e9t sz\u00fcl\u0151szobai gyakorlat<br \/>\nfb) 1 h\u00e9t terhesgondoz\u00e1s<br \/>\nfc) 1 h\u00e9t n\u0151gy\u00f3gy\u00e1szat<br \/>\ng) 1 h\u00f3 neurol\u00f3gia<br \/>\nh) 2 h\u00f3 pszichi\u00e1tria, benne: stresszkezel\u00e9si \u00e9s pszichoter\u00e1pi\u00e1s alapismeretek<br \/>\ni) 5 h\u00f3 csal\u00e1dorvosi alapgyakorlat, ebb\u0151l 2 h\u00f3 a program elej\u00e9n t\u00f6ltend\u0151 le<\/p>\n<p>A t\u00f6rzsk\u00e9pz\u00e9s v\u00e9g\u00e9n r\u00e9szvizsg\u00e1t kell tenni.<\/p>\n<p><strong>2.2. 8 h\u00f3 szakgyakorlati k\u00e9pz\u00e9s h\u00e1ziorvosi k\u00f6rzetben tutor ir\u00e1ny\u00edt\u00e1sa mellett,<\/strong><\/p>\n<p>ebben: 2 h\u00f3 falusi praxisgyakorlat<\/p>\n<p><strong>3. Szakvizsg\u00e1ra bocs\u00e1t\u00e1s egy\u00e9b felt\u00e9telei<\/strong><\/p>\n<p>A t\u00f6rzsk\u00e9pz\u00e9si program befejez\u00e9s\u00e9t k\u00f6vet\u0151en r\u00e9szvizsga let\u00e9tele, amely a szakgyakorlati k\u00e9pz\u00e9s megkezd\u00e9s\u00e9nek felt\u00e9tele.<\/p>\n","protected":false},"excerpt":{"rendered":"<p>H\u00c1ZIORVOSTAN SZAKORVOSK\u00c9PZ\u00c9S PROGRAMJA 2022.09.01-T\u0150L Az eg\u00e9szs\u00e9g\u00fcgyi fels\u0151fok\u00fa szakir\u00e1ny\u00fa szakmai k\u00e9pz\u00e9st a 162\/2015. (VI.30.) Korm\u00e1nyrendelet, a 16\/2010. (IV.15.) E\u00fcM rendelet, a 22\/2012. (IX.14.) EMMI rendelet, valamint a 2022. szeptember 1-t\u0151l hat\u00e1lyos 28\/2022 (VIII. 25.) BM rendelet szab\u00e1lyozza. A szakk\u00e9pz\u00e9sre vonatkoz\u00f3 valamennyi inform\u00e1ci\u00f3 megtal\u00e1lhat\u00f3 a Szak- \u00e9s Tov\u00e1bbk\u00e9pz\u00e9si K\u00f6zpont honlapj\u00e1n (semmelweis.hu\/szak-es-tovabbkepzes \u2013\u2013 Szakk\u00e9pz\u00e9s \u2013 H\u00e1ziorvostan \u2013 T\u00e1j\u00e9koztat\u00f3 &hellip;<\/p>\n","protected":false},"author":101661,"featured_media":0,"parent":106,"menu_order":1,"comment_status":"closed","ping_status":"closed","template":"","meta":{"_acf_changed":false,"footnotes":""},"categories":[],"tags":[],"class_list":["post-5452","page","type-page","status-publish","hentry"],"acf":[],"publishpress_future_action":{"enabled":false,"date":"1970-01-01 01:00:00","action":"","terms":[],"taxonomy":"","browser_timezone_offset":0},"_links":{"self":[{"href":"https:\/\/semmelweis.hu\/csot\/wp-json\/wp\/v2\/pages\/5452","targetHints":{"allow":["GET"]}}],"collection":[{"href":"https:\/\/semmelweis.hu\/csot\/wp-json\/wp\/v2\/pages"}],"about":[{"href":"https:\/\/semmelweis.hu\/csot\/wp-json\/wp\/v2\/types\/page"}],"author":[{"embeddable":true,"href":"https:\/\/semmelweis.hu\/csot\/wp-json\/wp\/v2\/users\/101661"}],"replies":[{"embeddable":true,"href":"https:\/\/semmelweis.hu\/csot\/wp-json\/wp\/v2\/comments?post=5452"}],"version-history":[{"count":6,"href":"https:\/\/semmelweis.hu\/csot\/wp-json\/wp\/v2\/pages\/5452\/revisions"}],"predecessor-version":[{"id":7143,"href":"https:\/\/semmelweis.hu\/csot\/wp-json\/wp\/v2\/pages\/5452\/revisions\/7143"}],"up":[{"embeddable":true,"href":"https:\/\/semmelweis.hu\/csot\/wp-json\/wp\/v2\/pages\/106"}],"wp:attachment":[{"href":"https:\/\/semmelweis.hu\/csot\/wp-json\/wp\/v2\/media?parent=5452"}],"wp:term":[{"taxonomy":"category","embeddable":true,"href":"https:\/\/semmelweis.hu\/csot\/wp-json\/wp\/v2\/categories?post=5452"},{"taxonomy":"post_tag","embeddable":true,"href":"https:\/\/semmelweis.hu\/csot\/wp-json\/wp\/v2\/tags?post=5452"}],"curies":[{"name":"wp","href":"https:\/\/api.w.org\/{rel}","templated":true}]}}