{"id":5384,"date":"2020-11-24T10:38:44","date_gmt":"2020-11-24T09:38:44","guid":{"rendered":"https:\/\/semmelweis.hu\/csot\/?page_id=5384"},"modified":"2020-12-03T14:39:37","modified_gmt":"2020-12-03T13:39:37","slug":"tudomanyos-szabalyzatok","status":"publish","type":"page","link":"https:\/\/semmelweis.hu\/csot\/kutatas\/tudomanyos-szabalyzatok\/","title":{"rendered":"Tudom\u00e1nyos szab\u00e1lyzatok"},"content":{"rendered":"<h1>Tudom\u00e1nyos Szab\u00e1lyzatok<\/h1>\n<h2>TDK<\/h2>\n<p>A Semmelweis Egyetem Tudom\u00e1nyos Di\u00e1kk\u00f6reinek Szervezeti \u00e9s M\u0171k\u00f6d\u00e9si Szab\u00e1lyzata<\/p>\n<p><a href=\"https:\/\/semmelweis.hu\/tdk\/files\/2020\/11\/TDK-SzMSz_2019.pdf\">https:\/\/semmelweis.hu\/tdk\/files\/2020\/11\/TDK-SzMSz_2019.pdf<\/a><\/p>\n<p>Honlap:<\/p>\n<p><a href=\"https:\/\/semmelweis.hu\/tdk\/\">https:\/\/semmelweis.hu\/tdk\/<\/a><\/p>\n<p>&nbsp;<\/p>\n<h2>Doktori k\u00e9pz\u00e9s<\/h2>\n<p>Doktori Szab\u00e1lyzat<\/p>\n<p><a href=\"https:\/\/semmelweis.hu\/phd\/files\/2020\/09\/SZMSZ_HKR_III_KONYV_III_3_RESZ_Doktori_Szabalyzat_hatalyos_2020_09_09_tol.pdf\">https:\/\/semmelweis.hu\/phd\/files\/2020\/09\/SZMSZ_HKR_III_KONYV_III_3_RESZ_Doktori_Szabalyzat_hatalyos_2020_09_09_tol.pdf<\/a><\/p>\n<p>Honlap:<\/p>\n<p><a href=\"https:\/\/semmelweis.hu\/phd\/\">https:\/\/semmelweis.hu\/phd\/<\/a><\/p>\n","protected":false},"excerpt":{"rendered":"<p>Tudom\u00e1nyos Szab\u00e1lyzatok<br \/>\nTDK<br \/>\nA Semmelweis Egyetem Tudom\u00e1nyos Di\u00e1kk\u00f6reinek Szervezeti \u00e9s M\u0171k\u00f6d\u00e9si Szab\u00e1lyzata<br \/>\n<a href=\"https:\/\/semmelweis.hu\/tdk\/files\/2020\/11\/TDK-SzMSz_2019.pdf\">https:\/\/semmelweis.hu\/tdk\/files\/2020\/11\/TDK-SzMSz_2019.pdf<\/a><br \/>\nHonlap:<br \/>\n<a href=\"https:\/\/semmelweis.hu\/tdk\/\">https:\/\/semmelweis.hu\/tdk\/<\/a><br \/>\n&nbsp;<br \/>\nDoktori k\u00e9pz\u00e9s<br \/>\nDoktori Szab\u00e1lyzat<br \/>\n<a href=\"https:\/\/semmelweis.hu\/phd\/files\/2020\/09\/SZMSZ_HKR_III_KONYV_III_3_RESZ_Doktori_Szabalyzat_hatalyos_2020_09_09_tol.pdf\">https:\/\/semmelweis.hu\/phd\/files\/2020\/09\/SZMSZ_HKR_III_KONYV_III_3_RESZ_Doktori_Szabalyzat_hatalyos_2020_09_09_tol.pdf<\/a><br \/>\nHonlap:<br \/>\n<a href=\"https:\/\/semmelweis.hu\/phd\/\">https:\/\/semmelweis.hu\/phd\/<\/a><\/p>\n","protected":false},"author":101661,"featured_media":0,"parent":5381,"menu_order":1,"comment_status":"closed","ping_status":"closed","template":"","meta":{"_acf_changed":false,"footnotes":""},"categories":[],"tags":[],"class_list":["post-5384","page","type-page","status-publish","hentry"],"acf":[],"publishpress_future_action":{"enabled":false,"date":"1970-01-01 01:00:00","action":"","terms":[],"taxonomy":"","browser_timezone_offset":0},"_links":{"self":[{"href":"https:\/\/semmelweis.hu\/csot\/wp-json\/wp\/v2\/pages\/5384","targetHints":{"allow":["GET"]}}],"collection":[{"href":"https:\/\/semmelweis.hu\/csot\/wp-json\/wp\/v2\/pages"}],"about":[{"href":"https:\/\/semmelweis.hu\/csot\/wp-json\/wp\/v2\/types\/page"}],"author":[{"embeddable":true,"href":"https:\/\/semmelweis.hu\/csot\/wp-json\/wp\/v2\/users\/101661"}],"replies":[{"embeddable":true,"href":"https:\/\/semmelweis.hu\/csot\/wp-json\/wp\/v2\/comments?post=5384"}],"version-history":[{"count":3,"href":"https:\/\/semmelweis.hu\/csot\/wp-json\/wp\/v2\/pages\/5384\/revisions"}],"predecessor-version":[{"id":5488,"href":"https:\/\/semmelweis.hu\/csot\/wp-json\/wp\/v2\/pages\/5384\/revisions\/5488"}],"up":[{"embeddable":true,"href":"https:\/\/semmelweis.hu\/csot\/wp-json\/wp\/v2\/pages\/5381"}],"wp:attachment":[{"href":"https:\/\/semmelweis.hu\/csot\/wp-json\/wp\/v2\/media?parent=5384"}],"wp:term":[{"taxonomy":"category","embeddable":true,"href":"https:\/\/semmelweis.hu\/csot\/wp-json\/wp\/v2\/categories?post=5384"},{"taxonomy":"post_tag","embeddable":true,"href":"https:\/\/semmelweis.hu\/csot\/wp-json\/wp\/v2\/tags?post=5384"}],"curies":[{"name":"wp","href":"https:\/\/api.w.org\/{rel}","templated":true}]}}