{"id":5241,"date":"2020-05-13T11:08:32","date_gmt":"2020-05-13T09:08:32","guid":{"rendered":"https:\/\/semmelweis.hu\/csot\/?page_id=5241"},"modified":"2026-01-20T14:51:46","modified_gmt":"2026-01-20T13:51:46","slug":"rezidens-felvetele-a-praxisba-eeszt-haziorvosi-program","status":"publish","type":"page","link":"https:\/\/semmelweis.hu\/csot\/a-tanszekrol\/oktato-csaladorvosoknak\/rezidens-felvetele-a-praxisba-eeszt-haziorvosi-program\/","title":{"rendered":"Rezidens felv\u00e9tele a praxisba (EESZT, h\u00e1ziorvosi program)"},"content":{"rendered":"<p>Az al\u00e1bbi oldalon bemutatjuk, hogyan kell a rezidenst hozz\u00e1adni az EESZT-ben a praxishoz, illetve az Ixnet rendszerben, mint helyettest.<\/p>\n<h1>EESZT<\/h1>\n<h2>Bel\u00e9p\u00e9s<\/h2>\n<p>L\u00e9pjen be a https:\/\/portal.eeszt.gov.hu\/ oldalra<\/p>\n<p>A) Jobb fels\u0151 sarokban Bejelentkez\u00e9s gombra kattintson, majd a megjelen\u0151 sz\u00f6vegmez\u0151ben \u00edrjon be egy nagy O bet\u0171t, majd a pecs\u00e9tsz\u00e1mot: pl.: O12345<\/p>\n<p>B) A k\u00e1rtyaolvas\u00f3n szem\u00e9lyi igazolv\u00e1ny\u00e1val l\u00e9pjen be a szok\u00e1sos k\u00f3ddal.<\/p>\n<p>C) V\u00e1lassza ki a kezelend\u0151 szolg\u00e1ltat\u00f3t. \u00c1ltal\u00e1ban a c\u00e9gn\u00e9v, DE amelyik ut\u00e1n nincs orvos n\u00e9v, vagy H\u00e1ziorvosi ell\u00e1t\u00e1s felirat. J\u00f3 helyen van, ha a men\u00fcben van &#8220;EESZT SSL kliens-tan\u00fas\u00edtv\u00e1ny let\u00f6lt\u00e9se&#8221; (1. \u00e1bra).<\/p>\n<figure id=\"attachment_5247\" aria-describedby=\"caption-attachment-5247\" style=\"width: 753px\" class=\"wp-caption aligncenter\"><img loading=\"lazy\" decoding=\"async\" class=\"wp-image-5247 size-large\" src=\"https:\/\/semmelweis.hu\/csot\/files\/2020\/05\/1.-EESZT-Bel\u00e9p\u00e9s-ut\u00e1n-1024x611.png\" alt=\"1. \u00e1bra\" width=\"753\" height=\"449\" srcset=\"https:\/\/semmelweis.hu\/csot\/files\/2020\/05\/1.-EESZT-Bel\u00e9p\u00e9s-ut\u00e1n-1024x611.png 1024w, https:\/\/semmelweis.hu\/csot\/files\/2020\/05\/1.-EESZT-Bel\u00e9p\u00e9s-ut\u00e1n-400x239.png 400w, https:\/\/semmelweis.hu\/csot\/files\/2020\/05\/1.-EESZT-Bel\u00e9p\u00e9s-ut\u00e1n-768x458.png 768w, https:\/\/semmelweis.hu\/csot\/files\/2020\/05\/1.-EESZT-Bel\u00e9p\u00e9s-ut\u00e1n-753x449.png 753w, https:\/\/semmelweis.hu\/csot\/files\/2020\/05\/1.-EESZT-Bel\u00e9p\u00e9s-ut\u00e1n.png 1070w\" sizes=\"auto, (max-width: 753px) 100vw, 753px\" \/><figcaption id=\"caption-attachment-5247\" class=\"wp-caption-text\">1. \u00e1bra<\/figcaption><\/figure>\n<h2>Rezidens hozz\u00e1ad\u00e1sa<\/h2>\n<p>A) A men\u00fcben v\u00e1lassza az E-EG\u00c9SZS\u00c9G\u00dcGY &#8211; Int\u00e9zm\u00e9nyi jogosults\u00e1g men\u00fcpontot<\/p>\n<p>B) Kattintson az &#8220;\u00daJ BEJEGYZ\u00c9S&#8221; gombra (1. \u00e1bra).<\/p>\n<p>A megjelen\u0151 \u00faj oldalon<\/p>\n<ul>\n<li>Int\u00e9zm\u00e9ny: m\u00e1r ki lesz t\u00f6ltve<\/li>\n<li>Szervezeti egys\u00e9g: \u00edrjuk be az azonos\u00edt\u00f3 k\u00f3dot. Ha nem tudjuk, akkor egy 0-t (vagy b\u00e1rmely a k\u00f3dunkban l\u00e9v\u0151 sz\u00e1mot, de ez leggyakrabban 0) be\u00edrva felk\u00edn\u00e1lja a lehet\u0151s\u00e9geket, pl. h\u00e1ziorvosi \u00e9s fogl e\u00fc ell\u00e1t\u00e1s. Kattintsunk a megfelel\u0151re (\u00e1ltal\u00e1ban h\u00e1ziorvosi ell\u00e1t\u00e1s). (2. \u00e1bra 1.)<\/li>\n<li>A &#8220;Felhaszn\u00e1l\u00f3:&#8221; mez\u0151be \u00edrjuk be a rezidens pecs\u00e9tsz\u00e1m\u00e1t. A megjelen\u0151 list\u00e1ban kattintsunk a nev\u00e9re. (2. \u00e1bra 2.)<\/li>\n<\/ul>\n<p>V\u00e9g\u00fcl a &#8220;L\u00c9TREHOZ\u00c1S&#8221; gombra.<\/p>\n<figure id=\"attachment_5248\" aria-describedby=\"caption-attachment-5248\" style=\"width: 753px\" class=\"wp-caption aligncenter\"><img loading=\"lazy\" decoding=\"async\" class=\"wp-image-5248 size-large\" src=\"https:\/\/semmelweis.hu\/csot\/files\/2020\/05\/2.-EESZT-Felhaszn\u00e1l\u00f3-l\u00e9trehoz\u00e1sa-1024x611.png\" alt=\"2. \u00e1bra\" width=\"753\" height=\"449\" srcset=\"https:\/\/semmelweis.hu\/csot\/files\/2020\/05\/2.-EESZT-Felhaszn\u00e1l\u00f3-l\u00e9trehoz\u00e1sa-1024x611.png 1024w, https:\/\/semmelweis.hu\/csot\/files\/2020\/05\/2.-EESZT-Felhaszn\u00e1l\u00f3-l\u00e9trehoz\u00e1sa-400x239.png 400w, https:\/\/semmelweis.hu\/csot\/files\/2020\/05\/2.-EESZT-Felhaszn\u00e1l\u00f3-l\u00e9trehoz\u00e1sa-768x458.png 768w, https:\/\/semmelweis.hu\/csot\/files\/2020\/05\/2.-EESZT-Felhaszn\u00e1l\u00f3-l\u00e9trehoz\u00e1sa-753x449.png 753w, https:\/\/semmelweis.hu\/csot\/files\/2020\/05\/2.-EESZT-Felhaszn\u00e1l\u00f3-l\u00e9trehoz\u00e1sa.png 1070w\" sizes=\"auto, (max-width: 753px) 100vw, 753px\" \/><figcaption id=\"caption-attachment-5248\" class=\"wp-caption-text\">2. \u00e1bra<\/figcaption><\/figure>\n<h2>Jogosults\u00e1g kioszt\u00e1sa<\/h2>\n<p>A) A megny\u00edl\u00f3 oldalon a bal oldali &#8220;Adhat\u00f3 szerepk\u00f6r\u00f6k&#8221; k\u00f6z\u00fcl jel\u00f6lj\u00fck ki az &#8220;EESZT felhasznl\u00f3&#8221; \u00e9s az &#8220;Orvos&#8221; szerepk\u00f6r\u00f6ket a CTRL billenty\u0171t lenyomva tartva a fentiekre kattintva. (3. \u00e1bra)<\/p>\n<p>B) A k\u00f6z\u00e9ps\u0151, jobbra mutat\u00f3 ny\u00edllal adjuk hozz\u00e1 a fenti szerepk\u00f6r\u00f6ket a jobb oldali &#8220;Birtokolt szerepk\u00f6r\u00f6k&#8221; r\u00e9szhez.<\/p>\n<p>C) Kattintsunk a &#8220;T\u00c1ROL \u00c9S VISSZA&#8221; gombra.<\/p>\n<figure id=\"attachment_5249\" aria-describedby=\"caption-attachment-5249\" style=\"width: 753px\" class=\"wp-caption aligncenter\"><img loading=\"lazy\" decoding=\"async\" class=\"wp-image-5249 size-large\" src=\"https:\/\/semmelweis.hu\/csot\/files\/2020\/05\/3.-EESZT-Szerepk\u00f6r-hozz\u00e1rendel\u00e9s-1024x857.png\" alt=\"3. \u00e1bra\" width=\"753\" height=\"630\" srcset=\"https:\/\/semmelweis.hu\/csot\/files\/2020\/05\/3.-EESZT-Szerepk\u00f6r-hozz\u00e1rendel\u00e9s-1024x857.png 1024w, https:\/\/semmelweis.hu\/csot\/files\/2020\/05\/3.-EESZT-Szerepk\u00f6r-hozz\u00e1rendel\u00e9s-400x335.png 400w, https:\/\/semmelweis.hu\/csot\/files\/2020\/05\/3.-EESZT-Szerepk\u00f6r-hozz\u00e1rendel\u00e9s-768x643.png 768w, https:\/\/semmelweis.hu\/csot\/files\/2020\/05\/3.-EESZT-Szerepk\u00f6r-hozz\u00e1rendel\u00e9s-753x631.png 753w, https:\/\/semmelweis.hu\/csot\/files\/2020\/05\/3.-EESZT-Szerepk\u00f6r-hozz\u00e1rendel\u00e9s.png 1070w\" sizes=\"auto, (max-width: 753px) 100vw, 753px\" \/><figcaption id=\"caption-attachment-5249\" class=\"wp-caption-text\">3. \u00e1bra<\/figcaption><\/figure>\n<p>&nbsp;<\/p>\n<h1>Helyettes hozz\u00e1ad\u00e1sa az ixNET rendszerben<\/h1>\n<p>L\u00e9pj\u00fcnk be rendszergazdak\u00e9nt (Felh n\u00e9v: gazda).<\/p>\n<p><strong>A)<\/strong> A men\u00fcben v\u00e1lasszuk a &#8220;Rendszer&#8221; &#8211; &#8220;Felhaszn\u00e1l\u00f3k\/Orvosok&#8221; pontot.<\/p>\n<p>Adjuk hozz\u00e1 a rezidens \u00faj orvosk\u00e9nt, rendelj\u00fck hozz\u00e1 a szervezetet, adjuk meg ezen szervezethez a jogosults\u00e1got (k\u00f6z\u00e9pen alul a k\u00e9t els\u0151 f\u00fcl.) (4. \u00e1bra)<\/p>\n<figure id=\"attachment_5251\" aria-describedby=\"caption-attachment-5251\" style=\"width: 934px\" class=\"wp-caption aligncenter\"><img loading=\"lazy\" decoding=\"async\" class=\"wp-image-5251 size-full\" src=\"https:\/\/semmelweis.hu\/csot\/files\/2020\/05\/5.-IxNET-felhaszn\u00e1l\u00f3-hozz\u00e1ad\u00e1sa.png\" alt=\"4. \u00e1bra\" width=\"934\" height=\"511\" srcset=\"https:\/\/semmelweis.hu\/csot\/files\/2020\/05\/5.-IxNET-felhaszn\u00e1l\u00f3-hozz\u00e1ad\u00e1sa.png 934w, https:\/\/semmelweis.hu\/csot\/files\/2020\/05\/5.-IxNET-felhaszn\u00e1l\u00f3-hozz\u00e1ad\u00e1sa-400x219.png 400w, https:\/\/semmelweis.hu\/csot\/files\/2020\/05\/5.-IxNET-felhaszn\u00e1l\u00f3-hozz\u00e1ad\u00e1sa-768x420.png 768w, https:\/\/semmelweis.hu\/csot\/files\/2020\/05\/5.-IxNET-felhaszn\u00e1l\u00f3-hozz\u00e1ad\u00e1sa-753x412.png 753w\" sizes=\"auto, (max-width: 934px) 100vw, 934px\" \/><figcaption id=\"caption-attachment-5251\" class=\"wp-caption-text\">4. \u00e1bra<\/figcaption><\/figure>\n<p><strong>B)<\/strong> Menj\u00fcnk a &#8220;Karbantart\u00e1s&#8221; &#8211; &#8220;Gazda&#8221; &#8211; &#8220;EESZT felhaszn\u00e1l\u00f3k karbantart\u00e1sa&#8221; men\u00fcpontra (5. \u00e1bra).<\/p>\n<p>A megjelen\u0151 ablakban a rezidens neve mellett \u00e1ll\u00edtsuk be a k\u00f6vetkez\u0151ket:<\/p>\n<ul>\n<li>EESZT felhaszn\u00e1l\u00f3n\u00e9v &#8211; Oxxxxx (nagy O bet\u0171 \u00e9s a pecs\u00e9tsz\u00e1m)<\/li>\n<li>EESZT jelsz\u00f3 &#8211; nem kell<\/li>\n<li>Tan\u00fas\u00edtv\u00e1ny &#8211; be kell tall\u00f3zni a praxis tan\u00fas\u00edtv\u00e1ny\u00e1t.<\/li>\n<\/ul>\n<p>Ez az a f\u00e1jl, amit a portal.eeszt.gov.hu oldalr\u00f3l t\u00f6lt\u00f6tt\u00fcnk le az EESZT indul\u00e1sakor. Ha m\u00e1r nincs meg a f\u00e1jl, akkor a fenti oldalon a men\u00fcb\u0151l ism\u00e9telten let\u00f6lthet\u0151.<\/p>\n<p>Tan\u00fas\u00edtv\u00e1ny jelsz\u00f3: az a jelsz\u00f3, amit az EESZT indul\u00e1sakor kaptunk SMS-ben a +36202823890-es sz\u00e1mr\u00f3l. (Az sms-ek k\u00f6z\u00f6tt a fenti sz\u00e1mra vagy az EESZT sz\u00f3ra r\u00e1keresve a telefonon megtal\u00e1lhat\u00f3.)<\/p>\n<figure id=\"attachment_5252\" aria-describedby=\"caption-attachment-5252\" style=\"width: 884px\" class=\"wp-caption aligncenter\"><img loading=\"lazy\" decoding=\"async\" class=\"wp-image-5252 size-full\" src=\"https:\/\/semmelweis.hu\/csot\/files\/2020\/05\/IxNET-tan\u00fas\u00edtv\u00e1ny-be\u00e1ll\u00edt\u00e1s.png\" alt=\"5. \u00e1bra\" width=\"884\" height=\"461\" srcset=\"https:\/\/semmelweis.hu\/csot\/files\/2020\/05\/IxNET-tan\u00fas\u00edtv\u00e1ny-be\u00e1ll\u00edt\u00e1s.png 884w, https:\/\/semmelweis.hu\/csot\/files\/2020\/05\/IxNET-tan\u00fas\u00edtv\u00e1ny-be\u00e1ll\u00edt\u00e1s-400x209.png 400w, https:\/\/semmelweis.hu\/csot\/files\/2020\/05\/IxNET-tan\u00fas\u00edtv\u00e1ny-be\u00e1ll\u00edt\u00e1s-768x401.png 768w, https:\/\/semmelweis.hu\/csot\/files\/2020\/05\/IxNET-tan\u00fas\u00edtv\u00e1ny-be\u00e1ll\u00edt\u00e1s-753x393.png 753w\" sizes=\"auto, (max-width: 884px) 100vw, 884px\" \/><figcaption id=\"caption-attachment-5252\" class=\"wp-caption-text\">5. \u00e1bra<\/figcaption><\/figure>\n","protected":false},"excerpt":{"rendered":"<p>Az al\u00e1bbi oldalon bemutatjuk, hogyan kell a rezidenst hozz\u00e1adni az EESZT-ben a praxishoz, illetve az Ixnet rendszerben, mint helyettest. EESZT Bel\u00e9p\u00e9s L\u00e9pjen be a https:\/\/portal.eeszt.gov.hu\/ oldalra A) Jobb fels\u0151 sarokban Bejelentkez\u00e9s gombra kattintson, majd a megjelen\u0151 sz\u00f6vegmez\u0151ben \u00edrjon be egy nagy O bet\u0171t, majd a pecs\u00e9tsz\u00e1mot: pl.: O12345 B) A k\u00e1rtyaolvas\u00f3n szem\u00e9lyi igazolv\u00e1ny\u00e1val l\u00e9pjen be &hellip;<\/p>\n","protected":false},"author":101661,"featured_media":0,"parent":4798,"menu_order":0,"comment_status":"closed","ping_status":"closed","template":"template-fullwidth.php","meta":{"_acf_changed":false,"footnotes":""},"categories":[],"tags":[],"class_list":["post-5241","page","type-page","status-publish","hentry"],"acf":[],"publishpress_future_action":{"enabled":false,"date":"1970-01-01 01:00:00","action":"","terms":[],"taxonomy":"","browser_timezone_offset":0},"_links":{"self":[{"href":"https:\/\/semmelweis.hu\/csot\/wp-json\/wp\/v2\/pages\/5241","targetHints":{"allow":["GET"]}}],"collection":[{"href":"https:\/\/semmelweis.hu\/csot\/wp-json\/wp\/v2\/pages"}],"about":[{"href":"https:\/\/semmelweis.hu\/csot\/wp-json\/wp\/v2\/types\/page"}],"author":[{"embeddable":true,"href":"https:\/\/semmelweis.hu\/csot\/wp-json\/wp\/v2\/users\/101661"}],"replies":[{"embeddable":true,"href":"https:\/\/semmelweis.hu\/csot\/wp-json\/wp\/v2\/comments?post=5241"}],"version-history":[{"count":10,"href":"https:\/\/semmelweis.hu\/csot\/wp-json\/wp\/v2\/pages\/5241\/revisions"}],"predecessor-version":[{"id":8156,"href":"https:\/\/semmelweis.hu\/csot\/wp-json\/wp\/v2\/pages\/5241\/revisions\/8156"}],"up":[{"embeddable":true,"href":"https:\/\/semmelweis.hu\/csot\/wp-json\/wp\/v2\/pages\/4798"}],"wp:attachment":[{"href":"https:\/\/semmelweis.hu\/csot\/wp-json\/wp\/v2\/media?parent=5241"}],"wp:term":[{"taxonomy":"category","embeddable":true,"href":"https:\/\/semmelweis.hu\/csot\/wp-json\/wp\/v2\/categories?post=5241"},{"taxonomy":"post_tag","embeddable":true,"href":"https:\/\/semmelweis.hu\/csot\/wp-json\/wp\/v2\/tags?post=5241"}],"curies":[{"name":"wp","href":"https:\/\/api.w.org\/{rel}","templated":true}]}}